000
CXUS53 KGRB 011350
CLMRHI

CLIMATE REPORT
NATIONAL WEATHER SERVICE GREEN BAY
847 AM CDT SUN OCT 1 2017

...................................

...THE RHINELANDER WI CLIMATE SUMMARY FOR THE MONTH OF SEPTEMBER 2017...

CLIMATE NORMAL PERIOD 1981 TO 2010
CLIMATE RECORD PERIOD 1908 TO 2017

WEATHER         OBSERVED          NORMAL  DEPART  LAST YEAR`S
                 VALUE   DATE(S)  VALUE   FROM    VALUE  DATE(S)
                                          NORMAL
................................................................
TEMPERATURE (F)
RECORD
 HIGH              98   09/10/1908
 LOW               21   09/30/1918
HIGHEST            87   09/24        83       4       79  09/05
LOWEST             30   09/30        29       1       38  09/02
AVG. MAXIMUM     71.6              66.5     5.1     70.3
AVG. MINIMUM     47.7              44.4     3.3     49.5
MEAN             59.7              55.5     4.2     59.9
DAYS MAX >= 90      0               0.0     0.0        0
DAYS MAX <= 32      0               0.0     0.0        0
DAYS MIN <= 32      1               2.3    -1.3        0
DAYS MIN <= 0       0               0.0     0.0        0

PRECIPITATION (INCHES)
RECORD
 MAXIMUM         8.90   1934
 MINIMUM         0.40   1976
TOTALS           1.95              4.20   -2.25     5.62
DAILY AVG.       0.07              0.14   -0.07     0.19
DAYS >= .01        12                MM      MM       14
DAYS >= .10         6                MM      MM        6
DAYS >= .50         1                MM      MM        3
DAYS >= 1.00        0                MM      MM        2
GREATEST
 STORM TOTAL       MM
 (MM/DD(HH))            MM

SNOWFALL (INCHES)
RECORDS
 TOTAL            0.5   1985
                        1942
                        1913
TOTALS            0.0                MM      MM      0.0
SINCE 7/1         0.0                MM      MM      0.0
DAYS >= TRACE       0                MM      MM        0
DAYS >= 1.0         0                MM      MM        0
GREATEST
 SNOW DEPTH         0   MM                             0  MM
 24 HR TOTAL      0.0   09/30 TO 09/30

DEGREE_DAYS
HEATING TOTAL     207               305     -98      160
 SINCE 7/1        373               432     -59      221
COOLING TOTAL      53                18      35       13
 SINCE 1/1        215               259     -44      321
.................................................................

WIND (MPH)
AVERAGE WIND SPEED              6.0
HIGHEST WIND SPEED/DIRECTION    25/280    DATE  09/25
HIGHEST GUST SPEED/DIRECTION    34/280    DATE  09/25

SKY COVER
POSSIBLE SUNSHINE (PERCENT)   MM
AVERAGE SKY COVER           0.40
NUMBER OF DAYS FAIR           16
NUMBER OF DAYS PC              9
NUMBER OF DAYS CLOUDY          5

AVERAGE RH (PERCENT)     78

WEATHER CONDITIONS. NUMBER OF DAYS WITH
THUNDERSTORM              5     MIXED PRECIP               0
HEAVY RAIN                5     RAIN                       1
LIGHT RAIN               15     FREEZING RAIN              0
LT FREEZING RAIN          0     HAIL                       0
HEAVY SNOW                0     SNOW                       0
LIGHT SNOW                0     SLEET                      0
FOG                      25     FOG W/VIS <= 1/4 MILE     14
HAZE                      1

-  INDICATES NEGATIVE NUMBERS.
R  INDICATES RECORD WAS SET OR TIED.
MM INDICATES DATA IS MISSING.
T  INDICATES TRACE AMOUNT.

$$
