000
CXUS51 KRNK 010958
CLMRNK


CLIMATE REPORT
NATIONAL WEATHER SERVICE BLACKSBURG VA
550 AM EDT MON AUG 1 2016

...................................

...THE BLACKSBURG VA CLIMATE SUMMARY FOR THE MONTH OF JULY 2016...

CLIMATE NORMAL PERIOD 1981 TO 2010
CLIMATE RECORD PERIOD 1952 TO 2016

WEATHER         OBSERVED          NORMAL  DEPART  LAST YEAR`S
                 VALUE   DATE(S)  VALUE   FROM    VALUE
                                          NORMAL
.............................................................
TEMPERATURE (F)
RECORD
 HIGH              99   07/15/1954
 LOW               41   07/07/1972
                        07/10/1961
HIGHEST            93   07/24                         88
LOWEST             59   07/21                         56
AVG. MAXIMUM     84.7              82.2     2.5     82.3
AVG. MINIMUM     64.1              60.1     4.0     63.2
MEAN             74.4              71.2     3.2     72.7
DAYS MAX >= 90      3               2.0     1.0        0
DAYS MAX <= 32      0               0.0     0.0        0
DAYS MIN <= 32      0               0.0     0.0        0
DAYS MIN <= 0       0               0.0     0.0        0

PRECIPITATION (INCHES)
RECORD
 MAXIMUM         9.35   1992
 MINIMUM         1.56   1998
TOTALS           4.86              4.26    0.60     4.26
DAILY AVG.       0.16              0.14    0.02     0.14
DAYS >= .01        17              12.7     4.3       13
DAYS >= .10         9               8.8     0.2        6
DAYS >= .50         3               2.9     0.1        3
DAYS >= 1.00        1               0.9     0.1        1
GREATEST
 24 HR. TOTAL    1.58                               1.52

SNOWFALL (INCHES)
TOTALS            0.0                                  T
DAYS >= TRACE       0                                  1
DAYS >= 1.0         0                                  0
GREATEST
 24 HR TOTAL      0.0                                  T

DEGREE_DAYS
HEATING TOTAL       0                 6      -6        0
COOLING TOTAL     299               196     103      246
..............................................................

WIND (MPH)
AVERAGE WIND SPEED              2.5
HIGHEST WIND SPEED/DIRECTION    22/290    DATE  07/08
HIGHEST GUST SPEED/DIRECTION    35/340    DATE  07/16

SKY COVER
AVERAGE SKY COVER           0.40

AVERAGE RH (PERCENT)     78

WEATHER CONDITIONS. NUMBER OF DAYS WITH
THUNDERSTORM              6     MIXED PRECIP               0
HEAVY RAIN                8     RAIN                      11
LIGHT RAIN               19     FREEZING RAIN              0
LT FREEZING RAIN          0     HAIL                       0
HEAVY SNOW                0     SNOW                       0
LIGHT SNOW                0     SLEET                      0
FOG                      22     FOG W/VIS <= 1/4 MILE      7
HAZE                      1

-  INDICATES NEGATIVE NUMBERS.
R  INDICATES RECORD WAS SET OR TIED.
MM INDICATES DATA IS MISSING.
T  INDICATES TRACE AMOUNT.

$$

PW
