777
CXUS55 KABQ 021144
CLMROW


CLIMATE REPORT
NATIONAL WEATHER SERVICE ALBUQUERQUE NM
442 AM MST THU FEB 2 2017

...................................

...THE ROSWELL NM CLIMATE SUMMARY FOR THE MONTH OF JANUARY 2017...

CLIMATE NORMAL PERIOD 1981 TO 2010
CLIMATE RECORD PERIOD 1893 TO 2017

WEATHER         OBSERVED          NORMAL  DEPART  LAST YEAR`S
                 VALUE   DATE(S)  VALUE   FROM    VALUE  DATE(S)
                                          NORMAL
................................................................
TEMPERATURE (F)
RECORD
 HIGH              82   01/11/2017
                        01/26/1975
                        01/17/1974
 LOW              -19   01/11/1962
HIGHEST            82R  01/11        MM      MM       81  01/29
LOWEST              2   01/07        MM      MM       11  01/03
AVG. MAXIMUM     59.1              55.1     4.0     53.6
AVG. MINIMUM     28.7              26.1     2.6     25.0
MEAN             43.9              40.6     3.3     39.3
DAYS MAX >= 90      0               0.0     0.0        0
DAYS MAX <= 32      1               1.1    -0.1        1
DAYS MIN <= 32     21              25.2    -4.2       28
DAYS MIN <= 0       0               0.0     0.0        0

PRECIPITATION (INCHES)
RECORD
 MAXIMUM           MM   MM
 MINIMUM           MM   MM
TOTALS           1.09              0.38    0.71     0.16
DAILY AVG.       0.04              0.01    0.03     0.01
DAYS >= .01         5               3.4     1.6        5
DAYS >= .10         4               1.2     2.8        0
DAYS >= .50         0               0.1    -0.1        0
DAYS >= 1.00        0               0.0     0.0        0
GREATEST
 24 HR. TOTAL    0.37   01/14 TO 01/15              0.08

SNOWFALL (INCHES)
RECORDS
 TOTAL             MM   MM
TOTALS            2.5               3.2    -0.7      1.0
SINCE 7/1         2.5               8.3    -5.8     17.8
SNOWDEPTH AVG.      0                MM      MM        2
DAYS >= 1.0         1               1.0     0.0        1
GREATEST
 SNOW DEPTH         3   01/07                          7  01/02
                                                          01/01
 24 HR TOTAL      2.5   01/06 TO 01/06               1.0

DEGREE_DAYS
HEATING TOTAL     647               756    -109      790
 SINCE 7/1       1765              2166    -401     2082
COOLING TOTAL       0                 0       0        0
 SINCE 1/1          0                 0       0        0
.................................................................

WIND (MPH)
AVERAGE WIND SPEED              7.9
HIGHEST WIND SPEED/DIRECTION    46/280    DATE  01/21
HIGHEST GUST SPEED/DIRECTION    59/280    DATE  01/21

SKY COVER
AVERAGE SKY COVER           0.20

AVERAGE RH (PERCENT)     54

WEATHER CONDITIONS. NUMBER OF DAYS WITH
THUNDERSTORM              0     MIXED PRECIP               0
HEAVY RAIN                1     RAIN                       2
LIGHT RAIN                5     FREEZING RAIN              0
LT FREEZING RAIN          0     HAIL                       0
HEAVY SNOW                0     SNOW                       1
LIGHT SNOW                1     SLEET                      0
FOG                       8     FOG W/VIS <= 1/4 MILE      3
HAZE                      2

-  INDICATES NEGATIVE NUMBERS.
R  INDICATES RECORD WAS SET OR TIED.
MM INDICATES DATA IS MISSING.
T  INDICATES TRACE AMOUNT.

$$
