000
CXUS56 KSGX 011938
CLMSAN


CLIMATE REPORT
NATIONAL WEATHER SERVICE SAN DIEGO, CA
1238 PM PDT MON JUN 1 2015

...................................

...THE SAN DIEGO/LINDBERGH FIELD CA CLIMATE SUMMARY FOR THE MONTH OF MAY 2015...

CLIMATE NORMAL PERIOD 1981 TO 2010
CLIMATE RECORD PERIOD 1874 TO 2015

WEATHER         OBSERVED          NORMAL  DEPART  LAST YEAR`S
                 VALUE   DATE(S)  VALUE   FROM    VALUE  DATE(S)
                                          NORMAL
................................................................
TEMPERATURE (F)
RECORD
 HIGH              98   05/25/1896
 LOW               45   05/03/1915
                        05/16/1894
                        05/02/1883
HIGHEST            79   05/01        69      10       97  05/15
LOWEST             53   05/08        59      -6       57  05/09
AVG. MAXIMUM     68.1              68.5    -0.4     75.8
AVG. MINIMUM     59.8              59.4     0.4     63.1
MEAN             64.0              64.0     0.0     69.5
DAYS MAX >= 90      0               0.0     0.0        6
DAYS MAX <= 32      0               0.0     0.0        0
DAYS MAX >= 100     0                                  0
DAYS MIN <= 32      0               0.0     0.0        0

PRECIPITATION (INCHES)
RECORD
 MAXIMUM         2.54   1921
 MINIMUM         0.00   2000
                        1997
                        1986
TOTALS           2.39              0.12    2.27        T
DAILY AVG.       0.08              0.00    0.08        T
DAYS >= .01         7               1.4     5.6        0
DAYS >= .10         3               0.4     2.6        0
DAYS >= .50         1               0.0     1.0        0
DAYS >= 1.00        1               0.0     1.0        0
DAYS >= 1.50        1                                  0
DAYS >= 2.00        0                                  0
GREATEST
 24 HR. TOTAL    1.84   05/14 TO 05/15           05/19 TO 05/19
                                                          05/31 TO 05/31
                                                          05/31 TO 05/31
 STORM TOTAL       MM                                 MM
 (MM/DD(HH))            MM                    05/19(00) TO 05/19(00)
                                                 05/31(00) TO 05/31(00)1
                                                 05/31(00) TO 05/31(00)1

SNOWFALL (INCHES)
TOTALS            0.0               0.0     0.0      0.0
SINCE 7/1         0.0               0.0     0.0      0.0
SNOWDEPTH AVG.      0

DEGREE_DAYS
HEATING TOTAL      38                58     -20        8
 SINCE 7/1        441              1207    -766      545
COOLING TOTAL      14                25     -11      155
 SINCE 1/1        183                49     134      239

FREEZE DATES
RECORD
 EARLIEST     MM
 LATEST       MM
EARLIEST                        MM
LATEST                          MM
..................................................

WIND (MPH)
AVERAGE WIND SPEED              6.8
RESULTANT WIND SPEED/DIRECTION   5/263
HIGHEST WIND SPEED/DIRECTION    21/180    DATE  05/15
HIGHEST GUST SPEED/DIRECTION    28/220    DATE  05/08

SKY COVER
POSSIBLE SUNSHINE (PERCENT)   MM
AVERAGE SKY COVER           0.70
NUMBER OF DAYS FAIR            0
NUMBER OF DAYS PC             13
NUMBER OF DAYS CLOUDY         18

AVERAGE RH (PERCENT)     66

WEATHER CONDITIONS. NUMBER OF DAYS WITH
THUNDERSTORM              0     MIXED PRECIP               0
HEAVY RAIN                2     RAIN                       3
LIGHT RAIN                9     FREEZING RAIN              0
LT FREEZING RAIN          0     HAIL                       0
HEAVY SNOW                0     SNOW                       0
LIGHT SNOW                0     SLEET                      0
FOG                       3     FOG W/VIS <= 1/4 MILE      0
HAZE                      9

-  INDICATES NEGATIVE NUMBERS.
R  INDICATES RECORD WAS SET OR TIED.
MM INDICATES DATA IS MISSING.
T  INDICATES TRACE AMOUNT.

$$
