000
CXUS56 KSGX 012051
CLMSAN


CLIMATE REPORT
NATIONAL WEATHER SERVICE SAN DIEGO, CA
1250 PM PST WED MAR 1 2017

...................................

...THE SAN DIEGO/LINDBERGH FIELD CA CLIMATE SUMMARY FOR THE MONTH OF FEBRUARY 2017...

CLIMATE NORMAL PERIOD 1981 TO 2010
CLIMATE RECORD PERIOD 1874 TO 2017

WEATHER         OBSERVED          NORMAL  DEPART  LAST YEAR`S
                 VALUE   DATE(S)  VALUE   FROM    VALUE  DATE(S)
                                          NORMAL
................................................................
TEMPERATURE (F)
RECORD
 HIGH              90   02/19/1995
 LOW               34   02/16/1911
                        02/06/1899
                        02/11/1894
HIGHEST            74   02/21        67       7       89  02/16
LOWEST             47   02/25        51      -4       44  02/02
                        02/24
                        02/01
AVG. MAXIMUM     65.2              65.0     0.2     74.4
AVG. MINIMUM     53.9              50.7     3.2     53.4
MEAN             59.6              57.9     1.7     63.9
DAYS MAX >= 90      0               0.0     0.0        0
DAYS MAX <= 32      0               0.0     0.0        0
DAYS MAX >= 100     0                                  0
DAYS MIN <= 32      0               0.0     0.0        0

PRECIPITATION (INCHES)
RECORD
 MAXIMUM         9.05   1884
 MINIMUM         0.00   1967
                        1912
TOTALS           3.71              2.27    1.44     0.05
DAILY AVG.       0.13              0.08    0.05     0.00
DAYS >= .01         8               7.1     0.9        1
DAYS >= .10         3               4.3    -1.3        0
DAYS >= .50         2               1.6     0.4        0
DAYS >= 1.00        2               0.6     1.4        0
DAYS >= 1.50        1                                  0
DAYS >= 2.00        1                                  0
GREATEST
 24 HR. TOTAL    2.35   02/26 TO 02/27           01/31 TO 02/01
                                                          02/29 TO 02/29
                                                          02/29 TO 02/29
 STORM TOTAL       MM                                 MM
 (MM/DD(HH))            MM                    02/01(00) TO 02/01(00)
                                                 02/29(00) TO 02/29(00)9
                                                 02/29(00) TO 02/29(00)9

DEGREE_DAYS
HEATING TOTAL     144               203     -59       70
 SINCE 7/1        592               858    -266      540
COOLING TOTAL       0                 3      -3       45
 SINCE 1/1          0                 5      -5       45

FREEZE DATES
RECORD
 EARLIEST     MM
 LATEST       MM
EARLIEST                        MM
LATEST                          MM
..........................................................

WIND (MPH)
AVERAGE WIND SPEED              6.5
RESULTANT WIND SPEED/DIRECTION   2/271
HIGHEST WIND SPEED/DIRECTION    40/170    DATE  02/17
HIGHEST GUST SPEED/DIRECTION    52/180    DATE  02/17

SKY COVER
POSSIBLE SUNSHINE (PERCENT)   MM
AVERAGE SKY COVER           0.70
NUMBER OF DAYS FAIR            2
NUMBER OF DAYS PC             13
NUMBER OF DAYS CLOUDY         13

AVERAGE RH (PERCENT)     69

WEATHER CONDITIONS. NUMBER OF DAYS WITH
THUNDERSTORM              0     MIXED PRECIP               0
HEAVY RAIN                2     RAIN                       4
LIGHT RAIN               10     FREEZING RAIN              0
LT FREEZING RAIN          0     HAIL                       0
HEAVY SNOW                0     SNOW                       0
LIGHT SNOW                0     SLEET                      0
FOG                      13     FOG W/VIS <= 1/4 MILE      4
HAZE                     10

-  INDICATES NEGATIVE NUMBERS.
R  INDICATES RECORD WAS SET OR TIED.
MM INDICATES DATA IS MISSING.
T  INDICATES TRACE AMOUNT.

$$
