000
CXUS52 KCHS 021137
CLMSAV

CLIMATE REPORT
NATIONAL WEATHER SERVICE CHARLESTON SC
734 AM EDT WED JUL 2 2014

...................................

...THE SAVANNAH GA CLIMATE SUMMARY FOR THE MONTH OF JUNE 2014...

CLIMATE NORMAL PERIOD 1981 TO 2010
CLIMATE RECORD PERIOD 1871 TO 2014

WEATHER         OBSERVED          NORMAL  DEPART  LAST YEAR`S
                 VALUE   DATE(S)  VALUE   FROM    VALUE  DATE(S)
                                          NORMAL
................................................................
TEMPERATURE (F)
RECORD
 HIGH             104   06/02/1985
 LOW               49   06/12/1913
HIGHEST            96   06/21                         96  06/13
                        06/20                             06/12
                        06/10
LOWEST             65   06/02                         67  06/16
                        06/01                             06/15
AVG. MAXIMUM     91.0              89.9     1.1     88.8
AVG. MINIMUM     71.2              69.8     1.4     71.8
MEAN             81.1              79.8     1.3     80.3
DAYS MAX >= 90     21              15.6     5.4       13
DAYS MAX <= 32      0               0.0     0.0        0
DAYS MIN <= 32      0               0.0     0.0        0
DAYS MIN <= 0       0               0.0     0.0        0

PRECIPITATION (INCHES)
RECORD
 MAXIMUM        18.79   1876
 MINIMUM         0.84   1954
TOTALS          11.64              5.95    5.69     8.28
DAYS >= .01        11              11.9    -0.9       16
DAYS >= .10        10               8.4     1.6       11
DAYS >= .50         5               3.5     1.5        5
DAYS >= 1.00        3               1.7     1.3        5
GREATEST
 24 HR. TOTAL    6.72   06/22 TO 06/23

DEGREE_DAYS
HEATING TOTAL       0                 0       0
 SINCE 7/1       1682              1812    -130
COOLING TOTAL     491               446      45
 SINCE 1/1        980               849     131
.................................................................

WIND (MPH)
AVERAGE WIND SPEED              6.4
HIGHEST WIND SPEED/DIRECTION    37/300
HIGHEST GUST SPEED/DIRECTION    48/300


WEATHER CONDITIONS. NUMBER OF DAYS WITH
THUNDERSTORM             15     MIXED PRECIP               0
HEAVY RAIN                7     RAIN                       8
LIGHT RAIN               14     FREEZING RAIN              0
LT FREEZING RAIN          0     HAIL                       1
HEAVY SNOW                0     SNOW                       0
LIGHT SNOW                0     SLEET                      0
FOG                      12     FOG W/VIS <= 1/4 MILE      2
HAZE                      4

-  INDICATES NEGATIVE NUMBERS.
R  INDICATES RECORD WAS SET OR TIED.
MM INDICATES DATA IS MISSING.
T  INDICATES TRACE AMOUNT.

$$
