000
CXUS51 KAKQ 011219
CLMSBY


CLIMATE REPORT
NATIONAL WEATHER SERVICE WAKEFIELD, VA
812 AM EDT SUN OCT 1 2017

...................................

...THE SALISBURY MD CLIMATE SUMMARY FOR THE MONTH OF SEPTEMBER 2017...

CLIMATE NORMAL PERIOD 1981 TO 2010
CLIMATE RECORD PERIOD 1900 TO 2017

WEATHER         OBSERVED          NORMAL  DEPART  LAST YEAR`S
                 VALUE   DATE(S)  VALUE   FROM    VALUE  DATE(S)
                                          NORMAL
................................................................
TEMPERATURE (F)
RECORD
 HIGH             100   09/01/1932
 LOW               34   09/21/1956
HIGHEST            88   09/24        85       3       92  09/14
                                                          09/09
LOWEST             50   09/30        54      -4       50  09/26
AVG. MAXIMUM     79.2              78.4     0.8     80.4
AVG. MINIMUM     61.0              58.0     3.0     64.2
MEAN             70.1              68.2     1.9     72.3
DAYS MAX >= 90      0               1.1    -1.1        3
DAYS MAX <= 32      0               0.0     0.0        0
DAYS MIN <= 32      0               0.0     0.0        0
DAYS MIN <= 0       0               0.0     0.0        0

PRECIPITATION (INCHES)
RECORD
 MAXIMUM        14.83   1935
 MINIMUM         0.26   1921
TOTALS           2.05              3.98   -1.93    12.86
DAILY AVG.       0.07              0.13   -0.06     0.43
DAYS >= .01         8               8.2    -0.2       11
DAYS >= .10         5               5.4    -0.4        8
DAYS >= .50         2               2.6    -0.6        6
DAYS >= 1.00        0               1.0    -1.0        4
GREATEST
 24 HR. TOTAL    0.81   09/06 TO 09/06

DEGREE_DAYS
HEATING TOTAL      13                46     -33        4
 SINCE 7/1         13                48     -35        4
COOLING TOTAL     172               142      30      227
 SINCE 1/1       1339              1125     214     1416
.................................................................

WIND (MPH)
AVERAGE WIND SPEED              6.5
HIGHEST WIND SPEED/DIRECTION    24/320    DATE  09/28
HIGHEST GUST SPEED/DIRECTION    35/360    DATE  09/19

SKY COVER
POSSIBLE SUNSHINE (PERCENT)   MM
AVERAGE SKY COVER           0.40

AVERAGE RH (PERCENT)     78

WEATHER CONDITIONS. NUMBER OF DAYS WITH
THUNDERSTORM              0     MIXED PRECIP               0
HEAVY RAIN                2     RAIN                       3
LIGHT RAIN               10     FREEZING RAIN              0
LT FREEZING RAIN          0     HAIL                       0
HEAVY SNOW                0     SNOW                       0
LIGHT SNOW                0     SLEET                      0
FOG                      19     FOG W/VIS <= 1/4 MILE      5
HAZE                      0

-  INDICATES NEGATIVE NUMBERS.
R  INDICATES RECORD WAS SET OR TIED.
MM INDICATES DATA IS MISSING.
T  INDICATES TRACE AMOUNT.

$$
