389
CXUS45 KSLC 020016
CLMSLC

SLCCLMSLC 000
TTAA00 KSLC 020014


CLIMATE REPORT
NATIONAL WEATHER SERVICE SALT LAKE CITY UT
514 PM MST FRI JAN 1 2016

...................................

...THE SALT LAKE CITY UT CLIMATE SUMMARY FOR THE MONTH OF DECEMBER 2015...

CLIMATE NORMAL PERIOD 1981 TO 2010
CLIMATE RECORD PERIOD 1874 TO 2015

WEATHER         OBSERVED          NORMAL  DEPART  LAST YEAR`S
                 VALUE   DATE(S)  VALUE   FROM    VALUE  DATE(S)
                                          NORMAL
................................................................
TEMPERATURE (F)
RECORD
 HIGH              69   12/01/1995
 LOW              -21   12/13/1932
HIGHEST            61   12/09                         63  12/12
LOWEST              4   12/31                          1  12/31
AVG. MAXIMUM     38.8              38.0     0.8     45.3
AVG. MINIMUM     23.8              22.6     1.2     29.3
MEAN             31.3              30.3     1.0     37.3
DAYS MAX >= 90      0               0.0     0.0        0
DAYS MAX <= 32      9               8.0     1.0        5
DAYS MIN <= 32     26              27.2    -1.2       18
DAYS MIN <= 0       0               0.3    -0.3        0

PRECIPITATION (INCHES)
TOTALS           2.23              1.41    0.82     1.40
DAYS >= .01        13               9.9     3.1        9
DAYS >= .10         5               4.5     0.5        4
DAYS >= .50         2               0.5     1.5        1
DAYS >= 1.00        0               0.1    -0.1        0

SNOWFALL (INCHES)
TOTALS           15.9              13.2     2.7      5.7
SINCE 7/1        17.3              22.2              6.5

DEGREE_DAYS
HEATING TOTAL    1035              1076     -41      850
 SINCE 7/1       1977              2294    -317     1820
COOLING TOTAL       0                 0       0        0
 SINCE 1/1       1444              1160     284     1244
.................................................................

WIND (MPH)
AVERAGE WIND SPEED              7.1
HIGHEST WIND SPEED/DIRECTION    39/340    DATE  12/10
HIGHEST GUST SPEED/DIRECTION    46/330    DATE  12/10


WEATHER CONDITIONS. NUMBER OF DAYS WITH
THUNDERSTORM              0     RAIN                       3
HAIL                      0     SNOW                      10
FOG                      18     FOG W/VIS <= 1/4 MILE      1
HAZE                      9

-  INDICATES NEGATIVE NUMBERS.
R  INDICATES RECORD WAS SET OR TIED.
MM INDICATES DATA IS MISSING.
T  INDICATES TRACE AMOUNT.

$$
