000
CXUS56 KPQR 011532
CLMSPB


CLIMATE REPORT
NATIONAL WEATHER SERVICE PORTLAND OREGON
831 AM PDT THU SEP 1 2016

...................................

...THE SCAPPOOSE OR CLIMATE SUMMARY FOR THE MONTH OF AUGUST 2016...

CLIMATE NORMAL PERIOD 1981 TO 2010
CLIMATE RECORD PERIOD 9999 TO 9999

WEATHER         OBSERVED          NORMAL  DEPART  LAST YEAR`S
                 VALUE   DATE(S)  VALUE   FROM    VALUE  DATE(S)
                                          NORMAL
................................................................
TEMPERATURE (F)
HIGHEST           101                                 99  08/01
LOWEST             45                                 49  08/06
AVG. MAXIMUM     84.5              81.3     3.2     84.5
AVG. MINIMUM     54.9              52.8     2.1     55.9
MEAN             69.7              67.0     2.7     70.2
DAYS MAX >= 90     10               4.7     5.3        5
DAYS MAX <= 32      0               0.0     0.0        0
DAYS MIN <= 32      0               0.0     0.0        0
DAYS MIN <= 0       0               0.0     0.0        0

PRECIPITATION (INCHES)
RECORD
 MAXIMUM           MM   MM
 MINIMUM           MM   MM
TOTALS           0.16              0.80   -0.64     0.59
DAYS >= .01         2                MM      MM        4
DAYS >= .10         1                MM      MM        2
DAYS >= .50         0                MM      MM        0
DAYS >= 1.00        0                MM      MM        0
GREATEST
 24 HR. TOTAL    0.10   08/31 TO 08/31

DEGREE_DAYS
HEATING TOTAL      21                35     -14        0
 SINCE 7/1         49                81     -32       10
COOLING TOTAL     173                98      75      171
 SINCE 1/1        349               218     131      525
.................................................................

WIND (MPH)
AVERAGE WIND SPEED              5.7
RESULTANT WIND SPEED/DIRECTION   4/355
HIGHEST WIND SPEED/DIRECTION    20/360    DATE  08/18
HIGHEST GUST SPEED/DIRECTION    28/330    DATE  08/04

SKY COVER
POSSIBLE SUNSHINE (PERCENT)   MM
AVERAGE SKY COVER           0.20

AVERAGE RH (PERCENT)     60

WEATHER CONDITIONS. NUMBER OF DAYS WITH
THUNDERSTORM              0     MIXED PRECIP               0
HEAVY RAIN                0     RAIN                       0
LIGHT RAIN                4     FREEZING RAIN              0
LT FREEZING RAIN          0     HAIL                       0
HEAVY SNOW                0     SNOW                       0
LIGHT SNOW                0     SLEET                      0
FOG                       4     FOG W/VIS <= 1/4 MILE      0
HAZE                      2

-  INDICATES NEGATIVE NUMBERS.
R  INDICATES RECORD WAS SET OR TIED.
MM INDICATES DATA IS MISSING.
T  INDICATES TRACE AMOUNT.

$$
