000
CXUS54 KOUN 011156
CLMSPS

OUNCLMSPS 000
TTAA00 KOUN 011143


CLIMATE REPORT
NATIONAL WEATHER SERVICE NORMAN OK
643 AM CDT THU SEP 1 2016

...................................

...THE WICHITA FALLS CLIMATE SUMMARY FOR THE MONTH OF AUGUST 2016...

CLIMATE NORMAL PERIOD 1981 TO 2010
CLIMATE RECORD PERIOD 1897 TO 2016

WEATHER         OBSERVED          NORMAL  DEPART  LAST YEAR`S
                 VALUE   DATE(S)  VALUE   FROM    VALUE  DATE(S)
                                          NORMAL
................................................................
TEMPERATURE (F)
RECORD
 HIGH             113   08/06/1964
                        08/11/1936
 LOW               53   08/28/1992
HIGHEST           104               105      -1      105  08/10
LOWEST             61                62      -1       56  08/20
AVG. MAXIMUM     95.3              96.6    -1.3     96.4
AVG. MINIMUM     71.2              71.4    -0.2     71.1
MEAN             83.2              84.0    -0.8     83.8
DAYS MAX >= 90     27              26.1     0.9       27
DAYS MAX <= 32      0               0.0     0.0        0
DAYS MIN <= 32      0               0.0     0.0        0
DAYS MIN <= 0       0               0.0     0.0        0

PRECIPITATION (INCHES)
RECORD
 MAXIMUM        11.05   1914
 MINIMUM         0.00   2000
                        1936
                        1913
TOTALS           0.78              2.50   -1.72     1.49
DAILY AVG.       0.03              0.08   -0.05     0.05
DAYS >= .01         6               6.2    -0.2        5
DAYS >= .10         3               3.9    -0.9        3
DAYS >= .50         0               1.6    -1.6        1
DAYS >= 1.00        0               0.7    -0.7        0
GREATEST
 24 HR. TOTAL    0.29   08/19 TO 08/20

DEGREE_DAYS
COOLING TOTAL     574               589     -15
 SINCE 1/1       1936              1945      -9
.................................................................

WIND (MPH)
AVERAGE WIND SPEED              9.8
HIGHEST WIND SPEED/DIRECTION    52/210    DATE  08/11
HIGHEST GUST SPEED/DIRECTION    67/220    DATE  08/11


WEATHER CONDITIONS. NUMBER OF DAYS WITH
THUNDERSTORM              0     MIXED PRECIP               0
HEAVY RAIN                3     RAIN                       1
LIGHT RAIN               12     FREEZING RAIN              0
LT FREEZING RAIN          0     HAIL                       0
HEAVY SNOW                0     SNOW                       0
LIGHT SNOW                0     SLEET                      0
FOG                       2     FOG W/VIS <= 1/4 MILE      0
HAZE                      2

-  INDICATES NEGATIVE NUMBERS.
R  INDICATES RECORD WAS SET OR TIED.
MM INDICATES DATA IS MISSING.
T  INDICATES TRACE AMOUNT.

...............................................................
RECORDS/REMARKS

RECORD DAILY COLDEST MAXIMUM TEMPERATURE OF 77 WAS SET ON THE 19TH.
THE JANUARY THROUGH JULY 2016 TOTAL PRECIPITATION IS 22.38 INCHES.

$$
