000
CXUS54 KOUN 011521
CLMSPS

CLIMATE REPORT
NATIONAL WEATHER SERVICE NORMAN OK
848 AM CST SUN MAR 1 2015

...................................

...THE WICHITA FALLS CLIMATE SUMMARY FOR THE MONTH OF FEBRUARY 2015...

CLIMATE NORMAL PERIOD 1981 TO 2010
CLIMATE RECORD PERIOD 1897 TO 2015

WEATHER         OBSERVED          NORMAL  DEPART  LAST YEAR`S
                 VALUE   DATE(S)  VALUE   FROM    VALUE  DATE(S)
                                          NORMAL
................................................................
TEMPERATURE (F)
RECORD
 HIGH              93   02/22/1996
 LOW               -8   02/02/1985
HIGHEST            82   02/10        81       1       82  02/18
LOWEST             19   02/27        17       2       11  02/06
AVG. MAXIMUM     55.2              58.3    -3.1     52.6
AVG. MINIMUM     29.8              33.5    -3.7     28.9
MEAN             42.5              45.9    -3.4     40.7
DAYS MAX >= 90      0               0.1    -0.1        0
DAYS MAX <= 32      3               0.9     2.1        7
DAYS MIN <= 32     20              11.4     8.6       19
DAYS MIN <= 0       0               0.0     0.0        0

PRECIPITATION (INCHES)
RECORD
 MAXIMUM         6.80   1903
 MINIMUM         0.00   1918
                        1916
                        1914
TOTALS           0.43              1.75   -1.32     0.35
DAILY AVG.       0.02              0.06   -0.04     0.01
DAYS >= .01         6               5.3     0.7        3
DAYS >= .10         2               3.5    -1.5        2
DAYS >= .50         0               1.2    -1.2        0
DAYS >= 1.00        0               0.3    -0.3        0
GREATEST
 24 HR. TOTAL    0.73   01/31 TO 02/01

SNOWFALL (INCHES)
TOTALS            2.4               0.7     1.7
SINCE 7/1         4.7               3.4     1.3

DEGREE_DAYS
HEATING TOTAL     623               536      87
 SINCE 7/1       2439              2446      -7
.................................................................

WIND (MPH)
AVERAGE WIND SPEED              11.7
HIGHEST WIND SPEED/DIRECTION    38/020    DATE  02/26
HIGHEST GUST SPEED/DIRECTION    45/020    DATE  02/26


WEATHER CONDITIONS. NUMBER OF DAYS WITH
THUNDERSTORM              0     MIXED PRECIP               0
HEAVY RAIN                0     RAIN                       2
LIGHT RAIN                5     FREEZING RAIN              2
LT FREEZING RAIN          3     HAIL                       0
HEAVY SNOW                0     SNOW                       2
LIGHT SNOW                5     SLEET                      0
FOG                      12     FOG W/VIS <= 1/4 MILE      1
HAZE                      7

-  INDICATES NEGATIVE NUMBERS.
R  INDICATES RECORD WAS SET OR TIED.
MM INDICATES DATA IS MISSING.
T  INDICATES TRACE AMOUNT.

&&
.....................................................................
RECORDS/REARKS

RECORD COOL MAXIMUM TEMPERATURE OF 25 DEGREES ON THE 23RD.
RECORD COOL MAXIMUM TEMPERATURE OF 27 DEGREES ON THE 27TH.
RECORD SNOWFALL OF 1.8 INCHES ON THE 27TH.
RECORD COOL MAXIMUM TEMPERATURE OF 29 DEGREES ON THE 28TH.
THE JANUARY THROUGH FEBRUARY 2015 TOTAL PRECIPITATION IS 2.6 INCHES.
$$
