000
CXUS52 KTBW 021345
CLMSRQ


CLIMATE REPORT
NATIONAL WEATHER SERVICE TAMPA BAY FL
845 AM EST FRI DEC 2 2016

...................................

...THE SARASOTA BRADENTON CLIMATE SUMMARY FOR THE MONTH OF NOVEMBER 2016...

  ...4TH DRIEST AND 10TH WARMEST NOVEMBER SINCE RECORDS BEGAN IN 1911...

CLIMATE NORMAL PERIOD 1981 TO 2010
CLIMATE RECORD PERIOD 1911 TO 2016

WEATHER         OBSERVED          NORMAL  DEPART  LAST YEAR`S
                 VALUE   DATE(S)  VALUE   FROM    VALUE  DATE(S)
                                          NORMAL
................................................................
TEMPERATURE (F)
ALL-TIME NOVEMBER RECORD
 HIGH              93   11/22/1948
 LOW               27   11/25/1970

NOVEMBER 2016
HIGHEST            89   11/02        MM      MM       89  11/18
                                                          11/06
                                                          11/05
LOWEST             46   11/21        MM      MM       51  11/23
AVG. MAXIMUM     82.6              78.8     3.8     83.6
AVG. MINIMUM     61.2              59.6     1.6     67.3
MEAN             71.9              69.2     2.7     75.4
DAYS MAX >= 90      0               0.0     0.0        0
DAYS MAX <= 32      0               0.0     0.0        0
DAYS MIN <= 32      0               0.0     0.0        0
DAYS MIN <= 0       0               0.0     0.0        0

PRECIPITATION (INCHES)
ALL-TIME NOVEMBER RECORD
 MAXIMUM         9.40   1997
 MINIMUM         0.00   1931

NOVEMBER 2016
TOTALS           0.02              1.93   -1.91     1.01
DAILY AVG.       0.00              0.06   -0.06     0.03
DAYS >= .01         2                MM      MM        6
DAYS >= .10         0                MM      MM        3
DAYS >= .50         0                MM      MM        1
DAYS >= 1.00        0                MM      MM        0
GREATEST
 24 HR. TOTAL    0.01   11/28 TO 11/28
                        11/15 TO 11/15
                        11/15 TO 11/15

DEGREE_DAYS
HEATING TOTAL      11                30     -19        4
 SINCE 7/1         11                33     -22        4
COOLING TOTAL     225               156      69      323
 SINCE 1/1       4026              3300     726     3844
.................................................................

WIND (MPH)
AVERAGE WIND SPEED              7.3
HIGHEST WIND SPEED/DIRECTION    25/080    DATE  11/02
HIGHEST GUST SPEED/DIRECTION    33/070    DATE  11/02

SKY COVER (DOES NOT INCLUDE ANY CLOUDS ABOVE 12000 FEET)
POSSIBLE SUNSHINE (PERCENT)   MM
AVERAGE SKY COVER           0.10
NUMBER OF DAYS FAIR           29
NUMBER OF DAYS PC              1
NUMBER OF DAYS CLOUDY          0

AVERAGE RH (PERCENT)     62

WEATHER CONDITIONS. NUMBER OF DAYS WITH
THUNDERSTORM              0     MIXED PRECIP               0
HEAVY RAIN                0     RAIN                       0
LIGHT RAIN                5     FREEZING RAIN              0
LT FREEZING RAIN          0     HAIL                       0
HEAVY SNOW                0     SNOW                       0
LIGHT SNOW                0     SLEET                      0
FOG                       8     FOG W/VIS <= 1/4 MILE      0
HAZE                      9
.................................................................

REMARKS
THE NOVEMBER 2016 MONTHLY AVERAGE TEMPERATURE OF 71.9 DEGREES
RANKS AS THE 10TH WARMEST NOVEMBER SINCE RECORDS BEGAN IN 1911.
THE WARMEST NOVEMBER HAD AN AVERAGE TEMPERATURE OF 76.1 DEGREES
WHICH OCCURRED IN 1986.

THE NOVEMBER 2016 MONTHLY RAINFALL TOTAL OF 0.02 INCHES RANKS AS
THE 4TH DRIEST NOVEMBER SINCE RECORDS BEGAN IN 1911. THE DRIEST
NOVEMBER HAD NO RAINFALL WHICH OCCURRED IN 1931.


-  INDICATES NEGATIVE NUMBERS.
R  INDICATES RECORD WAS SET OR TIED.
MM INDICATES DATA IS MISSING.
T  INDICATES TRACE AMOUNT.

$$
