000
CXUS52 KTBW 011215
CLMSRQ


CLIMATE REPORT
NATIONAL WEATHER SERVICE TAMPA BAY FL
815 AM EDT WED JUL 1 2015

...................................

...THE SARASOTA BRADENTON CLIMATE SUMMARY FOR THE MONTH OF JUNE 2015...

CLIMATE NORMAL PERIOD 1981 TO 2010
CLIMATE RECORD PERIOD 1911 TO 2015

WEATHER         OBSERVED          NORMAL  DEPART  LAST YEAR`S
                 VALUE   DATE(S)  VALUE   FROM    VALUE  DATE(S)
                                          NORMAL
................................................................
TEMPERATURE (F)
ALL-TIME JUNE RECORD
 HIGH             100   06/30/1998
                        06/18/1998
 LOW               52   06/01/1984

JUNE 2015
HIGHEST            93   06/22        MM      MM       97  06/27
                        06/15
                        06/14
LOWEST             69   06/04        MM      MM       70  06/10
                        06/03                             06/04
                        06/02
AVG. MAXIMUM     89.5              88.6     0.9     89.3
AVG. MINIMUM     73.4              72.9     0.5     74.1
MEAN             81.4              80.8     0.6     81.7
DAYS MAX >= 90     21               8.8    12.2       10
DAYS MAX <= 32      0               0.0     0.0        0
DAYS MIN <= 32      0               0.0     0.0        0
DAYS MIN <= 0       0               0.0     0.0        0

PRECIPITATION (INCHES)
ALL-TIME JUNE RECORD
 MAXIMUM        25.60   1912
 MINIMUM         0.64   1998

JUNE 2015
TOTALS           3.73              7.51   -3.78     6.98
DAILY AVG.       0.12              0.25   -0.13     0.23
DAYS >= .01        11                MM      MM       11
DAYS >= .10         8                MM      MM        8
DAYS >= .50         2                MM      MM        5
DAYS >= 1.00        1                MM      MM        2
GREATEST
 24 HR. TOTAL    1.02   06/02 TO 06/02
                        06/01 TO 06/02
                        06/02 TO 06/02

DEGREE_DAYS
HEATING TOTAL       0                 0       0        0
 SINCE 7/1        470               477      -7      345
COOLING TOTAL     501               472      29      510
 SINCE 1/1       1541              1223     318     1322
.................................................................

WIND (MPH)
AVERAGE WIND SPEED              6.9
HIGHEST WIND SPEED/DIRECTION    35/350    DATE  06/21
HIGHEST GUST SPEED/DIRECTION    50/340    DATE  06/21

SKY COVER (DOES NOT INCLUDE ANY CLOUDS ABOVE 12000 FEET)
POSSIBLE SUNSHINE (PERCENT)   MM
AVERAGE SKY COVER           0.20
NUMBER OF DAYS FAIR           28
NUMBER OF DAYS PC              2
NUMBER OF DAYS CLOUDY          0

AVERAGE RH (PERCENT)     75

WEATHER CONDITIONS. NUMBER OF DAYS WITH
THUNDERSTORM             21     MIXED PRECIP               0
HEAVY RAIN                6     RAIN                       9
LIGHT RAIN               18     FREEZING RAIN              0
LT FREEZING RAIN          0     HAIL                       0
HEAVY SNOW                0     SNOW                       0
LIGHT SNOW                0     SLEET                      0
FOG                       7     FOG W/VIS <= 1/4 MILE      0
HAZE                      2
.................................................................

REMARKS
THE JUNE 2015 MONTHLY AVERAGE TEMPERATURE OF 81.4 DEGREES RANKS
AS THE 18TH WARMEST JUNE SINCE RECORDS BEGAN IN 1911. THE WARMEST
JUNE HAD AN AVERAGE TEMPERATURE OF 83.9 DEGREES WHICH OCCURRED
IN 1998.

THE JUNE 2015 MONTHLY RAINFALL TOTAL OF 3.73 INCHES RANKS AS THE
23RD DRIEST JUNE SINCE RECORDS BEGAN IN 1911.


-  INDICATES NEGATIVE NUMBERS.
R  INDICATES RECORD WAS SET OR TIED.
MM INDICATES DATA IS MISSING.
T  INDICATES TRACE AMOUNT.

$$
