326
CXUS53 KEAX 011135
CLMSTJ

CLIMATE REPORT
NATIONAL WEATHER SERVICE KANSAS CITY/PLEASANT HILL MO
627 AM CDT THU SEP 1 2016

...................................

...THE ST. JOSEPH MO CLIMATE SUMMARY FOR THE MONTH OF AUGUST 2016...

CLIMATE NORMAL PERIOD 1981 TO 2010
CLIMATE RECORD PERIOD 1892 TO 2016

WEATHER         OBSERVED          NORMAL  DEPART  LAST YEAR`S
                 VALUE   DATE(S)  VALUE   FROM    VALUE  DATE(S)
                                          NORMAL
................................................................
TEMPERATURE (F)
RECORD
 HIGH             110   08/13/1936
                        08/10/1934
 LOW               41   08/28/1986
HIGHEST            97   08/11        98      -1       91  08/07
LOWEST             54   08/21        51       3       46  08/24
AVG. MAXIMUM     85.6              86.3    -0.7     83.6
AVG. MINIMUM     66.3              64.3     2.0     62.4
MEAN             76.0              75.3     0.7     73.0
DAYS MAX >= 90      8              11.2    -3.2        3
DAYS MAX <= 32      0               0.0     0.0        0
DAYS MIN <= 32      0               0.0     0.0        0
DAYS MIN <= 0       0               0.0     0.0        0

PRECIPITATION (INCHES)
RECORD
 MAXIMUM        11.54   1944
 MINIMUM         0.38   1984
TOTALS           6.74              3.98    2.76       MM
DAILY AVG.       0.22              0.13    0.09       MM
DAYS >= .01        11               8.0     3.0        3
DAYS >= .10         8               4.7     3.3        1
DAYS >= .50         5               2.6     2.4        0
DAYS >= 1.00        3               1.4     1.6        0
GREATEST
 24 HR. TOTAL    1.64   08/26 TO 08/26
                        08/25 TO 08/26
                        08/26 TO 08/26

DEGREE_DAYS
HEATING TOTAL       0                 4      -4        4
 SINCE 7/1          2                 5      -3        4
COOLING TOTAL     347               323      24      260
 SINCE 1/1       1272              1077     195     1027
.................................................................

WIND (MPH)
AVERAGE WIND SPEED              6.5
HIGHEST WIND SPEED/DIRECTION    28/320    DATE  08/19
HIGHEST GUST SPEED/DIRECTION    37/320    DATE  08/19

SKY COVER
POSSIBLE SUNSHINE (PERCENT)   MM
AVERAGE SKY COVER           0.30
NUMBER OF DAYS FAIR           19
NUMBER OF DAYS PC              9
NUMBER OF DAYS CLOUDY          3

AVERAGE RH (PERCENT)     77

WEATHER CONDITIONS. NUMBER OF DAYS WITH
THUNDERSTORM             14     MIXED PRECIP               0
HEAVY RAIN                8     RAIN                       9
LIGHT RAIN               14     FREEZING RAIN              0
LT FREEZING RAIN          0     HAIL                       0
HEAVY SNOW                0     SNOW                       0
LIGHT SNOW                0     SLEET                      0
FOG                      18     FOG W/VIS <= 1/4 MILE      2
HAZE                      4

-  INDICATES NEGATIVE NUMBERS.
R  INDICATES RECORD WAS SET OR TIED.
MM INDICATES DATA IS MISSING.
T  INDICATES TRACE AMOUNT.

$$
