000
CXUS53 KEAX 011207 RRA
CLMSTJ

STLCLMWK1 000
TTAA00 KEAX 011206


CLIMATE REPORT
NATIONAL WEATHER SERVICE KANSAS CITY/PLEASANT HILL MO
605 AM CST MON FEB 1 2016

...................................

...THE ST. JOSEPH MO CLIMATE SUMMARY FOR THE MONTH OF JANUARY 2016...

CLIMATE NORMAL PERIOD 1981 TO 2010
CLIMATE RECORD PERIOD 1892 TO 2016

WEATHER         OBSERVED          NORMAL  DEPART  LAST YEAR`S
                 VALUE   DATE(S)  VALUE   FROM    VALUE  DATE(S)
                                          NORMAL
................................................................
TEMPERATURE (F)
RECORD
 HIGH              73   MM
 LOW              -17   01/04/2010
HIGHEST            63   01/29        60       3       73  01/28
LOWEST            -10   01/18        -3      -7       -5  01/07
AVG. MAXIMUM     37.1              37.1     0.0     42.6
AVG. MINIMUM     17.5              17.4     0.1     14.3
MEAN             27.3              27.2     0.1     28.5
DAYS MAX >= 90      0               0.0     0.0        0
DAYS MAX <= 32     11              10.5     0.5        8
DAYS MIN <= 32     30              28.9     1.1       29
DAYS MIN <= 0       2               3.0    -1.0        5

PRECIPITATION (INCHES)
RECORD
 MAXIMUM         4.55   1949
 MINIMUM         0.00   2000
TOTALS           0.59              0.56    0.03     1.15
DAILY AVG.       0.02              0.02    0.00     0.04
DAYS >= .01         3               4.9    -1.9        3
DAYS >= .10         2               1.9     0.1        1
DAYS >= .50         0               0.2    -0.2        1
DAYS >= 1.00        0               0.0     0.0        1
GREATEST
 24 HR. TOTAL    0.54   01/07 TO 01/08

DEGREE_DAYS
HEATING TOTAL    1163              1170      -7     1125
 SINCE 7/1       2825              3383    -558     3337
COOLING TOTAL       0                 0       0        0
 SINCE 1/1          0                 0       0        0
.................................................................

WIND (MPH)
AVERAGE WIND SPEED              8.4
HIGHEST WIND SPEED/DIRECTION    29/320    DATE  01/25
HIGHEST GUST SPEED/DIRECTION    36/320    DATE  01/25

SKY COVER
POSSIBLE SUNSHINE (PERCENT)   MM
AVERAGE SKY COVER           0.40
NUMBER OF DAYS FAIR           17
NUMBER OF DAYS PC              5
NUMBER OF DAYS CLOUDY          9

AVERAGE RH (PERCENT)     75

WEATHER CONDITIONS. NUMBER OF DAYS WITH
THUNDERSTORM              0     MIXED PRECIP               0
HEAVY RAIN                0     RAIN                       1
LIGHT RAIN                4     FREEZING RAIN              0
LT FREEZING RAIN          0     HAIL                       0
HEAVY SNOW                0     SNOW                       1
LIGHT SNOW                5     SLEET                      0
FOG                      15     FOG W/VIS <= 1/4 MILE      1
HAZE                      4

-  INDICATES NEGATIVE NUMBERS.
R  INDICATES RECORD WAS SET OR TIED.
MM INDICATES DATA IS MISSING.
T  INDICATES TRACE AMOUNT.

$$
