000
CXUS54 KBMX 021113
CLMTCL


CLIMATE REPORT
NATIONAL WEATHER SERVICE BIRMINGHAM, AL
612 AM CDT SAT JUL 2 2016

...................................

...THE TUSCALOOSA CLIMATE SUMMARY FOR THE MONTH OF JUNE 2016...

CLIMATE NORMAL PERIOD 1994 TO 1994
CLIMATE RECORD PERIOD 1948 TO 2016

WEATHER         OBSERVED          NORMAL  DEPART  LAST YEAR`S
                 VALUE   DATE(S)  VALUE   FROM    VALUE  DATE(S)
                                          NORMAL
................................................................
TEMPERATURE (F)
RECORD
 HIGH             105   06/29/2012
                        06/27/1954
                        06/28/1952
 LOW               45   06/01/1984
                        06/03/1956
HIGHEST            96   06/25        MM      MM       99  06/24
                        06/13
                        06/11
LOWEST             60   06/09        MM      MM       60  06/03
AVG. MAXIMUM     91.1              89.3     1.8     91.2
AVG. MINIMUM     68.8              67.5     1.3     69.6
MEAN             80.0                               80.4
DAYS MAX >= 90     20              14.3     5.7       21
DAYS MAX <= 32      0               0.0     0.0        0
DAYS MIN <= 32      0               0.0     0.0        0
DAYS MIN <= 0       0               0.0     0.0        0

PRECIPITATION (INCHES)
RECORD
 MAXIMUM        11.98   1989
 MINIMUM         0.48   2012
TOTALS           4.30              4.77   -0.47     1.70
DAILY AVG.       0.14              0.16   -0.02
DAYS >= .01         8               9.5    -1.5
DAYS >= .10         5               6.9    -1.9
DAYS >= .50         3               3.3    -0.3
DAYS >= 1.00        2               1.6     0.4

DEGREE_DAYS
COOLING TOTAL     456               403      53      470
 SINCE 1/1        740               714      26      831
.................................................................

WIND (MPH)
AVERAGE WIND SPEED              3.9
HIGHEST WIND SPEED/DIRECTION    39/020    DATE  06/15
HIGHEST GUST SPEED/DIRECTION    46/020    DATE  06/15

AVERAGE RH (PERCENT)     73

WEATHER CONDITIONS. NUMBER OF DAYS WITH
THUNDERSTORM              0     MIXED PRECIP               0
HEAVY RAIN                5     RAIN                       6
LIGHT RAIN               11     FREEZING RAIN              0
LT FREEZING RAIN          0     HAIL                       0
HEAVY SNOW                0     SNOW                       0
LIGHT SNOW                0     SLEET                      0
FOG                      14     FOG W/VIS <= 1/4 MILE      2
HAZE                      7

-  INDICATES NEGATIVE NUMBERS.
R  INDICATES RECORD WAS SET OR TIED.
MM INDICATES DATA IS MISSING.
T  INDICATES TRACE AMOUNT.

$$
