000
CXUS53 KTOP 012350 CCC
CLMTOP

CLIMATE REPORT...CORRECTED THUNDERSTORM DAYS
NATIONAL WEATHER SERVICE TOPEKA KS
649 PM CDT SAT AUG 1 2015

...................................

...THE TOPEKA KS CLIMATE SUMMARY FOR THE MONTH OF JULY 2015...

CLIMATE NORMAL PERIOD 1981 TO 2010
CLIMATE RECORD PERIOD 1887 TO 2015

WEATHER         OBSERVED          NORMAL  DEPART  LAST YEAR`S
                 VALUE   DATE(S)  VALUE   FROM    VALUE  DATE(S)
                                          NORMAL
................................................................
TEMPERATURE (F)
RECORD
 HIGH             114   07/24/1936
 LOW               43   07/05/1972
HIGHEST           100   07/24        90      10      103
LOWEST             60   07/04        67      -7       50
AVG. MAXIMUM     88.5              89.5    -1.0     88.6
AVG. MINIMUM     69.7              68.4     1.3     64.9
MEAN             79.1              79.0     0.1     76.8
DAYS MAX >= 90     18              14.9     3.1       12
DAYS MAX <= 32      0               0.0     0.0        0
DAYS MIN <= 32      0               0.0     0.0        0
DAYS MIN <= 0       0               0.0     0.0        0

PRECIPITATION (INCHES)
RECORD
 MAXIMUM        12.02   1950
 MINIMUM         0.02   1935
TOTALS           9.33              3.82    5.51     0.95
DAILY AVG.       0.30              0.12    0.18     0.03
DAYS >= .01        12               8.7     3.3        4
DAYS >= .10         9               5.8     3.2        2
DAYS >= .50         5               2.5     2.5        1
DAYS >= 1.00        4               1.3     2.7        0
GREATEST
 24 HR. TOTAL    4.14   07/06 TO 07/07              0.80

SNOWFALL (INCHES)
RECORDS
 TOTAL              T   2008
                        1992
TOTALS            0.0               0.0     0.0      0.0
SINCE 7/1         0.0               0.0     0.0      0.0
SNOWDEPTH AVG.      0                                  0
DAYS >= 1.0         0               0.0     0.0        0
GREATEST
 SNOW DEPTH         0   MM                             0  MM
 24 HR TOTAL      0.0   07/31 TO 07/31               0.0

DEGREE_DAYS
HEATING TOTAL       0                 0       0        0
 SINCE 7/1          0                 0       0        0
COOLING TOTAL     446               432      14      370
 SINCE 1/1        896               842      54      923
.................................................................

WIND (MPH)
AVERAGE WIND SPEED              6.3
HIGHEST WIND SPEED/DIRECTION    30/290    DATE  07/06
HIGHEST GUST SPEED/DIRECTION    43/290    DATE  07/06

SKY COVER
POSSIBLE SUNSHINE (PERCENT)   MM
AVERAGE SKY COVER           0.20
NUMBER OF DAYS FAIR           24
NUMBER OF DAYS PC              5
NUMBER OF DAYS CLOUDY          2

AVERAGE RH (PERCENT)     75

WEATHER CONDITIONS. NUMBER OF DAYS WITH
THUNDERSTORM             12     MIXED PRECIP               0
HEAVY RAIN                6     RAIN                       7
LIGHT RAIN               15     FREEZING RAIN              0
LT FREEZING RAIN          0     HAIL                       0
HEAVY SNOW                0     SNOW                       0
LIGHT SNOW                0     SLEET                      0
FOG                      18     FOG W/VIS <= 1/4 MILE      2
HAZE                      7

-  INDICATES NEGATIVE NUMBERS.
R  INDICATES RECORD WAS SET OR TIED.
MM INDICATES DATA IS MISSING.
T  INDICATES TRACE AMOUNT.

REMARKS...

RATHER EXTREME VALUES OF TEMPERATURES AND PRECIPITATION
HIGHLIGHTED JULY. THE TOTAL AMOUNT OF PRECIPITATION RANKED AS THE
SEVENTH HIGHEST TOTAL OF ANY JULY ON RECORD...WITH MUCH OF THIS
COMING IN TWO EVENTS.  THE FIRST WAS FROM JULY 6 TO JULY 7 WHEN
4.22 INCHES FELL.  THIS PLACED AS THE SIXTH HIGHEST AMOUNT OF ANY
TWO-DAY SPAN IN JULY.  THE SECOND WAS ON JULY 29 WHEN 2.09 INCHES
OF RAIN ACCUMULATED...BREAKING THE RECORD FOR THE MOST
PRECIPITATION MEASURED ON THIS DAY.  AS IS FAIRLY COMMON IN
JULY...THE HEAT WAS QUITE HIGH AND PERSISTENTLY.  THE AVERAGE
PEAK HEAT INDEX FROM JULY 12 THROUGH JULY 28 WAS 104
DEGREES...WITH VALUES NEAR 120 ON JULY 13 AND JULY 24. THE COOLER
EXTREME OCCURRED ON JULY 7 AND 8 WHEN THE HIGHEST TEMPERATURE
MEASURED ON BOTH DAYS WAS ONLY 71...SETTING RECORD LOWEST MAXIMUM
TEMPERATURES FOR BOTH DAYS.

$$
