000
CXUS55 KCYS 132151
CLMTOR


CLIMATE REPORT
NATIONAL WEATHER SERVICE CHEYENNE WY
251 PM MST WED JAN 13 2016

...................................

...THE TORRINGTON WY AIRPORT CLIMATE SUMMARY FOR THE YEAR OF 2015...

CLIMATE NORMAL PERIOD 1981 TO 2010
CLIMATE RECORD PERIOD 1998 TO 2016

WEATHER         OBSERVED          NORMAL  DEPART  LAST YEAR`S
                 VALUE   DATE(S)  VALUE   FROM    VALUE
                                          NORMAL
.............................................................
TEMPERATURE (F)
RECORD
 HIGH             107   07/16/2006
                        07/15/2006
 LOW              -30   02/18/2006
HIGHEST           102   08/15        MM      MM      103
LOWEST            -14   01/04        MM      MM      -27
AVG. MAXIMUM     64.7              63.4     1.3     62.0
AVG. MINIMUM     35.8              34.2     1.6     32.8
MEAN             50.3              48.8     1.5     47.4
DAYS MAX >= 90     45              43.4               39
DAYS MAX <= 32     33              23.5               43
DAYS MIN <= 32    157             168.8              177
DAYS MIN <= 0      14              10.7               24

PRECIPITATION (INCHES)
RECORD
 MAXIMUM        18.77   2014
 MINIMUM         7.18   2012
TOTALS          18.11             14.21    3.90    18.77
DAYS >= .01        81                MM              108
DAYS >= .10        39                MM               44
DAYS >= .50        13                MM                8
DAYS >= 1.00        3                MM                4
GREATEST
 24 HR. TOTAL    1.82   05/09 TO 05/09

DEGREE_DAYS
HEATING TOTAL    5976              6587    -611     6837
 SINCE 7/1       2429              2756    -327     2716
COOLING TOTAL     721               677      44      587
 SINCE 1/1        721               678      43      587
..............................................................

WIND (MPH)
AVERAGE WIND SPEED              8.9
HIGHEST WIND SPEED/DIRECTION    51/200    DATE  08/26
HIGHEST GUST SPEED/DIRECTION    63/180    DATE  08/26

SKY COVER
POSSIBLE SUNSHINE (PERCENT)   MM
AVERAGE SKY COVER           0.30
NUMBER OF DAYS FAIR          226
NUMBER OF DAYS PC            102
NUMBER OF DAYS CLOUDY         34

AVERAGE RH (PERCENT)     60

WEATHER CONDITIONS. NUMBER OF DAYS WITH
THUNDERSTORM              0     MIXED PRECIP               0
HEAVY RAIN               15     RAIN                      32
LIGHT RAIN              101     FREEZING RAIN              0
LT FREEZING RAIN          1     HAIL                       0
HEAVY SNOW                3     SNOW                      11
LIGHT SNOW               38     SLEET                      0
FOG                     113     FOG W/VIS <= 1/4 MILE     21
HAZE                     50

-  INDICATES NEGATIVE NUMBERS.
R  INDICATES RECORD WAS SET OR TIED.
MM INDICATES DATA IS MISSING.
T  INDICATES TRACE AMOUNT.

$$
