000
CXUS55 KLKN 011902
CLMTPH


CLIMATE REPORT
NATIONAL WEATHER SERVICE ELKO NV
1047 AM PST MON JAN 1 2018

...................................

...THE TONOPAH AIRPORT NV CLIMATE SUMMARY FOR THE MONTH OF DECEMBER 2017...

CLIMATE NORMAL PERIOD 1981 TO 2010
CLIMATE RECORD PERIOD 1954 TO 2017

WEATHER         OBSERVED          NORMAL  DEPART  LAST YEAR`S
                 VALUE   DATE(S)  VALUE   FROM    VALUE  DATE(S)
                                          NORMAL
................................................................
TEMPERATURE (F)
RECORD
 HIGH              67   12/04/1958
 LOW              -13   12/21/1967
HIGHEST            60   12/26        58       2       55  12/15
                                                          12/13
                                                          12/12
LOWEST              9   12/22         6       3       -2  12/26
AVG. MAXIMUM     51.8              44.3     7.5     43.6
AVG. MINIMUM     20.0              19.4     0.6     18.7
MEAN             35.9              31.9     4.0     31.2
DAYS MAX >= 90      0               0.0     0.0        0
DAYS MAX <= 32      0               2.1    -2.1        2
DAYS MIN <= 32     31              30.0     1.0       31
DAYS MIN <= 0       0               0.6    -0.6        1

PRECIPITATION (INCHES)
RECORD
 MAXIMUM         1.02   1966
 MINIMUM         0.00   2011
                        2002
                        2000
TOTALS              T              0.31   -0.31     0.33
DAILY AVG.          T              0.01   -0.01     0.01
DAYS >= .01         0               3.3    -3.3        3
DAYS >= .10         0               1.2    -1.2        1
DAYS >= .50         0               0.0     0.0        0
DAYS >= 1.00        0               0.0     0.0        0
GREATEST
 24 HR. TOTAL       T   12/20 TO 12/20              0.32

DEGREE_DAYS
HEATING TOTAL     895              1028    -133     1041
 SINCE 7/1       1971              2245    -274     2058
COOLING TOTAL       0                 0       0        0
 SINCE 1/1       1222               783     439     1022
.................................................................

WIND (MPH)
AVERAGE WIND SPEED              8.7
HIGHEST WIND SPEED/DIRECTION    46/330    DATE  12/03
HIGHEST GUST SPEED/DIRECTION    55/340    DATE  12/03

AVERAGE RH (PERCENT)     35

WEATHER CONDITIONS. NUMBER OF DAYS WITH
THUNDERSTORM              0     MIXED PRECIP               0
HEAVY RAIN                0     RAIN                       0
LIGHT RAIN                0     FREEZING RAIN              0
LT FREEZING RAIN          0     HAIL                       0
HEAVY SNOW                0     SNOW                       0
LIGHT SNOW                1     SLEET                      0
FOG                       0     FOG W/VIS <= 1/4 MILE      0
HAZE                      1

-  INDICATES NEGATIVE NUMBERS.
R  INDICATES RECORD WAS SET OR TIED.
MM INDICATES DATA IS MISSING.
T  INDICATES TRACE AMOUNT.

&&

=====================================================================

...8TH WARMEST DECEMBER ON RECORD IN TONOPAH...
...TIED 4TH DRIEST DECEMBER ON RECORD IN TONOPAH...

A RECORD DAILY MAXIMUM TEMP OF 58 DEGREES WAS TIED ON THE 27TH.

$$

DS
