000
CXUS54 KMRX 021448
CLMTRI


CLIMATE REPORT
NATIONAL WEATHER SERVICE MORRISTOWN TN
1048 AM EDT SAT APR 2 2016

...................................

...THE TRI-CITIES      ASOS CLIMATE SUMMARY FOR THE MONTH OF MARCH 2016...

CLIMATE NORMAL PERIOD 1981 TO 2010
CLIMATE RECORD PERIOD 1934 TO 2016

WEATHER         OBSERVED          NORMAL  DEPART
                 VALUE   DATE(S)  VALUE   FROM
                                          NORMAL
................................................
TEMPERATURE (F)
HIGHEST            82   03/10
LOWEST             23   03/03
AVG. MAXIMUM     66.3              59.0     7.3
AVG. MINIMUM     38.5              34.4     4.1
MEAN             52.4              46.7     5.7
DAYS MAX >= 90      0
DAYS MAX <= 32      0
DAYS MIN <= 32     12
DAYS MIN <= 0       0

PRECIPITATION (INCHES)
RECORD
 MAXIMUM         9.56   1955
 MINIMUM         1.31   1985
TOTALS           0.94R             3.44   -2.50
DAYS >= .01        11
DAYS >= .10         3
DAYS >= .50         0
DAYS >= 1.00        0
GREATEST
 24 HR. TOTAL    0.34   03/01 TO 03/01

SNOWFALL (INCHES)
TOTALS              T               1.4    -1.4
SINCE 7/1        18.4
SNOWDEPTH AVG.      0
DAYS >= TRACE       2
GREATEST
 SNOW DEPTH         0   MM

DEGREE_DAYS
HEATING TOTAL     389               568    -179
 SINCE 7/1       3209              3950    -741
COOLING TOTAL       6                 1       5
 SINCE 1/1          6                 1       5
.................................................



-  INDICATES NEGATIVE NUMBERS.
R  INDICATES RECORD WAS SET OR TIED.
MM INDICATES DATA IS MISSING.
T  INDICATES TRACE AMOUNT.

$$
