000
CXUS54 KMRX 011443
CLMTRI


CLIMATE REPORT
NATIONAL WEATHER SERVICE MORRISTOWN TN
1043 AM EDT THU JUN 1 2017

...................................

...THE TRI-CITIES      ASOS CLIMATE SUMMARY FOR THE MONTH OF MAY 2017...

CLIMATE NORMAL PERIOD 1981 TO 2010
CLIMATE RECORD PERIOD 1934 TO 2017

WEATHER         OBSERVED          NORMAL  DEPART
                 VALUE   DATE(S)  VALUE   FROM
                                          NORMAL
................................................
TEMPERATURE (F)
HIGHEST            89   05/17
LOWEST             39   05/08
AVG. MAXIMUM     75.6              75.9    -0.3
AVG. MINIMUM     54.4              51.1     3.3
MEAN             65.0              63.5     1.5
DAYS MAX >= 90      0
DAYS MAX <= 32      0
DAYS MIN <= 32      0
DAYS MIN <= 0       0

PRECIPITATION (INCHES)
RECORD
 MAXIMUM         9.71   1950
 MINIMUM         0.70   2015
TOTALS           7.78              3.80    3.98
DAYS >= .01        17
DAYS >= .10        13
DAYS >= .50         6
DAYS >= 1.00        2
GREATEST
 24 HR. TOTAL    1.51   05/12 TO 05/12

SNOWFALL (INCHES)
TOTALS            0.0               0.0     0.0
SINCE 7/1         4.3
SNOWDEPTH AVG.      0
DAYS >= TRACE       0
GREATEST
 SNOW DEPTH         0   MM

DEGREE_DAYS
HEATING TOTAL      79               109     -30
 SINCE 7/1       3311              4363   -1052
COOLING TOTAL      88                62      26
 SINCE 1/1        120                73      47
.................................................



-  INDICATES NEGATIVE NUMBERS.
R  INDICATES RECORD WAS SET OR TIED.
MM INDICATES DATA IS MISSING.
T  INDICATES TRACE AMOUNT.

$$
