000
CXUS54 KMRX 011435 RRB
CLMTRI

CLIMATE REPORT
NATIONAL WEATHER SERVICE MORRISTOWN TN
934 AM EST SUN MAR 1 2015

...................................

...THE TRI-CITIES CLIMATE SUMMARY FOR THE MONTH OF FEBRUARY 2015...

CLIMATE NORMAL PERIOD 1981 TO 2010
CLIMATE RECORD PERIOD 1934 TO 2015

WEATHER         OBSERVED          NORMAL  DEPART
                 VALUE   DATE(S)  VALUE   FROM
                                          NORMAL
................................................
TEMPERATURE (F)
HIGHEST            63   02/08
LOWEST            -13   02/20
AVG. MAXIMUM     39.9              49.9   -10.0
AVG. MINIMUM     18.8              28.1    -9.3
MEAN             29.4              39.0    -9.6
DAYS MAX >= 90      0
DAYS MAX <= 32      8
DAYS MIN <= 32     26
DAYS MIN <= 0       2

PRECIPITATION (INCHES)
RECORD
 MAXIMUM         7.75   1994
 MINIMUM         0.75   1968
TOTALS           3.05              3.45   -0.40
DAYS >= .01        13
DAYS >= .10         7
DAYS >= .50         2
DAYS >= 1.00        0
GREATEST
 24 HR. TOTAL    0.79   02/21 TO 02/21

SNOWFALL (INCHES)
TOTALS           14.0               3.4    10.6
SINCE 7/1        15.5
SNOWDEPTH AVG.      2
DAYS >= TRACE      13
GREATEST
 SNOW DEPTH         6   02/26

DEGREE_DAYS
HEATING TOTAL     992               728     264
 SINCE 7/1       3627              3382     245
COOLING TOTAL       0                 0       0
 SINCE 1/1          0                 0       0
.................................................



-  INDICATES NEGATIVE NUMBERS.
R  INDICATES RECORD WAS SET OR TIED.
MM INDICATES DATA IS MISSING.
T  INDICATES TRACE AMOUNT.

$$
