000
CXUS56 KSGX 011429
CLMTRM


CLIMATE REPORT
NATIONAL WEATHER SERVICE SAN DIEGO, CA
729 AM PDT FRI AUG 1 2014

...................................

...THE THERMAL AIRPORT CA CLIMATE SUMMARY FOR THE MONTH OF JULY 2014...

CLIMATE NORMAL PERIOD 1981 TO 2010
CLIMATE RECORD PERIOD 1950 TO 2014

WEATHER         OBSERVED          NORMAL  DEPART  LAST YEAR`S
                 VALUE   DATE(S)  VALUE   FROM    VALUE  DATE(S)
                                          NORMAL
................................................................
TEMPERATURE (F)
RECORD
 HIGH             126   07/28/1995
 LOW               57   07/06/1994
HIGHEST           119   07/23       108      11      114  07/15
                                                          07/08
LOWEST             69   07/18        75      -6       68  07/29
                        07/11
AVG. MAXIMUM    108.6             107.0     1.6    106.4
AVG. MINIMUM     80.0              73.7     6.3     80.5
MEAN             94.3              90.3     4.0     93.4
DAYS MAX >= 90     31              31.0     0.0       31
DAYS MAX <= 32      0               0.0     0.0        0
DAYS MAX >= 100    31                                 27
DAYS MAX >= 110    10                                  9
DAYS MIN <= 32      0               0.0     0.0        0

PRECIPITATION (INCHES)
RECORD
 MAXIMUM         2.01   1979
 MINIMUM         0.00   2007
                        2006
                        2005
TOTALS              T              0.14   -0.14     0.08
DAILY AVG.          T              0.00    0.00     0.00
DAYS >= .01         0               0.6    -0.6        3
DAYS >= .10         0               0.2    -0.2        0
DAYS >= .50         0               0.1    -0.1        0
DAYS >= 1.00        0               0.0     0.0        0
DAYS >= 1.50        0                                  0
DAYS >= 2.00        0                                  0
GREATEST
 24 HR. TOTAL       T   07/25 TO 07/25           07/21 TO 07/21
                        07/04 TO 07/05                    07/31 TO 07/31
                        07/05 TO 07/05                    07/31 TO 07/31
 STORM TOTAL       MM                                 MM
 (MM/DD(HH))            MM                    07/21(00) TO 07/21(00)
                                                 07/31(00) TO 07/31(00)1
                                                 07/31(00) TO 07/31(00)1

SNOWFALL (INCHES)
TOTALS            0.0
SINCE 7/1         0.0

DEGREE_DAYS
HEATING TOTAL       0                 0       0        0
 SINCE 7/1          0                 0       0        0
COOLING TOTAL     916               786     130      888
 SINCE 1/1       2422              2067     355     2518

FREEZE DATES
RECORD
 EARLIEST     10/30/1971
 LATEST       04/10/1999
EARLIEST                        12/02
LATEST                          02/06
..................................................

WIND (MPH)
AVERAGE WIND SPEED              7.9
RESULTANT WIND SPEED/DIRECTION   1/355
HIGHEST WIND SPEED/DIRECTION    28/340    DATE  07/16
HIGHEST GUST SPEED/DIRECTION    34/320    DATE  07/16

SKY COVER
POSSIBLE SUNSHINE (PERCENT)   MM
AVERAGE SKY COVER           0.00
NUMBER OF DAYS FAIR           31
NUMBER OF DAYS PC              0
NUMBER OF DAYS CLOUDY          0

AVERAGE RH (PERCENT)     33

WEATHER CONDITIONS. NUMBER OF DAYS WITH
THUNDERSTORM              0     MIXED PRECIP               0
HEAVY RAIN                0     RAIN                       0
LIGHT RAIN                0     FREEZING RAIN              0
LT FREEZING RAIN          0     HAIL                       0
HEAVY SNOW                0     SNOW                       0
LIGHT SNOW                0     SLEET                      0
FOG                       0     FOG W/VIS <= 1/4 MILE      0
HAZE                      7

-  INDICATES NEGATIVE NUMBERS.
R  INDICATES RECORD WAS SET OR TIED.
MM INDICATES DATA IS MISSING.
T  INDICATES TRACE AMOUNT.

$$
