000
CXUS54 KTSA 011139 CCA
CLMTUL

CLIMATE REPORT...CORRECTION
NATIONAL WEATHER SERVICE TULSA OK
638 AM CDT THU JUN 1 2017

...................................

...THE TULSA OKLAHOMA CLIMATE SUMMARY FOR THE MONTH OF MAY 2017...

CLIMATE NORMAL PERIOD 1981 TO 2010
CLIMATE RECORD PERIOD 1882 TO 2017

WEATHER         OBSERVED          NORMAL  DEPART  LAST YEAR`S
                 VALUE   DATE(S)  VALUE   FROM    VALUE  DATE(S)
                                          NORMAL
................................................................
TEMPERATURE (F)
RECORD
 HIGH             100   05/31/1934
 LOW               32   05/02/1909
                        05/01/1909
HIGHEST            93   05/27        80      13       89  05/10
LOWEST             43   05/04        59     -16       43  05/03
                        05/01
AVG. MAXIMUM     80.4              79.4     1.0     77.3
AVG. MINIMUM     57.5              59.1    -1.6     58.4
MEAN             68.9              69.3    -0.4     67.9
DAYS MAX >= 90      2               2.0     0.0        0
DAYS MAX <= 32      0               0.0     0.0        0
DAYS MIN <= 32      0               0.0     0.0        0
DAYS MIN <= 0       0               0.0     0.0        0

PRECIPITATION (INCHES)
RECORD
 MAXIMUM        18.00   1943
 MINIMUM         0.80   1897
TOTALS           7.12              5.91    1.21     3.91
DAILY AVG.       0.23              0.19    0.04     0.13
DAYS >= .01        10              10.5    -0.5       15
DAYS >= .10         9               7.2     1.8        9
DAYS >= .50         5               3.7     1.3        2
DAYS >= 1.00        3               1.6     1.4        1
GREATEST
 24 HR. TOTAL    2.43   05/19 TO 05/19

DEGREE_DAYS
COOLING TOTAL     167               169      -2      150
 SINCE 1/1        287               234      53      204
.................................................................

WIND (MPH)
AVERAGE WIND SPEED              10.2
HIGHEST WIND SPEED/DIRECTION    40/190    DATE  05/17
HIGHEST GUST SPEED/DIRECTION    53/190    DATE  05/17

SKY COVER
POSSIBLE SUNSHINE (PERCENT)   MM
AVERAGE SKY COVER           0.50
NUMBER OF DAYS FAIR           11
NUMBER OF DAYS PC             14
NUMBER OF DAYS CLOUDY          6

AVERAGE RH (PERCENT)     67

WEATHER CONDITIONS. NUMBER OF DAYS WITH
THUNDERSTORM             10     MIXED PRECIP               0
HEAVY RAIN                8     RAIN                       8
LIGHT RAIN               13     FREEZING RAIN              0
LT FREEZING RAIN          0     HAIL                       3
HEAVY SNOW                0     SNOW                       0
LIGHT SNOW                0     SLEET                      0
FOG                       9     FOG W/VIS <= 1/4 MILE      0
HAZE                      2

-  INDICATES NEGATIVE NUMBERS.
R  INDICATES RECORD WAS SET OR TIED.
MM INDICATES DATA IS MISSING.
T  INDICATES TRACE AMOUNT.

&&
-------------------------------------------------------------------
 YEARLY PRECIPITATION (INCHES):
 TOTAL.....................23.93
 DEPARTURE FROM NORMAL.....+7.43
$$
