000
CXUS54 KMEG 310031
CLMTUP


CLIMATE REPORT...RETRANSMISSION OF JUNE DATA
NATIONAL WEATHER SERVICE MEMPHIS TN
727 PM CDT WED JUL 30 2014

...................................

...THE TUPELO CLIMATE SUMMARY FOR THE MONTH OF JUNE 2014...

CLIMATE NORMAL PERIOD 1981 TO 2010
CLIMATE RECORD PERIOD 1930 TO 2014

WEATHER         OBSERVED          NORMAL  DEPART  LAST YEAR`S
                 VALUE   DATE(S)  VALUE   FROM    VALUE  DATE(S)
                                          NORMAL
................................................................
TEMPERATURE (F)
RECORD
 HIGH             108   06/20/1936
 LOW               43   06/08/1977
                        06/01/1972
                        06/03/1969
HIGHEST            94   06/21        88       6       97  06/27
                        06/20
                        06/19
LOWEST             62   06/14        67      -5       61  06/08
                                                          06/04
AVG. MAXIMUM     87.8              88.7    -0.9     88.9
AVG. MINIMUM     69.8              67.6     2.2     68.3
MEAN             78.8              78.1     0.7     78.6
DAYS MAX >= 90     12              13.5    -1.5       14
DAYS MAX <= 32      0               0.0     0.0        0
DAYS MIN <= 32      0               0.0     0.0        0
DAYS MIN <= 0       0               0.0     0.0        0

PRECIPITATION (INCHES)
RECORD
 MAXIMUM        11.37   1997
 MINIMUM         0.17   1988
                        1968
TOTALS           8.34              4.52    3.82     2.04
DAILY AVG.       0.28              0.15    0.13     0.07
DAYS >= .01        15               9.8     5.2       11
DAYS >= .10        12               6.7     5.3        4
DAYS >= .50         6               3.1     2.9        1
DAYS >= 1.00        3               1.3     1.7        1
GREATEST
 24 HR. TOTAL    2.46   06/09 TO 06/09

SNOWFALL (INCHES)
RECORDS
 TOTAL             MM   MM
TOTALS            0.0               0.0     0.0      0.0
SINCE 7/1         0.5               2.1    -1.6        T
SNOWDEPTH AVG.      0                MM      MM        0
DAYS >= 1.0         0               0.0     0.0        0
GREATEST
 SNOW DEPTH         0   MM                             0  MM
 24 HR TOTAL      0.0   06/30 TO 06/30

DEGREE_DAYS
HEATING TOTAL       0                 0       0        0
 SINCE 7/1       3465              2956     509     2960
COOLING TOTAL     420               395      25      416
 SINCE 1/1        694               672      22      662
.................................................................

WIND (MPH)
AVERAGE WIND SPEED              5.7
HIGHEST WIND SPEED/DIRECTION    30/260    DATE  06/09
HIGHEST GUST SPEED/DIRECTION    48/260    DATE  06/09

SKY COVER
POSSIBLE SUNSHINE (PERCENT)   MM
AVERAGE SKY COVER           0.40
NUMBER OF DAYS FAIR           15
NUMBER OF DAYS PC             14
NUMBER OF DAYS CLOUDY          1

AVERAGE RH (PERCENT)     74

WEATHER CONDITIONS. NUMBER OF DAYS WITH
THUNDERSTORM              0     MIXED PRECIP               0
HEAVY RAIN               12     RAIN                      12
LIGHT RAIN               16     FREEZING RAIN              0
LT FREEZING RAIN          0     HAIL                       0
HEAVY SNOW                0     SNOW                       0
LIGHT SNOW                0     SLEET                      0
FOG                      14     FOG W/VIS <= 1/4 MILE      2
HAZE                      7

-  INDICATES NEGATIVE NUMBERS.
R  INDICATES RECORD WAS SET OR TIED.
MM INDICATES DATA IS MISSING.
T  INDICATES TRACE AMOUNT.

$$
