000
CXUS56 KPQR 011447
CLMUAO


CLIMATE REPORT
NATIONAL WEATHER SERVICE PORTLAND OREGON
746 AM PDT MON AUG 1 2016

...................................

...THE AURORA STATE OR CLIMATE SUMMARY FOR THE MONTH OF JULY 2016...

CLIMATE NORMAL PERIOD 1981 TO 2010
CLIMATE RECORD PERIOD 9999 TO 9999

WEATHER         OBSERVED          NORMAL  DEPART  LAST YEAR`S
                 VALUE   DATE(S)  VALUE   FROM    VALUE  DATE(S)
                                          NORMAL
................................................................
TEMPERATURE (F)
HIGHEST            95                                104  07/30
LOWEST             50                                 50  07/27
AVG. MAXIMUM     79.0              80.9    -1.9     86.6
AVG. MINIMUM     55.3              55.1     0.2     57.2
MEAN             67.1              68.0    -0.9     71.9
DAYS MAX >= 90      2               5.1    -3.1       12
DAYS MAX <= 32      0               0.0     0.0        0
DAYS MIN <= 32      0               0.0     0.0        0
DAYS MIN <= 0       0               0.0     0.0        0

PRECIPITATION (INCHES)
RECORD
 MAXIMUM           MM   MM
 MINIMUM           MM   MM
TOTALS           0.40              0.68   -0.28     0.09
DAYS >= .01         4                MM      MM        1
DAYS >= .10         2                MM      MM        0
DAYS >= .50         0                MM      MM        0
DAYS >= 1.00        0                MM      MM        0
GREATEST
 24 HR. TOTAL    0.23   07/08 TO 07/09

DEGREE_DAYS
HEATING TOTAL      14                25     -11        5
 SINCE 7/1         14                25     -11        5
COOLING TOTAL      87               118     -31      228
 SINCE 1/1        186               167      19      373
.................................................................

WIND (MPH)
AVERAGE WIND SPEED              5.5
RESULTANT WIND SPEED/DIRECTION   2/010
HIGHEST WIND SPEED/DIRECTION    23/180    DATE  07/09
HIGHEST GUST SPEED/DIRECTION    27/340    DATE  07/30

SKY COVER
POSSIBLE SUNSHINE (PERCENT)   MM
AVERAGE SKY COVER           0.50

AVERAGE RH (PERCENT)     63

WEATHER CONDITIONS. NUMBER OF DAYS WITH
THUNDERSTORM              0     MIXED PRECIP               0
HEAVY RAIN                0     RAIN                       2
LIGHT RAIN                4     FREEZING RAIN              0
LT FREEZING RAIN          0     HAIL                       0
HEAVY SNOW                0     SNOW                       0
LIGHT SNOW                0     SLEET                      0
FOG                       4     FOG W/VIS <= 1/4 MILE      0
HAZE                      2

-  INDICATES NEGATIVE NUMBERS.
R  INDICATES RECORD WAS SET OR TIED.
MM INDICATES DATA IS MISSING.
T  INDICATES TRACE AMOUNT.

$$
