000
CXUS56 KSEW 011033
CLMUIL


CLIMATE REPORT
NATIONAL WEATHER SERVICE SEATTLE WA
233 AM PST SUN MAR 1 2015

...................................

...THE QUILLAYUTE WA AIRPORT CLIMATE SUMMARY FOR THE MONTH OF FEBRUARY 2015...

CLIMATE NORMAL PERIOD 1981 TO 2010
CLIMATE RECORD PERIOD 1966 TO 2015

WEATHER         OBSERVED          NORMAL  DEPART  LAST YEAR`S
                 VALUE   DATE(S)  VALUE   FROM    VALUE  DATE(S)
                                          NORMAL
................................................................
TEMPERATURE (F)
RECORD
 HIGH              73   02/26/1992
 LOW               11   02/02/1989
HIGHEST            65   02/17        MM      MM       58  02/28
                                                          02/26
LOWEST             29   02/23        MM      MM       20  02/07
AVG. MAXIMUM     55.4              49.1     6.3     47.8
AVG. MINIMUM     41.7              35.2     6.5     36.2
MEAN             48.5              42.1     6.4     42.0
DAYS MAX >= 90      0               0.0     0.0        0
DAYS MAX <= 32      0               0.1    -0.1        0
DAYS MIN <= 32      4               9.9    -5.9        7
DAYS MIN <= 0       0               0.0     0.0        0

PRECIPITATION (INCHES)
RECORD
 MAXIMUM        26.20   1999
 MINIMUM         0.87   1993
TOTALS           8.30             10.35   -2.05    10.64
DAILY AVG.       0.30              0.37   -0.07     0.38
DAYS >= .01        18              18.4    -0.4       17
DAYS >= .10        14              14.5    -0.5       14
DAYS >= .50         6               7.2    -1.2       10
DAYS >= 1.00        2               3.1    -1.1        4
GREATEST
 24 HR. TOTAL    2.10   02/05 TO 02/05

DEGREE_DAYS
HEATING TOTAL     456               640    -184      636
 SINCE 7/1       2910              3845    -935     3194
COOLING TOTAL       0                 0       0        0
 SINCE 1/1          0                 0       0        0
.................................................................

WIND (MPH)
AVERAGE WIND SPEED              5.8
HIGHEST WIND SPEED/DIRECTION    25/050    DATE  02/21
HIGHEST GUST SPEED/DIRECTION    39/190    DATE  02/05

SKY COVER
POSSIBLE SUNSHINE (PERCENT)   MM
AVERAGE SKY COVER           0.60
NUMBER OF DAYS FAIR            7
NUMBER OF DAYS PC              5
NUMBER OF DAYS CLOUDY         16

AVERAGE RH (PERCENT)     84

WEATHER CONDITIONS. NUMBER OF DAYS WITH
THUNDERSTORM              0     MIXED PRECIP               0
HEAVY RAIN                2     RAIN                       9
LIGHT RAIN               21     FREEZING RAIN              0
LT FREEZING RAIN          0     HAIL                       0
HEAVY SNOW                0     SNOW                       0
LIGHT SNOW                0     SLEET                      0
FOG                      22     FOG W/VIS <= 1/4 MILE      5
HAZE                      0

-  INDICATES NEGATIVE NUMBERS.
R  INDICATES RECORD WAS SET OR TIED.
MM INDICATES DATA IS MISSING.
T  INDICATES TRACE AMOUNT.

$$
