000
CXUS54 KCRP 011641 RRA
CLMVCT

CLIMATE REPORT
NATIONAL WEATHER SERVICE CORPUS CHRISTI TX
1131 AM CDT SAT AUG 1 2015

...................................

...THE VICTORIA CLIMATE SUMMARY FOR THE MONTH OF JULY 2015...

CLIMATE NORMAL PERIOD 1981 TO 2010
CLIMATE RECORD PERIOD 1893 TO 2015

WEATHER         OBSERVED          NORMAL  DEPART  LAST YEAR`S
                 VALUE   DATE(S)  VALUE   FROM    VALUE  DATE(S)
                                          NORMAL
................................................................
TEMPERATURE (F)
RECORD
 HIGH             110   07/09/1939
                        07/08/1939
 LOW               61   07/11/1905
HIGHEST           102   07/31        94       8      101  07/29
                                                          07/28
                                                          07/23
LOWEST             71   07/30        75      -4       71  07/12
                        07/25
                        07/14
AVG. MAXIMUM     95.1              93.8     1.3     95.9
AVG. MINIMUM     74.1              74.0     0.1     74.9
MEAN             84.6              83.9     0.7     85.4
DAYS MAX >= 90     31              27.3     3.7       30
DAYS MAX <= 32      0               0.0     0.0        0
DAYS MIN <= 32      0               0.0     0.0        0
DAYS MIN <= 0       0               0.0     0.0        0

PRECIPITATION (INCHES)
RECORD
 MAXIMUM        20.34   2007
 MINIMUM           MM   MM
TOTALS           0.70              4.18   -3.48     2.37
DAILY AVG.       0.02              0.13   -0.11     0.08
DAYS >= .01         4               7.9    -3.9        6
DAYS >= .10         3               5.0    -2.0        1
DAYS >= .50         0               2.7    -2.7        1
DAYS >= 1.00        0               1.4    -1.4        1
GREATEST
 24 HR. TOTAL    0.52   07/30 TO 07/31           07/03 TO 07/03


SNOWFALL (INCHES)
RECORDS
 TOTAL            0.0   MM
 24 HR TOTAL      0.0   MM
TOTALS            0.0               0.0     0.0      0.0
SINCE 7/1         0.0               0.0     0.0      0.0
SNOWDEPTH AVG.      0                MM      MM        0
DAYS >= 1.0         0               0.0     0.0        0
GREATEST
 SNOW DEPTH         0   MM                             0
 24 HR TOTAL      0.0   07/31 TO 07/31               0.0

DEGREE_DAYS
HEATING TOTAL       0                 0       0        0
 SINCE 7/1          0                 0       0        0
COOLING TOTAL     614               586      28      639
 SINCE 1/1       1811              1753      58     1847
....................................................

WIND (MPH)
AVERAGE WIND SPEED              9.3
HIGHEST WIND SPEED/DIRECTION    30/110    DATE  07/31
HIGHEST GUST SPEED/DIRECTION    37/210    DATE  07/01

SKY COVER
AVERAGE SKY COVER           0.20

AVERAGE RH (PERCENT)     74

WEATHER CONDITIONS. NUMBER OF DAYS WITH
THUNDERSTORM              5     MIXED PRECIP               0
HEAVY RAIN                3     RAIN                       2
LIGHT RAIN                6     FREEZING RAIN              0
LT FREEZING RAIN          0     HAIL                       0
HEAVY SNOW                0     SNOW                       0
LIGHT SNOW                0     SLEET                      0
FOG                      28     FOG W/VIS <= 1/4 MILE      3
HAZE                      8

-  INDICATES NEGATIVE NUMBERS.
R  INDICATES RECORD WAS SET OR TIED.
MM INDICATES DATA IS MISSING.
T  INDICATES TRACE AMOUNT.

$$
