000
CXUS53 KLOT 011807
CLMVPZ


CLIMATE REPORT
NATIONAL WEATHER SERVICE CHICAGO IL
1159 AM CST SUN FEB 1 2015

...................................

...THE VALPARAISO CLIMATE SUMMARY FOR THE MONTH OF JANUARY 2015...

CLIMATE NORMAL PERIOD 1981 TO 2010
CLIMATE RECORD PERIOD 1998 TO 2015

WEATHER         OBSERVED          NORMAL  DEPART  LAST YEAR`S
                 VALUE   DATE(S)  VALUE   FROM    VALUE
                                          NORMAL
.............................................................
TEMPERATURE (F)
RECORD
 HIGH              65   01/07/2008
 LOW              -20   01/16/2009
                        01/05/1999
HIGHEST            42   01/24                         42
                        01/20
LOWEST             -9   01/08                        -16
AVG. MAXIMUM     28.8              31.1    -2.3     22.9
AVG. MINIMUM     13.7              16.1    -2.4      4.7
MEAN             21.3              23.6    -2.3     13.8

PRECIPITATION (INCHES)
RECORD
 MAXIMUM         4.54   2005
 MINIMUM         0.17   2011
TOTALS           0.90              1.75   -0.85     0.95

DEGREE_DAYS
HEATING TOTAL    1348              1283      65     1389
 SINCE 7/1       3857              3685     172     4072
COOLING TOTAL       0                 0       0        0
 SINCE 1/1          0                 0       0        0
..............................................................

WIND (MPH)
AVERAGE WIND SPEED              9.1
HIGHEST WIND SPEED/DIRECTION    33/270    DATE  01/08
HIGHEST GUST SPEED/DIRECTION    42/260    DATE  01/08

AVERAGE RH (PERCENT)     77


-  INDICATES NEGATIVE NUMBERS.
R  INDICATES RECORD WAS SET OR TIED.
MM INDICATES DATA IS MISSING.
T  INDICATES TRACE AMOUNT.

$$
