000
CXUS52 KMLB 021657 AAA
CLMVRB

CLIMATE REPORT...UPDATED TO INCLUDE THE SUMMER SEASON
NATIONAL WEATHER SERVICE MELBOURNE FL
1256 PM EDT WED SEP 2 2015

................................................................

...THE VERO BEACH CLIMATE SUMMARY FOR THE MONTH OF AUGUST 2015...

CLIMATE NORMAL PERIOD 1981 TO 2010
CLIMATE RECORD PERIOD 1942 TO 2015

WEATHER         OBSERVED          NORMAL  DEPART  LAST YEAR`S
                 VALUE   DATE(S)  VALUE   FROM    VALUE  DATE(S)
                                          NORMAL
................................................................
TEMPERATURE (F)
MONTHLY RECORD
 HOTTEST         83.7   2011
 COLDEST         79.8   1967

DAILY RECORD
 HIGH              98   08/02/1999
                        08/07/1989
                        10/07/5881
 LOW               63   08/03/1972
                        10/07/5881
                        10/07/5881

AUGUST 2015
HIGHEST            97   08/07                         94
LOWEST             70   08/14                         70


AVG. MAXIMUM     91.5              89.8     1.7     90.2
AVG. MINIMUM     74.5              73.6     0.9     72.9
MEAN             83.0              81.7     1.3     81.5
DAYS MAX >= 90     27              14.0    13.0       17
DAYS MAX <= 32      0               0.0     0.0        0
DAYS MIN <= 32      0               0.0     0.0        0
DAYS MIN <= 0       0               0.0     0.0        0

PRECIPITATION (INCHES)
MONTHLY RECORD
 MAXIMUM        18.91   2008
 MINIMUM         1.22   1980

DAILY RECORD
 MAXIMUM         6.48  08/27/2012

AUGUST 2015
TOTALS           9.07              7.03    2.04     6.29
DAYS >= .01        14              14.2    -0.2       16
DAYS >= .10        12               9.1     2.9       10
DAYS >= .50         6               4.2     1.8        5
DAYS >= 1.00        3               2.0     1.0        3
GREATEST
 24 HR. TOTAL    3.30   08/29 TO 08/30

SNOWFALL (INCHES)
TOTALS            0.0               0.0     0.0      0.0
SINCE 7/1         0.0               0.0     0.0      0.0
DAYS >= TRACE       0                                  0

DEGREE_DAYS
HEATING TOTAL       0                 0       0        0
 SINCE 7/1          0                 0       0        0
COOLING TOTAL     565               518      47      519
 SINCE 1/1       2797              2298     499     2367
.................................................................

WIND (MPH)
AVERAGE WIND SPEED              5.9
HIGHEST WIND SPEED/DIRECTION    36/190    DATE  08/30
HIGHEST GUST SPEED/DIRECTION    47/190    DATE  08/30

SKY COVER
POSSIBLE SUNSHINE (PERCENT)   MM
AVERAGE SKY COVER           0.20
NUMBER OF DAYS FAIR           28
NUMBER OF DAYS PC              2
NUMBER OF DAYS CLOUDY          1

AVERAGE RH (PERCENT)     74

WEATHER CONDITIONS. NUMBER OF DAYS WITH
THUNDERSTORM             19     MIXED PRECIP               0
HEAVY RAIN                6     RAIN                       9
LIGHT RAIN               14     LT FREEZING RAIN           0
HAIL                      0     LIGHT SNOW                 0
SLEET                     0     FOG                       16
FOG W/VIS <= 1/4 MILE     3     HAZE                       9

-  INDICATES NEGATIVE NUMBERS.
R  INDICATES RECORD WAS SET OR TIED.
MM INDICATES DATA IS MISSING.
T  INDICATES TRACE AMOUNT.

=============================================================

...............................................................

...THE VERO BEACH CLIMATE SUMMARY FOR THE SUMMER SEASON, FROM
6/1/2015 TO 8/31/2015...

CLIMATE NORMAL PERIOD 1981 TO 2010
CLIMATE RECORD PERIOD 1942 TO 2015

WEATHER         OBSERVED          NORMAL  DEPART  LAST YEAR`S
                 VALUE   DATE(S)  VALUE   FROM    VALUE  DATE(S)
                                          NORMAL
................................................................
TEMPERATURE (F)
 WARMEST         83.1   2010
 COLDEST         79.2   1974

DAILY RECORD
 HIGH             102   06/22/2009
 LOW               57   06/01/1984

SUMMER 2015
HIGHEST            97   08/07                         94
                        06/28

LOWEST             68   06/05                         65

AVG. MAXIMUM     91.7              89.4     2.3     89.0
AVG. MINIMUM     73.5              73.0     0.5     71.8
MEAN             82.7              81.2     1.5     80.4
DAYS MAX >= 90     76              36.8    39.2       35
DAYS MAX <= 32      0               0.0     0.0        0
DAYS MIN <= 32      0               0.0     0.0        0
DAYS MIN <= 0       0               0.0     0.0        0

PRECIPITATION (INCHES)
SUMMER RECORDS
 MAXIMUM        35.32   1968
 MINIMUM         8.24   1950

SUMMER 2015
TOTALS          19.88             19.33    0.55    20.13
DAYS >= .01        37              41.5    -4.5       47
DAYS >= .10        26              27.4    -1.4       33
DAYS >= .50        11              12.5    -1.5       15
DAYS >= 1.00        7               6.3     0.7        6
GREATEST
 24 HR. TOTAL    3.30   08/29 TO 08/30               2.31

SNOWFALL (INCHES)
TOTALS            0.0               0.0     0.0      0.0
SINCE 7/1         0.0                                0.0
DAYS >= TRACE       0                                  0

DEGREE_DAYS
HEATING TOTAL       0                 0       0        0
COOLING TOTAL    1645              1491     154     1441
.................................................................

WIND (MPH)
AVERAGE WIND SPEED              6.8
HIGHEST WIND SPEED/DIRECTION    49/250    DATE  07/15
HIGHEST GUST SPEED/DIRECTION    63/250    DATE  07/15

SKY COVER
POSSIBLE SUNSHINE (PERCENT)   MM
AVERAGE SKY COVER           0.20
NUMBER OF DAYS FAIR           84
NUMBER OF DAYS PC              7
NUMBER OF DAYS CLOUDY          1

AVERAGE RH (PERCENT)     72

WEATHER CONDITIONS. NUMBER OF DAYS WITH
THUNDERSTORM             49     MIXED PRECIP               0
HEAVY RAIN               17     RAIN                      21
LIGHT RAIN               37     HAIL                       0
SLEET                     0     FOG                       34
FOG W/VIS <= 1/4 MILE     3     HAZE                      24

-  INDICATES NEGATIVE NUMBERS.
R  INDICATES RECORD WAS SET OR TIED.
MM INDICATES DATA IS MISSING.
T  INDICATES TRACE AMOUNT.

$$

GLITTO
