000
CXUS56 KPQR 011508
CLMVUO


CLIMATE REPORT
NATIONAL WEATHER SERVICE PORTLAND OREGON
808 AM PDT SAT OCT 1 2016

...................................

...THE VANCOUVER WA CLIMATE SUMMARY FOR THE MONTH OF SEPTEMBER 2016...

CLIMATE NORMAL PERIOD 1981 TO 2010
CLIMATE RECORD PERIOD 1891 TO 2016

WEATHER         OBSERVED          NORMAL  DEPART  LAST YEAR`S
                 VALUE   DATE(S)  VALUE   FROM    VALUE  DATE(S)
                                          NORMAL
................................................................
TEMPERATURE (F)
RECORD
 HIGH             103   09/02/1988
 LOW               28   09/13/1970
HIGHEST            88                MM      MM       94  09/11
LOWEST             42                MM      MM       40  09/28
AVG. MAXIMUM     73.6              75.7    -2.1     73.9
AVG. MINIMUM     50.1              51.6    -1.5     50.9
MEAN             61.8              63.6    -1.8     62.4
DAYS MAX >= 90      0               1.5    -1.5        1
DAYS MAX <= 32      0               0.0     0.0        0
DAYS MIN <= 32      0               0.0     0.0        0
DAYS MIN <= 0       0               0.0     0.0        0

PRECIPITATION (INCHES)
TOTALS           1.15                               1.23
DAYS >= .01         6                                  8
DAYS >= .10         3                                  4
DAYS >= .50         1                                  1
DAYS >= 1.00        0                                  0
GREATEST
 24 HR. TOTAL    0.68   09/17 TO 09/17

DEGREE_DAYS
HEATING TOTAL     105                                107
 SINCE 7/1        127                                111
COOLING TOTAL      18                                 33
 SINCE 1/1        407                                660
.................................................................

WIND (MPH)
AVERAGE WIND SPEED              3.6
RESULTANT WIND SPEED/DIRECTION   1/317
HIGHEST WIND SPEED/DIRECTION    16/110    DATE  09/13
HIGHEST GUST SPEED/DIRECTION    22/070    DATE  09/13

SKY COVER
POSSIBLE SUNSHINE (PERCENT)   MM
AVERAGE SKY COVER           0.40

AVERAGE RH (PERCENT)     67

WEATHER CONDITIONS. NUMBER OF DAYS WITH
THUNDERSTORM              0     MIXED PRECIP               0
HEAVY RAIN                0     RAIN                       3
LIGHT RAIN                8     FREEZING RAIN              0
LT FREEZING RAIN          0     HAIL                       0
HEAVY SNOW                0     SNOW                       0
LIGHT SNOW                0     SLEET                      0
FOG                      10     FOG W/VIS <= 1/4 MILE      2
HAZE                      1

-  INDICATES NEGATIVE NUMBERS.
R  INDICATES RECORD WAS SET OR TIED.
MM INDICATES DATA IS MISSING.
T  INDICATES TRACE AMOUNT.

$$
