000
CXUS56 KMTR 020929
CLMWVI


CLIMATE REPORT
NATIONAL WEATHER SERVICE SAN FRANCISCO BAY AREA
218 AM PDT TUE MAY 2 2017

...................................

...THE WATSONVILLE AIRPORT CLIMATE SUMMARY FOR THE MONTH OF APRIL 2017...

CLIMATE NORMAL PERIOD 1981 TO 2010
CLIMATE RECORD PERIOD 1998 TO 2017

WEATHER         OBSERVED          NORMAL   LAST YEAR`S
                 VALUE   DATE(S)  VALUE    VALUE  DATE(S)

.........................................................
TEMPERATURE (F)
HIGHEST            76   04/30        MM        92  04/06
                        04/28
LOWEST             37   04/09        MM        41  04/25
AVG. MAXIMUM     66.8                        69.7
AVG. MINIMUM     45.6                        47.4
MEAN             56.2              55.5      58.6
DAYS MAX >= 90      0                           1
DAYS MAX <= 32      0                           0
DAYS MIN <= 32      0                           0
DAYS MIN <= 0       0                           0

PRECIPITATION (INCHES)
RECORD
 MAXIMUM           MM   MM
 MINIMUM           MM   MM
TOTALS           3.00                        0.63
DAILY AVG.       0.10                        0.02
DAYS >= .01         9                           5
DAYS >= .10         8                           2
DAYS >= .50         2                           0
DAYS >= 1.00        0                           0
GREATEST
 24 HR. TOTAL    1.29   04/06 TO 04/07    04/08 TO 04/09
                                                   04/30 TO 04/30
                                                   04/30 TO 04/30

DEGREE_DAYS
HEATING TOTAL     255                         192
 SINCE 7/1       2487                        1956
COOLING TOTAL       0                           7
 SINCE 1/1          0                           7
..........................................................

WIND (MPH)
AVERAGE WIND SPEED              4.5
RESULTANT WIND SPEED/DIRECTION   2/215
HIGHEST WIND SPEED/DIRECTION    23/200    DATE  04/08
HIGHEST GUST SPEED/DIRECTION    30/190    DATE  04/08

SKY COVER
POSSIBLE SUNSHINE (PERCENT)   MM
AVERAGE SKY COVER           0.30
NUMBER OF DAYS FAIR           18
NUMBER OF DAYS PC              5
NUMBER OF DAYS CLOUDY          7

AVERAGE RH (PERCENT)     77

WEATHER CONDITIONS. NUMBER OF DAYS WITH
THUNDERSTORM              0     MIXED PRECIP               0
HEAVY RAIN                4     RAIN                       8
LIGHT RAIN               10     FREEZING RAIN              0
LT FREEZING RAIN          0     HAIL                       0
HEAVY SNOW                0     SNOW                       0
LIGHT SNOW                0     SLEET                      0
FOG                      21     FOG W/VIS <= 1/4 MILE      1
HAZE                     12

-  INDICATES NEGATIVE NUMBERS.
R  INDICATES RECORD WAS SET OR TIED.
MM INDICATES DATA IS MISSING.
T  INDICATES TRACE AMOUNT.

$$
