000
CXUS56 KPDT 011607
CLMYKM

CLIMATE REPORT
NATIONAL WEATHER SERVICE PENDLETON OREGON
900 AM PDT FRI AUG 01 2014

....................................

...THE YAKIMA WA CLIMATE SUMMARY FOR THE MONTH OF JULY 2014...

CLIMATE NORMAL PERIOD 1981 TO 2010
CLIMATE RECORD PERIOD 1909 TO 2014

WEATHER         OBSERVED          NORMAL  DEPART  LAST YEAR`S
                 VALUE   DATE(S)  VALUE   FROM    VALUE  DATE(S)
                                          NORMAL

................................................................

TEMPERATURE (F)
RECORD
 HIGH             109   7/23/2006
 LOW               34   7/ 7/1971
HIGHEST           107   7/16      100         7           106   7/ 2
LOWEST             44   7/25       42         2            49   7/13
AVG. MAXIMUM     94.9            87.9       7.0          95.4
AVG. MINUMUM     60.6            53.3       7.3          59.6
MEAN             77.8            70.6       7.2          77.5
DAYS MAX >= 90     24              14        10            27
DAYS MAX <= 32      0               0         0             0
DAYS MIN <= 32      0               0         0             0
DAYS MIN <= 0       0               0         0             0


PRECIPITATION (INCHES)
RECORD
 MAXIMUM          0.71   1966
 MINIMUM             T   2013
TOTALS            0.06            0.22     -0.16             T
DAILY AVG.        0.00            0.01     -0.01          0.00
DAYS >=  0.01        2               2         0             0
DAYS >=  0.10        0               1        -1             0
DAYS >=  0.50        0               0         0             0
DAYS >=  1.00        0               0         0             0
GREATEST
 24 HR. TOTAL     0.03   7/23



SNOWFALL (INCHES)
RECORD
 MAXIMUM           0.0   2013
 MINIMUM           0.0   2013
TOTALS             0.0             0.0       0.0           0.0
SINCE 7/1          0.0             0.0       0.0           0.0
DAYS >=  TRACE                       0         0
DAYS >=  1.0         0               0         0             0
GREATEST
 24 HR. TOTAL      0.0   7/31


DEGREE DAYS
HEATING TOTAL        5              19       -14             0
 SINCE 7/1           5              19       -14             0
COOLING TOTAL      408             190       218           395
 SINCE 1/1         533             273       260           563

.............................................................

WIND (MPH)
AVERAGE WIND SPEED                     7.0
RESULTANT WIND SPEED/DIRECTION         4/275
HIGHEST WIND SPEED/DIRECTION          31/330      DATE          07/18
HIGHEST GUST SPEED/DIRECTION          42/280      DATE          07/19


WEATHER CONDITIONS. NUMBER OF DAYS WITH
THUNDERSTORM               2    MIXED PRECIP                           0
HEAVY RAIN                 0    RAIN                                   0
LIGHT RAIN                 3    FREEZING RAIN                          0
LT FREEZING RAIN           0    HAIL                                   0
HEAVY SNOW                 0    SNOW                                   0
LIGHT SNOW                 0    SLEET                                  0
FOG                        0    FOG W/VIS <=1/4 MILE                   0
HAZE                       3

-  INDICATES NEGATIVE NUMBERS.
R  INDICATES RECORD WAS SET OR TIED.
MM INDICATES DATA IS MISSING.
T  INDICATES TRACE AMOUNT.

$$
