000
CXUS51 KGYX 021436
CLSAUG

PWMCLMAUG 000
TTAA00 KGYX 021336


CLIMATE REPORT
NATIONAL WEATHER SERVICE GRAY ME
1025 AM EDT WED JUL 2 2014

...................................

...THE AUGUSTA CLIMATE SUMMARY FOR THE SEASON, FROM
3/1/2014 TO 5/31/2014...

CLIMATE NORMAL PERIOD 1981 TO 2010
CLIMATE RECORD PERIOD 1948 TO 2014

WEATHER         OBSERVED          NORMAL  DEPART  LAST YEAR`S
                 VALUE   DATE(S)  VALUE   FROM    VALUE  DATE(S)
                                          NORMAL
................................................................
TEMPERATURE (F)
RECORD
 HIGH              94   05/22/1992
 LOW              -11   03/01/1982
HIGHEST            80   05/12        85      -5
LOWEST             -2   03/04         3      -5
                        03/01
AVG. MAXIMUM     50.4              52.9    -2.5
AVG. MINIMUM     31.4              34.2    -2.8
MEAN             40.9              43.5    -2.6
DAYS MAX >= 90      0               0.4    -0.4
DAYS MAX <= 32     12               6.2     5.8
DAYS MIN <= 32     41              36.8     4.2
DAYS MIN <= 0       3               0.6     2.4

PRECIPITATION (INCHES)
RECORD
 MAXIMUM        20.21   1983
 MINIMUM         4.57   1965
TOTALS           9.33             10.85   -1.52
DAILY AVG.       0.10              0.12   -0.02
DAYS >= .01        39              36.3     2.7
DAYS >= .10        22              21.0     1.0
DAYS >= .50         8               7.1     0.9
DAYS >= 1.00        3               2.1     0.9
GREATEST
 24 HR. TOTAL    1.09   03/29 TO 03/30

DEGREE_DAYS
HEATING TOTAL    2190              1983     207
 SINCE 7/1       7696              7326     370
COOLING TOTAL       0                 9      -9
 SINCE 1/1          0                 9      -9
.................................................................

WIND (MPH)
AVERAGE WIND SPEED              8.2
HIGHEST WIND SPEED/DIRECTION    40/340    DATE  03/26
HIGHEST GUST SPEED/DIRECTION    53/340    DATE  03/26

SKY COVER
AVERAGE SKY COVER           0.50

AVERAGE RH (PERCENT)     64

WEATHER CONDITIONS. NUMBER OF DAYS WITH
HEAVY RAIN                5     RAIN                      18
LIGHT RAIN               33     FREEZING RAIN              2
LT FREEZING RAIN          3     HEAVY SNOW                 2
SNOW                      5     LIGHT SNOW                16
FOG                      49     FOG W/VIS <= 1/4 MILE     16
HAZE                      7

-  INDICATES NEGATIVE NUMBERS.
R  INDICATES RECORD WAS SET OR TIED.
MM INDICATES DATA IS MISSING.
T  INDICATES TRACE AMOUNT.

$$

KIMBLE
