000
CXUS53 KGRB 011326
CLSAUW

SEASONAL CLIMATE SUMMARY
NATIONAL WEATHER SERVICE GREEN BAY WI
826 AM CDT MON JUN 1 2015



...THE WAUSAU WI CLIMATE SPRING SUMMARY FROM 3/1/2015 TO
5/31/2015...

CLIMATE NORMAL PERIOD 1981 TO 2010
CLIMATE RECORD PERIOD 1896 TO 2015

WEATHER         OBSERVED          NORMAL  DEPART  LAST YEAR`S
                 VALUE   DATE(S)  VALUE   FROM    VALUE  DATE(S)
                                          NORMAL
................................................................
TEMPERATURE (F)
RECORD
 HIGH             104   05/31/1934
 LOW              -33   03/01/1962
HIGHEST            83   05/28        84      -1       86  05/31
LOWEST             -9   03/05        -2      -7      -18  03/03
AVG. MAXIMUM     56.1              53.8     2.3     48.9
AVG. MINIMUM     33.8              32.7     1.1     29.5
MEAN             44.9              43.2     1.7     39.2
DAYS MAX >= 90      0               0.1    -0.1        0
DAYS MAX <= 32      7               7.6    -0.6       17
DAYS MIN <= 32     43              42.1     0.9       51
DAYS MIN <= 0       3               1.9     1.1        5

PRECIPITATION (INCHES)
RECORD
 MAXIMUM        17.21   1942
 MINIMUM         2.60   1931
TOTALS           9.98              7.97    2.01     8.50
DAILY AVG.       0.11              0.09    0.02     0.09
DAYS >= .01        29              33.4    -4.4       37
DAYS >= .10        20              18.8     1.2       18
DAYS >= .50         6               4.8     1.2        6
DAYS >= 1.00        2               1.2     0.8        1

SNOWFALL (INCHES)
RECORDS
 TOTAL           46.7   1956
 24 HR TOTAL       MM
TOTALS            9.7              14.3    -4.6     14.7
SINCE 7/1        53.7              59.6    -5.9     84.3
DAYS >= TRACE      15               9.2     5.8       26
DAYS >= 1.0         3               4.3    -1.3        5
GREATEST
 SNOW DEPTH        11   03/06                         26  03/04
                        03/04
                        03/05
 24 HR TOTAL      5.1   MM

DEGREE_DAYS
HEATING TOTAL    1844              2024    -180     2371
 SINCE 7/1       8424              8160     264     9318
COOLING TOTAL      18                20      -2       25
 SINCE 1/1         18                19      -1       25

FREEZE DATES
RECORD
 EARLIEST     08/30/1915
 LATEST       06/12/1903
EARLIEST                        10/02
LATEST                          05/05
.................................................................

WIND (MPH)
AVERAGE WIND SPEED              8.9
RESULTANT WIND SPEED/DIRECTION   1/252
HIGHEST WIND SPEED/DIRECTION    37/210    DATE  05/07
HIGHEST GUST SPEED/DIRECTION    47/180    DATE  05/07

SKY COVER
POSSIBLE SUNSHINE (PERCENT)   MM
AVERAGE SKY COVER           0.40
NUMBER OF DAYS FAIR           41
NUMBER OF DAYS PC             33
NUMBER OF DAYS CLOUDY         17

AVERAGE RH (PERCENT)     62

WEATHER CONDITIONS. NUMBER OF DAYS WITH
THUNDERSTORM              0     MIXED PRECIP               0
HEAVY RAIN                9     RAIN                      13
LIGHT RAIN               34     FREEZING RAIN              0
LT FREEZING RAIN          1     HAIL                       0
HEAVY SNOW                0     SNOW                       3
LIGHT SNOW               13     SLEET                      0
FOG                      38     FOG W/VIS <= 1/4 MILE      3
HAZE                      8

-  INDICATES NEGATIVE NUMBERS.
R  INDICATES RECORD WAS SET OR TIED.
MM INDICATES DATA IS MISSING.
T  INDICATES TRACE AMOUNT.

$$

ECKBERG
