000
CXUS51 KRNK 012232
CLSBLF


CLIMATE REPORT
NATIONAL WEATHER SERVICE BLACKSBURG VA
626 PM EDT THU SEP 1 2016

...................................

...THE BLUEFIELD WV CLIMATE SUMMARY FOR THE SEASON, FROM
6/1/2016 TO 8/31/2016...

CLIMATE NORMAL PERIOD 1981 TO 2010
CLIMATE RECORD PERIOD 1959 TO 2016

WEATHER         OBSERVED          NORMAL  DEPART  LAST YEAR`S
                 VALUE   DATE(S)  VALUE   FROM    VALUE
                                          NORMAL
.............................................................
TEMPERATURE (F)
RECORD
 HIGH              97   06/29/2012
 LOW               37   06/11/1972
HIGHEST            89   07/24                         88
                        07/23
LOWEST             47   06/09                         52
AVG. MAXIMUM     79.1              80.2    -1.1     81.5
AVG. MINIMUM     62.7              63.2    -0.5     64.2
MEAN             70.9              71.7    -0.8     72.9
DAYS MAX >= 90      0               2.9    -2.9        0
DAYS MAX <= 32      0               0.0     0.0        0
DAYS MIN <= 32      0               0.0     0.0        0
DAYS MIN <= 0       0               0.0     0.0        0

PRECIPITATION (INCHES)
RECORD
 MAXIMUM        19.16   2006
 MINIMUM         6.12   1997
TOTALS          12.13             11.57    0.56    10.76
DAILY AVG.       0.13              0.13    0.00     0.12
DAYS >= .01        39              36.7     2.3       45
DAYS >= .10        24              22.9     1.1       29
DAYS >= .50         5               8.0    -3.0        5
DAYS >= 1.00        3               2.3     0.7        0
GREATEST
 24 HR. TOTAL    1.75                               1.24

SNOWFALL (INCHES)
TOTALS            0.0                                0.0
DAYS >= TRACE       0                                  0
DAYS >= 1.0         0                                  0
GREATEST
 24 HR TOTAL      0.0                                0.0

DEGREE_DAYS
HEATING TOTAL      16                29     -13        4
COOLING TOTAL     581               644     -63      746
..............................................................

WIND (MPH)
AVERAGE WIND SPEED              5.4
HIGHEST WIND SPEED/DIRECTION    37/240    DATE  07/28
HIGHEST GUST SPEED/DIRECTION    51/240    DATE  07/28

SKY COVER
AVERAGE SKY COVER           0.40

AVERAGE RH (PERCENT)     74

WEATHER CONDITIONS. NUMBER OF DAYS WITH
THUNDERSTORM             26     MIXED PRECIP               0
HEAVY RAIN               22     RAIN                      27
LIGHT RAIN               48     FREEZING RAIN              0
LT FREEZING RAIN          0     HAIL                       0
HEAVY SNOW                0     SNOW                       0
LIGHT SNOW                0     SLEET                      0
FOG                      50     FOG W/VIS <= 1/4 MILE     11
HAZE                      3

-  INDICATES NEGATIVE NUMBERS.
R  INDICATES RECORD WAS SET OR TIED.
MM INDICATES DATA IS MISSING.
T  INDICATES TRACE AMOUNT.

$$

PW
