000
CXUS51 KRNK 011436
CLSBLF


CLIMATE REPORT
NATIONAL WEATHER SERVICE BLACKSBURG VA
1033 AM EDT WED JUN 1 2016

...................................

...THE BLUEFIELD WV CLIMATE SUMMARY FOR THE SEASON, FROM
3/1/2016 TO 5/31/2016...

CLIMATE NORMAL PERIOD 1981 TO 2010
CLIMATE RECORD PERIOD 1959 TO 2016

WEATHER         OBSERVED          NORMAL  DEPART  LAST YEAR`S
                 VALUE   DATE(S)  VALUE   FROM    VALUE
                                          NORMAL
.............................................................
TEMPERATURE (F)
RECORD
 HIGH              90   05/31/2011
 LOW               -2   03/03/1980
HIGHEST            80   05/31                         87
LOWEST             19   03/03                          7
AVG. MAXIMUM     63.0              63.7    -0.7     66.4
AVG. MINIMUM     44.3              44.9    -0.6     46.6
MEAN             53.6              54.3    -0.7     56.5
DAYS MAX >= 90      0               0.1    -0.1        0
DAYS MAX <= 32      1               1.3    -0.3        2
DAYS MIN <= 32     14              14.1    -0.1       10
DAYS MIN <= 0       0               0.0     0.0        0

PRECIPITATION (INCHES)
RECORD
 MAXIMUM        15.42   2011
 MINIMUM         5.68   1969
TOTALS           9.94             11.16   -1.22    12.23
DAILY AVG.       0.11              0.12   -0.01     0.13
DAYS >= .01        44              42.4     1.6       42
DAYS >= .10        26              25.0     1.0       22
DAYS >= .50         6               7.2    -1.2        8
DAYS >= 1.00        2               1.9     0.1        3
GREATEST
 24 HR. TOTAL    1.49                               1.45

SNOWFALL (INCHES)
TOTALS            2.6                                3.1
DAYS >= TRACE      10                                  6
DAYS >= 1.0         1                                  1
GREATEST
 24 HR TOTAL      1.1                                2.6

DEGREE_DAYS
HEATING TOTAL    1053              1072     -19      915
COOLING TOTAL      27                90     -63      157
..............................................................

WIND (MPH)
AVERAGE WIND SPEED              7.6
HIGHEST WIND SPEED/DIRECTION    37/240    DATE  04/07
HIGHEST GUST SPEED/DIRECTION    51/290    DATE  04/02

SKY COVER
AVERAGE SKY COVER           0.50

AVERAGE RH (PERCENT)     61

WEATHER CONDITIONS. NUMBER OF DAYS WITH
THUNDERSTORM              9     MIXED PRECIP               0
HEAVY RAIN               10     RAIN                      25
LIGHT RAIN               49     FREEZING RAIN              0
LT FREEZING RAIN          0     HAIL                       0
HEAVY SNOW                1     SNOW                       2
LIGHT SNOW               10     SLEET                      0
FOG                      40     FOG W/VIS <= 1/4 MILE     10
HAZE                      0

-  INDICATES NEGATIVE NUMBERS.
R  INDICATES RECORD WAS SET OR TIED.
MM INDICATES DATA IS MISSING.
T  INDICATES TRACE AMOUNT.

$$
