950
CXUS53 KDVN 011158
CLSCID


CLIMATE REPORT
NATIONAL WEATHER SERVICE QUAD CITIES IA IL
649 AM CDT THU SEP 1 2016

...................................

...THE CEDAR RAPIDS IA CLIMATE SUMMARY FOR THE SEASON, FROM
6/1/2016 TO 8/31/2016...

CLIMATE NORMAL PERIOD 1981 TO 2010
CLIMATE RECORD PERIOD 1891 TO 2016

WEATHER         OBSERVED          NORMAL  DEPART
                 VALUE   DATE(S)  VALUE   FROM
                                          NORMAL
................................................
TEMPERATURE (F)
RECORD
 HIGH             110   07/05/1911
 LOW               36   06/04/1945
HIGHEST            92   07/21        84       8
                        06/10
LOWEST             48   06/08        55      -7
AVG. MAXIMUM     82.7              81.8     0.9
AVG. MINIMUM     63.0              60.6     2.4
MEAN             72.8              71.2     1.6
DAYS MAX >= 90      6
DAYS MAX <= 32      0
DAYS MIN <= 32      0
DAYS MIN <= 0       0

PRECIPITATION (INCHES)
TOTALS          19.87             13.86    6.01
DAILY AVG.       0.22              0.15    0.07
DAYS >= .01        34
DAYS >= .10        24
DAYS >= .50        12
DAYS >= 1.00        4
GREATEST
 24 HR. TOTAL    5.02   08/11 TO 08/12

DEGREE_DAYS
HEATING TOTAL       9                49     -40
 SINCE 7/1          4                19     -15
COOLING TOTAL     751               620     131
 SINCE 1/1        811               668     143
.................................................

WIND (MPH)
AVERAGE WIND SPEED              7.2
HIGHEST WIND SPEED/DIRECTION    43/300    DATE  07/06
HIGHEST GUST SPEED/DIRECTION    62/310    DATE  07/06

SKY COVER
POSSIBLE SUNSHINE (PERCENT)   MM
AVERAGE SKY COVER           0.30
NUMBER OF DAYS FAIR           66
NUMBER OF DAYS PC             23
NUMBER OF DAYS CLOUDY          3

AVERAGE RH (PERCENT)     80

WEATHER CONDITIONS. NUMBER OF DAYS WITH
THUNDERSTORM             27     HAIL                       0
SLEET                     0     FOG                       61
FOG W/VIS <= 1/4 MILE     9     HAZE                       6

-  INDICATES NEGATIVE NUMBERS.
R  INDICATES RECORD WAS SET OR TIED.
MM INDICATES DATA IS MISSING.
T  INDICATES TRACE AMOUNT.

$$
