664
CXUS55 KPUB 040408
CLSCOS

CLIMATE REPORT
NATIONAL WEATHER SERVICE PUEBLO
1008 PM MDT SAT SEP 3 2016

...................................

...THE COLORADO SPRINGS CO CLIMATE SUMMARY FOR THE SEASON, FROM
6/1/2016 TO 8/31/2016...

CLIMATE NORMAL PERIOD 1981 TO 2010
CLIMATE RECORD PERIOD 1872 TO 2016

WEATHER         OBSERVED          NORMAL  DEPART  LAST YEAR`S
                 VALUE   DATE(S)  VALUE   FROM    VALUE  DATE(S)
                                          NORMAL
................................................................
TEMPERATURE (F)
RECORD
 HIGH             101   06/21/2016
                        06/26/2012

 LOW               27   06/01/1903

HIGHEST           101R  06/21                         94  08/06
LOWEST             43   08/25                         45  08/20
AVG. MAXIMUM     85.6              81.8     3.8     83.1
AVG. MINIMUM     56.9              54.7     2.2     56.9
MEAN             71.2              68.3     2.9     70.0
DAYS MAX >= 90     31              13.9    17.1
DAYS MAX <= 32      0               0.0     0.0
DAYS MIN <= 32      0               0.0     0.0
DAYS MIN <= 0       0               0.0     0.0

PRECIPITATION (INCHES)
RECORD
 MAXIMUM        16.85   1965
 MINIMUM         2.47   1939

TOTALS           6.51              8.68   -2.17    10.59
DAILY AVG.       0.07              0.09   -0.02
DAYS >= .01        34              35.3    -1.3
DAYS >= .10        16              18.0    -2.0
DAYS >= .50         4               4.9    -0.9
DAYS >= 1.00        1               1.7    -0.7
GREATEST
 24 HR. TOTAL    1.47   08/28 TO 08/29

SNOWFALL (INCHES)
RECORDS
 TOTAL            2.0   1917

TOTALS              T               0.0     0.0        T
SINCE 7/1           T               0.0     0.0        T
SNOWDEPTH AVG.      0
DAYS >= 1.0         0               0.0     0.0
GREATEST
 SNOW DEPTH         0                                  0
 24 HR TOTAL        T                                0.0

DEGREE_DAYS
HEATING TOTAL      29               110     -81       29
 SINCE 7/1         21                31     -10       19
COOLING TOTAL     624               409     215      515
 SINCE 1/1        626               418     208      515
.................................................................

WIND (MPH)
AVERAGE WIND SPEED              8.8
HIGHEST WIND SPEED/DIRECTION    45/030    DATE  06/28
HIGHEST GUST SPEED/DIRECTION    63/140    DATE  08/23

SKY COVER
POSSIBLE SUNSHINE (PERCENT)   MM
AVERAGE SKY COVER           0.50
NUMBER OF DAYS FAIR           15
NUMBER OF DAYS PC             67
NUMBER OF DAYS CLOUDY         10

AVERAGE RH (PERCENT)     48

WEATHER CONDITIONS. NUMBER OF DAYS WITH
THUNDERSTORM             50     MIXED PRECIP               0
HEAVY RAIN               13     RAIN                      19
LIGHT RAIN               57     FREEZING RAIN              0
LT FREEZING RAIN          0     HAIL                       6
HEAVY SNOW                0     SNOW                       0
LIGHT SNOW                0     SLEET                      0
FOG                      16     FOG W/VIS <= 1/4 MILE      4
HAZE                      9

-  INDICATES NEGATIVE NUMBERS.
R  INDICATES RECORD WAS SET OR TIED.
MM INDICATES DATA IS MISSING.
T  INDICATES TRACE AMOUNT.

$$
