000
CXUS53 KDDC 020134
CLSDDC


CLIMATE REPORT
NATIONAL WEATHER SERVICE DODGE CITY KS
714 PM CST SUN MAR 1 2015

...................................

...THE DODGE CITY KS CLIMATE SUMMARY FOR THE SEASON, FROM
12/1/2014 TO 2/28/2015...

CLIMATE NORMAL PERIOD 1981 TO 2010
CLIMATE RECORD PERIOD 1875 TO 2015

WEATHER         OBSERVED          NORMAL  DEPART  LAST YEAR`S
                 VALUE   DATE(S)  VALUE   FROM    VALUE  DATE(S)
                                          NORMAL
................................................................
TEMPERATURE (F)
RECORD
 HIGH              86   02/01/1963
                        12/24/1955
 LOW              -26   02/12/1899
HIGHEST            80   01/27        MM      MM       73  02/18
LOWEST             -3   12/31        MM      MM      -11  01/06
AVG. MAXIMUM     45.9              45.6     0.3     42.1
AVG. MINIMUM     22.5              21.5     1.0     17.7
MEAN             34.2              33.6     0.6     29.9
DAYS MAX >= 90      0               0.0     0.0        0
DAYS MAX <= 32     17              15.6     1.4       29
DAYS MIN <= 32     80              80.0     0.0       86
DAYS MIN <= 0       2               2.6    -0.6        4

PRECIPITATION (INCHES)
RECORD
 MAXIMUM         5.70   1877
 MINIMUM         0.06   1922
TOTALS           2.30              2.10    0.20     1.32
DAILY AVG.       0.02              0.02    0.00     0.02
DAYS >= .01        21              12.9     8.1       12
DAYS >= .10         8               5.6     2.4        4
DAYS >= .50         0               0.9    -0.9        0
DAYS >= 1.00        0               0.1    -0.1        0
GREATEST
 24 HR. TOTAL    0.47   12/04 TO 12/05           12/21 TO 12/21

SNOWFALL (INCHES)
RECORDS
 TOTAL           38.4   1897
 24 HR TOTAL     15.0   02/25/1912
 SNOW DEPTH        13   02/18/1993
TOTALS           19.2              12.9     6.3     19.5
SINCE 7/1        21.4              15.1     6.3     24.5
DAYS >= TRACE      20               9.4    10.6       23
DAYS >= 1.0        10               3.6     6.4        7
GREATEST
 SNOW DEPTH         6   02/24                          7  02/11
 24 HR TOTAL      5.1   02/21 TO 02/22           02/04 TO 02/04

DEGREE_DAYS
HEATING TOTAL    2750              2833     -83     3129
 SINCE 7/1       3748              3847     -99     4157
COOLING TOTAL       0                 0       0        0
 SINCE 1/1          0                 0       0        0
.....................................................

WIND (MPH)
AVERAGE WIND SPEED              12.2
RESULTANT WIND SPEED/DIRECTION   2/287
HIGHEST WIND SPEED/DIRECTION    39/360    DATE  01/03
HIGHEST GUST SPEED/DIRECTION    52/350    DATE  02/04

SKY COVER
POSSIBLE SUNSHINE (PERCENT)   MM
AVERAGE SKY COVER           0.40
NUMBER OF DAYS FAIR           48
NUMBER OF DAYS PC             25
NUMBER OF DAYS CLOUDY         17

AVERAGE RH (PERCENT)     63

WEATHER CONDITIONS. NUMBER OF DAYS WITH
THUNDERSTORM              1     MIXED PRECIP               0
HEAVY RAIN                1     RAIN                       1
LIGHT RAIN               12     FREEZING RAIN              0
LT FREEZING RAIN          1     HAIL                       0
HEAVY SNOW                0     SNOW                       5
LIGHT SNOW               19     SLEET                      0
FOG                      37     FOG W/VIS <= 1/4 MILE     13
HAZE                     28

-  INDICATES NEGATIVE NUMBERS.
R  INDICATES RECORD WAS SET OR TIED.
MM INDICATES DATA IS MISSING.
T  INDICATES TRACE AMOUNT.

$$
