000
CXUS53 KEAX 020357 RRA
CLSDMO

STLCLMWS4 000
TTAA00 KEAX 020354


CLIMATE REPORT
NATIONAL WEATHER SERVICE KANSAS CITY/PLEASANT HILL MO
1050 PM CDT TUE SEP 1 2015

...................................

...THE SEDALIA CLIMATE SUMMARY FOR THE SEASON, FROM
6/1/2015 TO 8/31/2015...

CLIMATE NORMAL PERIOD 1981 TO 2010
CLIMATE RECORD PERIOD 9999 TO 9999

WEATHER         OBSERVED          NORMAL  DEPART  LAST YEAR`S
                 VALUE   DATE(S)  VALUE   FROM    VALUE  DATE(S)
                                          NORMAL
................................................................
TEMPERATURE (F)
HIGHEST            96   07/28        98      -2       97  08/24
                        07/14
LOWEST             53   08/24        49       4       54  07/16
AVG. MAXIMUM     85.8              87.7    -1.9     85.5
AVG. MINIMUM     67.7              67.1     0.6     66.2
MEAN             76.8              77.4    -0.6     75.9
DAYS MAX >= 90     32              29.7     2.3       29
DAYS MAX <= 32      0               0.0     0.0        0
DAYS MIN <= 32      0               0.0     0.0        0
DAYS MIN <= 0       0               0.0     0.0        0

PRECIPITATION (INCHES)
TOTALS          14.80             12.79    2.01    10.20
DAILY AVG.       0.16              0.14    0.02     0.11
DAYS >= .01        31              26.6     4.4       27
DAYS >= .10        22              18.1     3.9       16
DAYS >= .50         8               8.9    -0.9        8
DAYS >= 1.00        3               4.0    -1.0        4
GREATEST
 24 HR. TOTAL    4.25   MM

DEGREE_DAYS
HEATING TOTAL       5                 7      -2        0
COOLING TOTAL    1112              1146     -34     1022
.................................................................

WIND (MPH)
AVERAGE WIND SPEED              7.2
HIGHEST WIND SPEED/DIRECTION    29/020    DATE  06/25
HIGHEST GUST SPEED/DIRECTION    38/360    DATE  07/29

SKY COVER
POSSIBLE SUNSHINE (PERCENT)   MM
AVERAGE SKY COVER           0.30
NUMBER OF DAYS FAIR           66
NUMBER OF DAYS PC             18
NUMBER OF DAYS CLOUDY          8

AVERAGE RH (PERCENT)     73

WEATHER CONDITIONS. NUMBER OF DAYS WITH
THUNDERSTORM             12     MIXED PRECIP               0
HEAVY RAIN               19     RAIN                      18
LIGHT RAIN               33     FREEZING RAIN              0
LT FREEZING RAIN          0     HAIL                       0
HEAVY SNOW                0     SNOW                       0
LIGHT SNOW                0     SLEET                      0
FOG                      49     FOG W/VIS <= 1/4 MILE      2
HAZE                     12

-  INDICATES NEGATIVE NUMBERS.
R  INDICATES RECORD WAS SET OR TIED.
MM INDICATES DATA IS MISSING.
T  INDICATES TRACE AMOUNT.

$$
