000
CXUS53 KDVN 011630
CLSDVN


CLIMATE REPORT
NATIONAL WEATHER SERVICE QUAD CITIES IA IL
1130 AM CDT SUN JUN 1 2014

...................................

...THE DAVENPORT IA CLIMATE SUMMARY FOR THE SEASON, FROM
3/1/2014 TO 5/31/2014...

CLIMATE NORMAL PERIOD 1981 TO 2010
CLIMATE RECORD PERIOD 9999 TO 9999

WEATHER         OBSERVED          NORMAL  DEPART
                 VALUE   DATE(S)  VALUE   FROM
                                          NORMAL
................................................
TEMPERATURE (F)
HIGHEST            90   05/31        77      13
LOWEST            -13   03/03        23     -36
AVG. MAXIMUM     58.6              60.6    -2.0
AVG. MINIMUM     36.6              38.9    -2.3
MEAN             47.6              49.8    -2.2
DAYS MAX >= 90      1
DAYS MAX <= 32      9
DAYS MIN <= 32     33
DAYS MIN <= 0       2

PRECIPITATION (INCHES)
TOTALS           8.77             10.28   -1.51
DAILY AVG.       0.10              0.11   -0.01
DAYS >= .01        34
DAYS >= .10        14
DAYS >= .50         6
DAYS >= 1.00        2
GREATEST
 24 HR. TOTAL    1.63   05/12 TO 05/13

SNOWFALL (INCHES)
TOTALS            7.4
SINCE 7/1        50.2
SNOWDEPTH AVG.      0
DAYS >= TRACE      17
DAYS >= 1.0         2
GREATEST
 SNOW DEPTH         4   03/02
 24 HR TOTAL      4.0   03/01 TO 03/01

DEGREE_DAYS
HEATING TOTAL    1689              1462     227
 SINCE 7/1       7552              6487    1065
COOLING TOTAL     108                61      47
 SINCE 1/1        108                61      47
.................................................

WIND (MPH)
AVERAGE WIND SPEED              12.4
HIGHEST WIND SPEED/DIRECTION    49/270    DATE  04/13
HIGHEST GUST SPEED/DIRECTION    59/270    DATE  04/13

SKY COVER
POSSIBLE SUNSHINE (PERCENT)   MM
AVERAGE SKY COVER           0.40
NUMBER OF DAYS FAIR           57
NUMBER OF DAYS PC             19
NUMBER OF DAYS CLOUDY         16

AVERAGE RH (PERCENT)     65

WEATHER CONDITIONS. NUMBER OF DAYS WITH
THUNDERSTORM             19     HAIL                       5
SLEET                     0     FOG                       42
FOG W/VIS <= 1/4 MILE     2     HAZE                      33

-  INDICATES NEGATIVE NUMBERS.
R  INDICATES RECORD WAS SET OR TIED.
MM INDICATES DATA IS MISSING.
T  INDICATES TRACE AMOUNT.

$$
