000
CXUS53 KFGF 011047 AAA
CLSFAR

CLIMATE REPORT
NATIONAL WEATHER SERVICE EASTERN NORTH DAKOTA/GRAND FORKS
427 AM CST FRI DEC 1 2017

...................................

...THE FARGO HECTOR INTL AP ND CLIMATE SUMMARY FOR THE SEASON, FROM
9/1/2017 TO 11/30/2017...

CLIMATE NORMAL PERIOD 1981 TO 2010
CLIMATE RECORD PERIOD 1881 TO 2017

WEATHER         OBSERVED          NORMAL  DEPART  LAST YEAR`S
                 VALUE   DATE(S)  VALUE   FROM    VALUE  DATE(S)
                                          NORMAL
................................................................
TEMPERATURE (F)
RECORD
 HIGH             102   09/08/1959
 LOW              -27   11/30/1905
HIGHEST            93   09/12       102      -9       84  09/11
                                                          09/03
LOWEST              4   11/09       -27      31       19  11/19
                        11/07
AVG. MAXIMUM     56.4              54.7     1.7     60.8
AVG. MINIMUM     35.4              34.3     1.1     41.8
MEAN             45.9              44.5     1.4     51.3
DAYS MAX >= 90      2               0.9     1.1        0
DAYS MAX <= 32     12              10.9     1.1        2
DAYS MIN <= 32     40              38.8     1.2       20
DAYS MIN <= 0       0               1.8    -1.8        0

PRECIPITATION (INCHES)
RECORD
 MAXIMUM        10.67   2008
 MINIMUM         0.97   1976
TOTALS           3.96              5.72   -1.76     6.79
DAILY AVG.       0.04              0.06   -0.02     0.08
DAYS >= .01        23              24.1    -1.1       24
DAYS >= .10        12              12.2    -0.2       14
DAYS >= .50         2               3.6    -1.6        5
DAYS >= 1.00        0               1.1    -1.1        2
GREATEST
 24 HR. TOTAL    1.22   MM                       11/30 TO 11/30
                                                          11/30 TO 11/30
                                                          11/30 TO 11/30
 STORM TOTAL       MM                                 MM
 (MM/DD(HH))            MM                    11/30(00) TO 11/30(00)
                                                 11/30(00) TO 11/30(00)0
                                                 11/30(00) TO 11/30(00)0

SNOWFALL (INCHES)
RECORDS
 TOTAL           35.3   1896
 24 HR TOTAL     14.0   11/14/1909 TO 11/14/1909
 SNOW DEPTH        MM   MM
TOTALS            3.7               8.6    -4.9      3.7
 LIQUID EQUIV    0.37              0.90   -0.53     0.37
SINCE 7/1         3.7               8.6    -4.9      3.7
 LIQUID 7/1      0.37              0.90   -0.53     0.37
SNOWDEPTH AVG.      0                MM      MM        0
DAYS >= TRACE      15               6.2     8.8        6
DAYS >= 1.0         1               2.5    -1.5        1
GREATEST
 SNOW DEPTH         1   11/01                          3  11/18
 24 HR TOTAL      1.3   MM                       11/30 TO 11/30
                                                          11/30 TO 11/30
                                                          11/30 TO 11/30
 STORM TOTAL       MM                                 MM
 (MM/DD(HH))            MM                    11/30(00) TO 11/30(00)
                                                 11/30(00) TO 11/30(00)0
                                                 11/30(00) TO 11/30(00)0

DEGREE_DAYS
HEATING TOTAL    1782              1912    -130     1288
 SINCE 7/1         MM              1962      MM       MM
COOLING TOTAL      71                46      25       58
 SINCE 1/1        518               551     -33      661

FREEZE DATES
RECORD
 EARLIEST     MM
 LATEST       MM
EARLIEST                        MM
LATEST                          MM
.................................................

WIND (MPH)
AVERAGE WIND SPEED              11.6
RESULTANT WIND SPEED/DIRECTION   3/232
HIGHEST WIND SPEED/DIRECTION    45/340    DATE  10/26
HIGHEST GUST SPEED/DIRECTION    58/350    DATE  10/26

SKY COVER
POSSIBLE SUNSHINE (PERCENT)   MM
AVERAGE SKY COVER           0.40
NUMBER OF DAYS FAIR           47
NUMBER OF DAYS PC             26
NUMBER OF DAYS CLOUDY         18

AVERAGE RH (PERCENT)     70

WEATHER CONDITIONS. NUMBER OF DAYS WITH
THUNDERSTORM              0     MIXED PRECIP               0
HEAVY RAIN                5     RAIN                       8
LIGHT RAIN               20     FREEZING RAIN              0
LT FREEZING RAIN          0     HAIL                       0
HEAVY SNOW                0     SNOW                       0
LIGHT SNOW               12     SLEET                      0
FOG                      28     FOG W/VIS <= 1/4 MILE      2
HAZE                      5

-  INDICATES NEGATIVE NUMBERS.
R  INDICATES RECORD WAS SET OR TIED.
MM INDICATES DATA IS MISSING.
T  INDICATES TRACE AMOUNT.

&&

REMARKS...

THE SEPTEMBER TO NOVEMBER FALL OF 2017 WAS MARKED BY EARLY WINTER
WEATHER AT THE END OF THE MONTH OF OCTOBER FOLLOWED BY FLUCTUATING
TEMPERATURE BELOW AND ABOVE AVERAGE TEMPERATURES THROUGH NOVEMBER.
AT THE FARGO CLIMATE STATION THE HIGHEST TEMPERATURE REACHED 94
DEGREES ON SEPT 12 AND DROPPED TO THE COLDEST TEMPERATURE OFFOUR
DEGREES ON NOV 9. THE FALL OF 2017 WAS BELOW AVERAGE IN
PRECIPITATION WITH 3.96 INCHES OF PRECIPITATION FALLING DURING THE
THREE MONTH PERIOD. THIS IS 1.76 INCHES BELOW THE SEASONAL AVERAGE.
3.7 INCHES OF SNOW FELL THIS FALL, WHICH IS 4.9 INCHES BELOW THE
SEASONAL AVERAGE OF 8.6 INCHES.


REMEMBER... THIS DATA IS PROVISIONAL AND SUBJECT TO CHANGE. THE
FINAL AND OFFICIAL RECORDS WILL BE AVAILABLE FROM THE NATIONAL
CENTERS FOR ENVIRONMENTAL INFORMATION (FORMERLY THE NATIONAL CLIMATE
DATA CENTER).

$$
