000
CXUS53 KGRB 040004
CLSGRB

CLIMATE REPORT
NATIONAL WEATHER SERVICE GREEN BAY
658 PM CDT SUN SEP 3 2017

...................................

...THE GREEN BAY WI CLIMATE SUMMARY FOR THE SUMMER, FROM
6/1/2017 TO 8/31/2017...

CLIMATE NORMAL PERIOD 1981 TO 2010
CLIMATE RECORD PERIOD 1886 TO 2017

WEATHER         OBSERVED          NORMAL  DEPART  LAST YEAR`S
                 VALUE   DATE(S)  VALUE   FROM    VALUE  DATE(S)
                                          NORMAL
................................................................
TEMPERATURE (F)
RECORD
 HIGH             104   07/13/1936
 LOW               32   06/06/1958
HIGHEST            88   06/10        94      -6       91  06/11
LOWEST             43   08/25        40       3       44  06/08
AVG. MAXIMUM     78.4              77.6     0.8     80.1
AVG. MINIMUM     57.6              56.5     1.1     59.1
MEAN             68.0              67.0     1.0     69.6
DAYS MAX >= 90      0               3.1    -3.1        3
DAYS MAX <= 32      0               0.0     0.0        0
DAYS MIN <= 32      0               0.0     0.0        0
DAYS MIN <= 0       0               0.0     0.0        0

PRECIPITATION (INCHES)
RECORD
 MAXIMUM        20.66   2010
 MINIMUM         4.42   1976
TOTALS          12.39             10.75    1.64    10.44
DAILY AVG.       0.14              0.12    0.02     0.11
DAYS >= .01        41              31.1     9.9       35
DAYS >= .10        27              19.4     7.6       26
DAYS >= .50         9               7.2     1.8        7
DAYS >= 1.00        2               2.7    -0.7        2

SNOWFALL (INCHES)
RECORDS
 TOTAL              T   MM
 24 HR TOTAL       MM
TOTALS            0.0               0.0     0.0      0.0
SINCE 7/1         0.0               0.0     0.0      0.0
DAYS >= TRACE       0               0.0     0.0        0
DAYS >= 1.0         0               0.0     0.0        0
GREATEST
 SNOW DEPTH         0   MM                             0  MM
 24 HR TOTAL      0.0   MM

DEGREE_DAYS
HEATING TOTAL      68               155     -87       38
 SINCE 7/1         41                63     -22       13
COOLING TOTAL     369               344      25      489
 SINCE 1/1        377               362      15      522

FREEZE DATES
RECORD
 EARLIEST     09/12/1955
 LATEST       06/06/1958
EARLIEST                        10/04
LATEST                          05/05
.................................................................

WIND (MPH)
AVERAGE WIND SPEED              6.8
RESULTANT WIND SPEED/DIRECTION   2/259
HIGHEST WIND SPEED/DIRECTION    48/010    DATE  07/15
HIGHEST GUST SPEED/DIRECTION    64/360    DATE  07/15

SKY COVER
POSSIBLE SUNSHINE (PERCENT)   MM
AVERAGE SKY COVER           0.30
NUMBER OF DAYS FAIR           57
NUMBER OF DAYS PC             29
NUMBER OF DAYS CLOUDY          6

AVERAGE RH (PERCENT)     77

WEATHER CONDITIONS. NUMBER OF DAYS WITH
THUNDERSTORM             30     MIXED PRECIP               0
HEAVY RAIN               23     RAIN                      23
LIGHT RAIN               47     FREEZING RAIN              0
LT FREEZING RAIN          0     HAIL                       0
HEAVY SNOW                0     SNOW                       0
LIGHT SNOW                0     SLEET                      0
FOG                      54     FOG W/VIS <= 1/4 MILE      6
HAZE                      3

-  INDICATES NEGATIVE NUMBERS.
R  INDICATES RECORD WAS SET OR TIED.
MM INDICATES DATA IS MISSING.
T  INDICATES TRACE AMOUNT.
...................................
$$
SAC
