000
CXUS53 KJKL 011538
CLSJKL

CLIMATE REPORT
NATIONAL WEATHER SERVICE JACKSON KY
1038 AM EST SUN MAR 1 2015

...................................

...THE JACKSON KY CLIMATE SUMMARY FOR THE SEASON, FROM
12/1/2014 TO 2/28/2015...

CLIMATE NORMAL PERIOD 1981 TO 2010
CLIMATE RECORD PERIOD 1981 TO 2015

WEATHER         OBSERVED          NORMAL  DEPART  LAST YEAR`S
                 VALUE   DATE(S)  VALUE   FROM    VALUE  DATE(S)
                                          NORMAL
................................................................
TEMPERATURE (F)
RECORD
 HIGH              79   02/23/1996
                        12/03/1982
 LOW              -18   01/19/1994
                        01/21/1985
                        01/20/1985
HIGHEST            66   12/24        MM      MM       73  12/21
LOWEST             -7   02/20        MM      MM       -7  01/07
AVG. MAXIMUM     42.2              45.5    -3.3     43.7
AVG. MINIMUM     25.7              28.9    -3.2     25.4
MEAN             33.9              37.2    -3.3     34.6
DAYS MAX >= 90      0               0.0     0.0        0
DAYS MAX <= 32     16              13.3     2.7       16
DAYS MIN <= 32     63              55.2     7.8       64
DAYS MIN <= 0       3               1.0     2.0        5

PRECIPITATION (INCHES)
RECORD
 MAXIMUM        20.59   1991
 MINIMUM         6.06   2007
TOTALS           8.67             11.54   -2.87    14.71
DAILY AVG.       0.10              0.13   -0.03     0.16
DAYS >= .01        40              41.2    -1.2       47
DAYS >= .10        18              23.3    -5.3       29
DAYS >= .50         3               7.5    -4.5       10
DAYS >= 1.00        2               2.6    -0.6        4
GREATEST
 24 HR. TOTAL    1.66   02/21 TO 02/22              2.87

SNOWFALL (INCHES)
RECORDS
 TOTAL           50.3   2010
 24 HR TOTAL     15.1   01/17/1994 TO 01/17/1994
TOTALS           24.2              19.0     5.2     24.1
SINCE 7/1        25.4              19.6     5.8     27.0
SNOWDEPTH AVG.      1                MM      MM        0
DAYS >= 1.0         5               6.2    -1.2        8
GREATEST
 24 HR TOTAL     11.8   02/16 TO 02/16               5.4

DEGREE_DAYS
HEATING TOTAL    2775              2500     275     2714
 SINCE 7/1         MM              3300      MM       MM
COOLING TOTAL       0                 1      -1        0
 SINCE 1/1          0                 0       0        0
.................................................................

WIND (MPH)
AVERAGE WIND SPEED              4.3
RESULTANT WIND SPEED/DIRECTION   1/160
HIGHEST WIND SPEED/DIRECTION    26/300    DATE  02/14
HIGHEST GUST SPEED/DIRECTION    42/300    DATE  02/14

SKY COVER
POSSIBLE SUNSHINE (PERCENT)   MM
NUMBER OF DAYS FAIR           23
NUMBER OF DAYS PC             31
NUMBER OF DAYS CLOUDY         36

AVERAGE RH (PERCENT)     67

WEATHER CONDITIONS. NUMBER OF DAYS WITH
THUNDERSTORM              1     MIXED PRECIP               0
HEAVY RAIN                6     RAIN                      14
LIGHT RAIN               35     FREEZING RAIN              1
LT FREEZING RAIN          6     HAIL                       0
HEAVY SNOW                4     SNOW                       6
LIGHT SNOW               28     SLEET                      4
FOG                      44     FOG W/VIS <= 1/4 MILE     15
HAZE                      2

-  INDICATES NEGATIVE NUMBERS.
R  INDICATES RECORD WAS SET OR TIED.
MM INDICATES DATA IS MISSING.
T  INDICATES TRACE AMOUNT.

$$
