000
CXUS53 KMKX 011615
CLSMKE

CLIMATE REPORT
NATIONAL WEATHER SERVICE IN MILWAUKEE
1115 AM CDT TUE SEP 1 2015

...................................

...THE MILWAUKEE WI CLIMATE SUMMARY FOR THE SEASON, FROM
6/1/2015 TO 8/31/2015...

CLIMATE NORMAL PERIOD 1981 TO 2010
CLIMATE RECORD PERIOD 1871 TO 2015

WEATHER         OBSERVED          NORMAL  DEPART  LAST YEAR`S
                 VALUE   DATE(S)  VALUE   FROM    VALUE  DATE(S)
                                          NORMAL
................................................................
TEMPERATURE (F)
RECORD
 HIGH             105   07/24/1934
 LOW               33   06/04/1945
HIGHEST            93   08/14        95      -2       89  07/22
                        08/02
LOWEST             41   06/02        44      -3       49  06/14
                        06/01                             06/05
AVG. MAXIMUM     76.8              78.0    -1.2     76.1
AVG. MINIMUM     59.4              61.3    -1.9     59.6
MEAN             68.1              69.6    -1.5     67.8
DAYS MAX >= 90      4               6.4    -2.4        0
DAYS MAX <= 32      0               0.0     0.0        0
DAYS MIN <= 32      0               0.0     0.0        0
DAYS MIN <= 0       0               0.0     0.0        0

PRECIPITATION (INCHES)
RECORD
 MAXIMUM        19.48   1986
 MINIMUM         3.27   1918
TOTALS           7.55             11.54   -3.99    14.34
DAILY AVG.       0.08              0.13   -0.05     0.15
DAYS >= .01        24              29.7    -5.7       38
DAYS >= .10        19              19.1    -0.1       27
DAYS >= .50         6               7.6    -1.6       13
DAYS >= 1.00        0               2.7    -2.7        3
GREATEST
 24 HR. TOTAL    1.16   06/11 TO 06/12              1.27 08/23 TO 08/24

DEGREE_DAYS
HEATING TOTAL     150               110      40      100
 SINCE 7/1         48                26      22       26
COOLING TOTAL     461               535     -74      383
 SINCE 1/1        487               565     -78      401

FREEZE DATES
RECORD
 EARLIEST     09/20/1956
 LATEST       05/27/1961
EARLIEST                        10/17
LATEST                          04/27
.................................................................

WIND (MPH)
AVERAGE WIND SPEED              8.2
RESULTANT WIND SPEED/DIRECTION   1/251
HIGHEST WIND SPEED/DIRECTION    38/320    DATE  07/13
HIGHEST GUST SPEED/DIRECTION    51/330    DATE  07/13

SKY COVER
POSSIBLE SUNSHINE (PERCENT)   MM
AVERAGE SKY COVER           0.60
NUMBER OF DAYS FAIR           14
NUMBER OF DAYS PC             60
NUMBER OF DAYS CLOUDY         18

AVERAGE RH (PERCENT)     69

WEATHER CONDITIONS. NUMBER OF DAYS WITH
THUNDERSTORM             13     MIXED PRECIP               0
HEAVY RAIN                9     RAIN                      16
LIGHT RAIN               27     FREEZING RAIN              0
LT FREEZING RAIN          0     HAIL                       1
HEAVY SNOW                0     SNOW                       0
LIGHT SNOW                0     SLEET                      0
FOG                      31     FOG W/VIS <= 1/4 MILE      7
HAZE                     26

-  INDICATES NEGATIVE NUMBERS.
R  INDICATES RECORD WAS SET OR TIED.
MM INDICATES DATA IS MISSING.
T  INDICATES TRACE AMOUNT.

$$
