000
CXUS53 KEAX 011220
CLSOJC

CLIMATE REPORT
NATIONAL WEATHER SERVICE KANSAS CITY/PLEASANT HILL MO
712 AM CDT THU SEP 1 2016

...................................

...THE JOHNSON COUNTY EXECUTIVE CLIMATE SUMMARY FOR THE SEASON, FROM
6/1/2016 TO 8/31/2016...

CLIMATE NORMAL PERIOD 1981 TO 2010
CLIMATE RECORD PERIOD 9999 TO 9999

WEATHER         OBSERVED          NORMAL  DEPART  LAST YEAR`S
                 VALUE   DATE(S)  VALUE   FROM    VALUE  DATE(S)
                                          NORMAL
................................................................
TEMPERATURE (F)
HIGHEST            98   06/22        98       0       97  07/14
                        06/15
LOWEST             56   06/02        52       4       51  08/24
AVG. MAXIMUM     87.1              86.0     1.1     84.9
AVG. MINIMUM     68.1              66.9     1.2     67.1
MEAN             77.6              76.4     1.2     76.0
DAYS MAX >= 90     28              29.6    -1.6       24
DAYS MAX <= 32      0               0.0     0.0        0
DAYS MIN <= 32      0               0.0     0.0        0
DAYS MIN <= 0       0               0.0     0.0        0

PRECIPITATION (INCHES)
TOTALS          14.48             13.22    1.26    17.17
DAILY AVG.       0.16              0.14    0.02     0.19
DAYS >= .01        26              28.2    -2.2       34
DAYS >= .10        16              19.5    -3.5       22
DAYS >= .50         7               8.4    -1.4       11
DAYS >= 1.00        4               4.6    -0.6        6
GREATEST
 24 HR. TOTAL    2.80   MM

DEGREE_DAYS
HEATING TOTAL       0                 9      -9        6
COOLING TOTAL    1165              1060     105     1041
.................................................................

WIND (MPH)
AVERAGE WIND SPEED              7.2
HIGHEST WIND SPEED/DIRECTION    37/340    DATE  08/24
HIGHEST GUST SPEED/DIRECTION    53/360    DATE  07/07

SKY COVER
POSSIBLE SUNSHINE (PERCENT)   MM
AVERAGE SKY COVER           0.20
NUMBER OF DAYS FAIR           70
NUMBER OF DAYS PC             19
NUMBER OF DAYS CLOUDY          3

AVERAGE RH (PERCENT)     72

WEATHER CONDITIONS. NUMBER OF DAYS WITH
THUNDERSTORM             24     MIXED PRECIP               0
HEAVY RAIN               14     RAIN                      14
LIGHT RAIN               32     FREEZING RAIN              0
LT FREEZING RAIN          0     HAIL                       0
HEAVY SNOW                0     SNOW                       0
LIGHT SNOW                0     SLEET                      0
FOG                      33     FOG W/VIS <= 1/4 MILE      7
HAZE                      7

-  INDICATES NEGATIVE NUMBERS.
R  INDICATES RECORD WAS SET OR TIED.
MM INDICATES DATA IS MISSING.
T  INDICATES TRACE AMOUNT.

$$
