000
CXUS54 KLZK 020002
CLSPBF

CLIMATE REPORT
NATIONAL WEATHER SERVICE LITTLE ROCK AR
512 PM CDT TUE SEP 1 2015

...................................

...THE PINE BLUFF CLIMATE SUMMARY FOR THE SEASON, FROM
6/1/2015 TO 8/31/2015...

CLIMATE NORMAL PERIOD 1981 TO 2010
CLIMATE RECORD PERIOD 1883 TO 2015

WEATHER         OBSERVED          NORMAL  DEPART  LAST YEAR`S
                 VALUE   DATE(S)  VALUE   FROM    VALUE  DATE(S)
                                          NORMAL
................................................................
TEMPERATURE (F)
RECORD
 HIGH             112   08/15/1943
 LOW               49   06/02/1984
                        06/03/1956
                        06/12/1903
HIGHEST           100   08/07        91       9       96  08/25
                        07/29                             07/14
LOWEST             57   08/28        71     -14       60  08/14
                                                          07/25
                                                          07/04
AVG. MAXIMUM     91.4              91.0     0.4     87.6
AVG. MINIMUM     71.1              70.5     0.6     68.9
MEAN             81.3              80.8     0.5     78.3
DAYS MAX >= 90     68              57.0    11.0       40
DAYS MAX <= 32      0               0.0     0.0        0
DAYS MIN <= 32      0               0.0     0.0        0
DAYS MIN <= 0       0               0.0     0.0        0

PRECIPITATION (INCHES)
RECORD
 MAXIMUM        20.33   1989
 MINIMUM         0.66   1930
TOTALS           6.66              9.99   -3.33     7.64
DAILY AVG.       0.07              0.11   -0.04     0.08
DAYS >= .01        17              24.9    -7.9       26
DAYS >= .10        12                                 16
DAYS >= .50         5                                  4
DAYS >= 1.00        2               2.8    -0.8        3
GREATEST
 24 HR. TOTAL    1.80   07/03 TO 07/04

SNOWFALL (INCHES)
TOTALS            0.0               0.0     0.0      0.0
 LIQUID EQUIV    0.00              0.00    0.00     0.00
SINCE 7/1         0.0               0.0     0.0      0.0
 LIQUID 7/1      0.00              0.00    0.00     0.00
SNOWDEPTH AVG.      0                 0       0        0
DAYS >= TRACE       0               0.0     0.0        0
DAYS >= 1.0         0               0.0     0.0        0
GREATEST
 SNOW DEPTH         0
 24 HR TOTAL      0.0

DEGREE_DAYS
HEATING TOTAL       0                 0       0        1
 SINCE 7/1          0                 0       0        1
COOLING TOTAL    1518              1451      67     1238
 SINCE 1/1       1847              1758      89     1501

FREEZE DATES
RECORD
 EARLIEST     10/10/2000
 LATEST       04/25/1910
EARLIEST                        11/12
LATEST                          03/16
.........................................................

WIND (MPH)
AVERAGE WIND SPEED              5.8
HIGHEST WIND SPEED/DIRECTION    30/030    DATE  07/15
HIGHEST GUST SPEED/DIRECTION    40/330    DATE  06/26

SKY COVER
POSSIBLE SUNSHINE (PERCENT)   MM
AVERAGE SKY COVER           0.20
NUMBER OF DAYS FAIR           77
NUMBER OF DAYS PC             14
NUMBER OF DAYS CLOUDY          1

AVERAGE RH (PERCENT)     72

WEATHER CONDITIONS. NUMBER OF DAYS WITH
THUNDERSTORM              0     MIXED PRECIP               0
HEAVY RAIN               10     RAIN                       7
LIGHT RAIN               22     FREEZING RAIN              0
LT FREEZING RAIN          0     HAIL                       0
HEAVY SNOW                0     SNOW                       0
LIGHT SNOW                0     SLEET                      0
FOG                      29     FOG W/VIS <= 1/4 MILE      2
HAZE                      7

-  INDICATES NEGATIVE NUMBERS.
R  INDICATES RECORD WAS SET OR TIED.
MM INDICATES DATA IS MISSING.
T  INDICATES TRACE AMOUNT.

&&

...DATA FOR PINE BLUFF FOR SUMMER 2015...

.SUMMARY...
JULY WAS THE HOTTEST MONTH. JUNE AND AUGUST WERE COMPARATIVELY
SIMILAR...BUT JUNE WAS 0.2 DEGREES COOLER. FOR THE FIRST SUMMER
SINCE 2013...PINE BLUFF REACHED THE 100-DEGREE MARK...ON
ONE DAY IN LATE JULY...AND ONE DAY IN EARLY AUGUST.

RAINFALL WAS BELOW AVERAGE FOR THE THIRD SUMMER IN A ROW.

.TEMPERATURES
THE AVERAGE HIGH TEMPERATURE WAS THE WARMEST SINCE 2012. THE AVERAGE
LOW TEMPERATURE WAS THE WARMEST SINCE 2011. THE AVERAGE SEASONAL
TEMPERATURE WAS THE WARMEST SINCE 2012.

.RAINFALL...
IT WAS THE DRIEST SUMMER SINCE 2011.

$$

57
