000
CXUS53 KGRB 021022
CLSRHI

CLIMATE REPORT
NATIONAL WEATHER SERVICE GREEN BAY
522 AM CDT FRI JUN 2 2017

...THE RHINELANDER WI SPRING CLIMATE SUMMARY FROM 3/1/2017 TO
5/31/2017...

CLIMATE NORMAL PERIOD 1981 TO 2010
CLIMATE RECORD PERIOD 1908 TO 2017

WEATHER         OBSERVED          NORMAL  DEPART  LAST YEAR`S
                 VALUE   DATE(S)  VALUE   FROM    VALUE  DATE(S)
                                          NORMAL
................................................................
TEMPERATURE (F)
RECORD
 HIGH              99   05/31/1934
 LOW              -36   03/01/1962
HIGHEST            77   05/27        87     -10       89  05/06
LOWEST             -5   03/03       -10       5        2  03/02
AVG. MAXIMUM     52.2              51.9     0.3     54.1
AVG. MINIMUM     30.3              29.1     1.2     31.8
MEAN             41.3              40.5     0.8     42.9
DAYS MAX >= 90      0               0.1    -0.1        0
DAYS MAX <= 32      9              11.8    -2.8       10
DAYS MIN <= 32     48              51.7    -3.7       47
DAYS MIN <= 0       3               3.4    -0.4        0

PRECIPITATION (INCHES)
RECORD
 MAXIMUM        14.87   1991
 MINIMUM         2.28   1931
TOTALS          14.36              7.64    6.72     9.35
DAILY AVG.       0.16              0.08    0.08     0.10
DAYS >= .01        42                MM      MM       36
DAYS >= .10        25                MM      MM       22
DAYS >= .50         9                MM      MM        5
DAYS >= 1.00        4                MM      MM        1

SNOWFALL (INCHES)
RECORDS
 TOTAL           47.0   1923
 24 HR TOTAL       MM
TOTALS           12.3                MM      MM     21.2
SINCE 7/1        63.8                MM      MM     55.9
DAYS >= TRACE      13                MM      MM       23
DAYS >= 1.0         3                MM      MM        8
GREATEST
 SNOW DEPTH         3   03/01                         11  03/05
                                                          03/04
 24 HR TOTAL      5.4   04/11

DEGREE_DAYS
HEATING TOTAL    2165              2264     -99     2018
 SINCE 7/1        7676             8886   -1210     7701
COOLING TOTAL       2                12     -10       15
 SINCE 1/1          2                12     -10       15

FREEZE DATES
RECORD
 EARLIEST     08/27/1915
 LATEST       07/30/1928
EARLIEST                        09/23
LATEST                          05/20
.................................................................

WIND (MPH)
AVERAGE WIND SPEED              7.6
RESULTANT WIND SPEED/DIRECTION   0/001
HIGHEST WIND SPEED/DIRECTION    40/270    DATE  03/08
HIGHEST GUST SPEED/DIRECTION    61/270    DATE  03/07

SKY COVER
POSSIBLE SUNSHINE (PERCENT)   MM
AVERAGE SKY COVER           0.50
NUMBER OF DAYS FAIR           27
NUMBER OF DAYS PC             32
NUMBER OF DAYS CLOUDY         33

AVERAGE RH (PERCENT)     68

WEATHER CONDITIONS. NUMBER OF DAYS WITH
THUNDERSTORM              6     MIXED PRECIP               0
HEAVY RAIN               12     RAIN                      17
LIGHT RAIN               45     FREEZING RAIN              1
LT FREEZING RAIN          4     HAIL                       0
HEAVY SNOW                1     SNOW                       4
LIGHT SNOW               16     SLEET                      0
FOG                      53     FOG W/VIS <= 1/4 MILE     10
HAZE                     12

-  INDICATES NEGATIVE NUMBERS.
R  INDICATES RECORD WAS SET OR TIED.
MM INDICATES DATA IS MISSING.
T  INDICATES TRACE AMOUNT.

$$
ECKBERG
