000
CXUS53 KGRB 020942
CLSRHI

SEASONAL CLIMATE SUMMARY
NATIONAL WEATHER SERVICE GREEN BAY WI
443 AM CDT WED SEP 2 2015

...THE RHINELANDER WI SUMMER CLIMATE SUMMARY FROM 6/1/2015 TO 8/31/2015...

CLIMATE NORMAL PERIOD 1981 TO 2010
CLIMATE RECORD PERIOD 1908 TO 2015

WEATHER         OBSERVED          NORMAL  DEPART  LAST YEAR`S
                 VALUE   DATE(S)  VALUE   FROM    VALUE  DATE(S)
                                          NORMAL
................................................................
TEMPERATURE (F)
RECORD
 HIGH             108   07/13/1936
 LOW               27   06/01/2003
HIGHEST            89   08/15        92      -3       85  06/17
                        08/14
LOWEST             35   06/06        35       0       37  08/14
                        06/02                             06/14
AVG. MAXIMUM     75.3              76.8    -1.5     74.1
AVG. MINIMUM     51.7              52.6    -0.9     52.1
MEAN             63.5              64.7    -1.2     63.1
DAYS MAX >= 90      0               2.1    -2.1        0
DAYS MAX <= 32      0               0.0     0.0        0
DAYS MIN <= 32      0               0.5    -0.5        0
DAYS MIN <= 0       0               0.0     0.0        0

PRECIPITATION (INCHES)
RECORD
 MAXIMUM        21.33   1978
 MINIMUM         5.37   1910
TOTALS          10.08             11.20   -1.12    15.35
DAILY AVG.       0.11              0.12   -0.01     0.17
DAYS >= .01        34                MM      MM       43
DAYS >= .10        21                MM      MM       23
DAYS >= .50         8                MM      MM       12
DAYS >= 1.00        2                MM      MM        5

SNOWFALL (INCHES)
RECORDS
 TOTAL              T   1945
 24 HR TOTAL       MM
TOTALS            0.0                MM      MM      0.0
SINCE 7/1         0.0                MM      MM      0.0
DAYS >= TRACE       0                MM      MM        0
DAYS >= 1.0         0                MM      MM        0
GREATEST
 SNOW DEPTH         0   MM                             0  MM
 24 HR TOTAL      0.0   MM

DEGREE_DAYS
HEATING TOTAL     269               261       8      293
 SINCE 7/1        137               127      10      200
COOLING TOTAL     157               230     -73      140
 SINCE 1/1        162               241     -79      147

FREEZE DATES
RECORD
 EARLIEST     08/27/1915
 LATEST       07/30/1928
EARLIEST                        09/23
LATEST                          05/20
.................................................................

WIND (MPH)
AVERAGE WIND SPEED              6.3
HIGHEST WIND SPEED/DIRECTION    30/260    DATE  08/14
HIGHEST GUST SPEED/DIRECTION    41/260    DATE  08/14

SKY COVER
POSSIBLE SUNSHINE (PERCENT)   MM
AVERAGE SKY COVER           0.40
NUMBER OF DAYS FAIR           48
NUMBER OF DAYS PC             32
NUMBER OF DAYS CLOUDY         12

AVERAGE RH (PERCENT)     73

WEATHER CONDITIONS. NUMBER OF DAYS WITH
THUNDERSTORM             17     MIXED PRECIP               0
HEAVY RAIN               15     RAIN                      17
LIGHT RAIN               38     FREEZING RAIN              0
LT FREEZING RAIN          0     HAIL                       0
HEAVY SNOW                0     SNOW                       0
LIGHT SNOW                0     SLEET                      0
FOG                      73     FOG W/VIS <= 1/4 MILE     19
HAZE                     10

-  INDICATES NEGATIVE NUMBERS.
R  INDICATES RECORD WAS SET OR TIED.
MM INDICATES DATA IS MISSING.
T  INDICATES TRACE AMOUNT.

$$
