000
CXUS53 KARX 030135
CLSRST

CLIMATE REPORT
NATIONAL WEATHER SERVICE LA CROSSE WI
646 PM CST WED DEC 2 2015

...3RD WARMEST METEOROLOGICAL AUTUMN IN ROCHESTER MN...

AUTUMN OF 2015 WAS UNUSUALLY WARM WITH NEAR-NORMAL PRECIPITATION AT
ROCHESTER MN.  MORE DETAILS CAN BE FOUND BELOW.

TEMPERATURES...

FROM SEPTEMBER 1 THROUGH NOVEMBER 30 2015...ROCHESTER INTERNATIONAL
AIRPORT HAD AN AVERAGE TEMPERATURE OF 52.0 DEGREES.  THIS WAS 4.3
DEGREES WARMER THAN THE 1981-2010 NORMAL OF 47.7 DEGREES.  THIS WAS
THE THIRD WARMEST AUTUMN EVER RECORDED.  ONLY 1931 /53.8 DEGREES/
AND 1963 /52.7 DEGREES/ WERE WARMER.  THE TABLE BELOW LISTS THE TOP
TEN WARMEST AUTUMNS IN ROCHESTER MN.

              WARMEST AUTUMNS
              IN ROCHESTER MN
                 1886-2015

                  AVERAGE
      RANK      TEMPERATURE     YEAR
      ----      -----------     ----
        1       54.0 DEGREES    1931
        2       52.7 DEGREES    1963
        3       52.0 DEGREES    2015
        4       51.1 DEGREES    1914
        5       50.7 DEGREES    2007
                50.7 DEGREES    2005
        7       50.3 DEGREES    2011
        8       50.1 DEGREES    1998
        9       50.0 DEGREES    2001
                50.0 DEGREES    1994
                50.0 DEGREES    1971
                50.0 DEGREES    1948

THE TABLE BELOW CONTAINS THE MONTHLY AVERAGE TEMPERATURES AND THEIR
DEPARTURES FROM NORMAL FOR THE AUTUMN OF 2015.

           AUTUMN 2015 TEMPERATURES
               IN ROCHESTER MN

                  AVERAGE            DEPARTURE
   MONTH        TEMPERATURE         FROM NORMAL
   -----        -----------         -----------
   SEPTEMBER   66.2 DEGREES        +5.3 DEGREES - 3RD WARMEST
   OCTOBER     50.5 DEGREES        +2.1 DEGREES
   NOVEMBER    39.3 DEGREES        +5.5 DEGREES - 6TH WARMEST

   AUTUMN      52.0 DEGREES        +4.3 DEGREES - 3RD WARMEST

THE AVERAGE HIGH TEMPERATURE WAS 61.7 DEGREES WHICH WAS 4.6 DEGREES
WARMER THAN 1981-2010 NORMAL OF 57.1 DEGREES. THIS WAS THE SIXTH
WARMEST.

THE AVERAGE LOW TEMPERATURE WAS 42.3 DEGREES WHICH WAS 4.0 DEGREES
WARMER THAN 1981-2010 NORMAL OF 38.3 DEGREES.  THIS WAS THE THIRD
WARMEST.

THE WARMEST HIGH TEMPERATURE WAS 85 DEGREES ON SEPTEMBER 3RD.
THE COLDEST HIGH TEMPERATURE WAS 24 DEGREES ON NOVEMBER 22ND.

THE WARMEST LOW TEMPERATURE WAS 71 DEGREES ON SEPTEMBER 6TH.
THE COLDEST LOW TEMPERATURE WAS  9 DEGREES ON NOVEMBER 21ST.

PRECIPITATION...

FROM SEPTEMBER 1 THROUGH NOVEMBER 30 2015...ROCHESTER INTERNATIONAL
AIRPORT RECEIVED 7.22 INCHES OF PRECIPITATION.  THIS WAS 0.38 INCHES
DRIER THAN THE 1981-2010 NORMAL 7.60 INCHES.

THE TABLE BELOW CONTAINS THE MONTHLY PRECIPITATION TOTALS AND THEIR
DEPARTURES FROM NORMAL FOR THE AUTUMN OF 2015.

          AUTUMN 2015 PRECIPITATION
               IN ROCHESTER MN

                PRECIPITATION         DEPARTURE
   MONTH            TOTAL            FROM NORMAL
   -----        ------------         -----------
   SEPTEMBER    2.88 INCHES         -0.57 INCHES
   OCTOBER      1.26 INCHES         -0.98 INCHES
   NOVEMBER     3.08 INCHES         +1.17 INCHES

   AUTUMN       7.22 INCHES         -0.38 INCHES

THE HIGHEST DAILY PRECIPITATION TOTAL WAS 1.55 INCHES ON SEPTEMBER
17TH.  THIS WAS 21.5 PERCENT OF THE AUTUMN PRECIPITATION.

SNOWFALL...

FROM SEPTEMBER 1 THROUGH NOVEMBER 30 2015...ROCHESTER INTERNATIONAL
AIRPORT RECEIVED JUST 2.5 INCHES OF SNOW.  THIS WAS 4.4 INCHES LOWER
THAN THEIR 1981-2010 NORMAL OF 6.9 INCHES.

THE TABLE BELOW CONTAINS THE MONTHLY SNOWFALL TOTALS AND THEIR
DEPARTURES FROM NORMAL FOR THE AUTUMN OF 2015.

            AUTUMN 2015 SNOWFALL
               IN ROCHESTER MN

                  SNOWFALL            DEPARTURE
   MONTH            TOTAL            FROM NORMAL
   -----        ------------         -----------
   SEPTEMBER     0.0 INCHES           0.0 INCHES
   OCTOBER       0.2 INCHES          -0.6 INCHES
   NOVEMBER      2.3 INCHES          -3.8 INCHES

   AUTUMN        2.5 INCHES          -4.4 INCHES

THE HIGHEST DAILY SNOWFALL TOTAL WAS 1.3 INCHES ON NOVEMBER 20TH.

...................................

...THE ROCHESTER MN CLIMATE SUMMARY FOR THE SEASON, FROM
9/1/2015 TO 11/30/2015...

CLIMATE NORMAL PERIOD 1981 TO 2010
CLIMATE RECORD PERIOD 1886 TO 2015

WEATHER         OBSERVED          NORMAL  DEPART  LAST YEAR`S
                 VALUE   DATE(S)  VALUE   FROM    VALUE  DATE(S)
                                          NORMAL
................................................................
TEMPERATURE (F)
RECORD
 HIGH             100   09/06/1913
 LOW              -24   11/28/1887
HIGHEST            88   09/03        MM      MM       85  09/04
LOWEST              9   11/21        MM      MM       -8  11/27
AVG. MAXIMUM     61.7              57.1     4.6
AVG. MINIMUM     42.3              38.3     4.0     34.6
MEAN             52.0              47.7     4.3     44.0
DAYS MAX >= 90      0               0.2    -0.2        0
DAYS MAX <= 32      4               6.2    -2.2       16
DAYS MIN <= 32     19              29.9   -10.9       34
DAYS MIN <= 0       0               0.7    -0.7        3

PRECIPITATION (INCHES)
RECORD
 MAXIMUM           MM   MM
 MINIMUM           MM   MM
TOTALS           7.22              7.60   -0.38     6.82
DAILY AVG.       0.08              0.08    0.00
DAYS >= .01        25              28.6    -3.6       31
DAYS >= .10        16              14.7     1.3       15
DAYS >= .50         3               4.5    -1.5        4
DAYS >= 1.00        1               1.6    -0.6        2
GREATEST
 24 HR. TOTAL    1.55   MM
 STORM TOTAL     0.57
 (MM/DD(HH))            MM

SNOWFALL (INCHES)
RECORDS
 TOTAL             MM   5
 24 HR TOTAL       MM
TOTALS            2.5               6.9    -4.4
 LIQUID EQUIV    0.25              0.70   -0.45
SINCE 7/1         2.5               6.9    -4.4
DAYS >= TRACE       5               6.1    -1.1
DAYS >= 1.0         1               2.0    -1.0
GREATEST
 SNOW DEPTH         1   11/30
 24 HR TOTAL      1.3   MM
 STORM TOTAL      0.2
 (MM/DD(HH))            MM

DEGREE_DAYS
HEATING TOTAL    1291              1633    -342
 SINCE 7/1         MM              1672      MM
COOLING TOTAL     132                60      72
 SINCE 1/1        507               585     -78

FREEZE DATES
RECORD
 EARLIEST     MM
 LATEST       MM
EARLIEST                        MM
LATEST                          MM
.................................................................

WIND (MPH)
AVERAGE WIND SPEED              11.8
HIGHEST WIND SPEED/DIRECTION    41/270    DATE  11/19
HIGHEST GUST SPEED/DIRECTION    52/290    DATE  11/19

SKY COVER
POSSIBLE SUNSHINE (PERCENT)   MM
AVERAGE SKY COVER           0.40
NUMBER OF DAYS FAIR           52
NUMBER OF DAYS PC             21
NUMBER OF DAYS CLOUDY         18

AVERAGE RH (PERCENT)     73

WEATHER CONDITIONS. NUMBER OF DAYS WITH
THUNDERSTORM              7     MIXED PRECIP               1
HEAVY RAIN                6     RAIN                      16
LIGHT RAIN               32     FREEZING RAIN              1
LT FREEZING RAIN          2     HAIL                       0
HEAVY SNOW                0     SNOW                       0
LIGHT SNOW                5     SLEET                      0
FOG                      45     FOG W/VIS <= 1/4 MILE      6
HAZE                      7

-  INDICATES NEGATIVE NUMBERS.
R  INDICATES RECORD WAS SET OR TIED.
MM INDICATES DATA IS MISSING.
T  INDICATES TRACE AMOUNT.

$$

BOYNE
