000
CXUS53 KEAX 020443
CLSSTJ

CLIMATE REPORT
NATIONAL WEATHER SERVICE KANSAS CITY/PLEASANT HILL MO
1138 PM CDT THU JUN 1 2017

...................................

...THE ST. JOSEPH MO CLIMATE SUMMARY FOR THE SEASON, FROM
3/1/2017 TO 5/31/2017...

CLIMATE NORMAL PERIOD 1981 TO 2010
CLIMATE RECORD PERIOD 1892 TO 2017

WEATHER         OBSERVED          NORMAL  DEPART  LAST YEAR`S
                 VALUE   DATE(S)  VALUE   FROM    VALUE  DATE(S)
                                          NORMAL
................................................................
TEMPERATURE (F)
RECORD
 HIGH             103   05/30/1934
 LOW              -13   03/04/1978
HIGHEST            92   05/15        90       2       87  05/30
                                                          05/07
                                                          05/29
LOWEST             14   03/03        14       0       16  03/02
AVG. MAXIMUM     66.4              65.2     1.2     67.9
AVG. MINIMUM     43.7              42.4     1.3     43.9
MEAN             55.0              53.8     1.2     55.9
DAYS MAX >= 90      2               2.0     0.0        0
DAYS MAX <= 32      0               1.1    -1.1        0
DAYS MIN <= 32     15              21.5    -6.5       20
DAYS MIN <= 0       0               0.0     0.0        0

PRECIPITATION (INCHES)
RECORD
 MAXIMUM        19.06   1944
 MINIMUM         2.67   1966
TOTALS          11.06             11.46   -0.40    13.22
DAILY AVG.       0.12              0.12    0.00     0.14
DAYS >= .01        30              28.8     1.2       36
DAYS >= .10        18              18.2    -0.2       20
DAYS >= .50         7               7.2    -0.2        8
DAYS >= 1.00        2               2.6    -0.6        3
GREATEST
 24 HR. TOTAL    1.59   MM

DEGREE_DAYS
HEATING TOTAL     963              1142    -179      901
COOLING TOTAL     119               112       7       83
.................................................................

WIND (MPH)
AVERAGE WIND SPEED              10.7
HIGHEST WIND SPEED/DIRECTION    43/220    DATE  05/17
HIGHEST GUST SPEED/DIRECTION    63/200    DATE  05/17

SKY COVER
POSSIBLE SUNSHINE (PERCENT)    0
AVERAGE SKY COVER           0.40
NUMBER OF DAYS FAIR           48
NUMBER OF DAYS PC             22
NUMBER OF DAYS CLOUDY         22

AVERAGE RH (PERCENT)     67

WEATHER CONDITIONS. NUMBER OF DAYS WITH
THUNDERSTORM             15     MIXED PRECIP               0
HEAVY RAIN               10     RAIN                      18
LIGHT RAIN               42     FREEZING RAIN              0
LT FREEZING RAIN          0     HAIL                       0
HEAVY SNOW                0     SNOW                       0
LIGHT SNOW                1     SLEET                      0
FOG                      35     FOG W/VIS <= 1/4 MILE      5
HAZE                      4

-  INDICATES NEGATIVE NUMBERS.
R  INDICATES RECORD WAS SET OR TIED.
MM INDICATES DATA IS MISSING.
T  INDICATES TRACE AMOUNT.

$$
