000
CXUS53 KEAX 010647
CLSSTJ

STLCLMWS2 000
TTAA00 KEAX 010644


CLIMATE REPORT
NATIONAL WEATHER SERVICE KANSAS CITY/PLEASANT HILL MO
143 AM CDT SUN JUN 1 2014

...................................

...THE ST. JOSEPH MO CLIMATE SUMMARY FOR THE SEASON, FROM
3/1/2014 TO 5/31/2014...

CLIMATE NORMAL PERIOD 1981 TO 2010
CLIMATE RECORD PERIOD 1892 TO 2014

WEATHER         OBSERVED          NORMAL  DEPART  LAST YEAR`S
                 VALUE   DATE(S)  VALUE   FROM    VALUE  DATE(S)
                                          NORMAL
................................................................
TEMPERATURE (F)
RECORD
 HIGH             103   05/30/1934
 LOW              -13   03/04/1978
HIGHEST            92   05/07        90       2       96  05/14
LOWEST             -7   03/03        14     -21       17  03/20
AVG. MAXIMUM     65.4              65.2     0.2     60.7
AVG. MINIMUM     38.9              42.4    -3.5     39.0
MEAN             52.1              53.8    -1.7     49.8
DAYS MAX >= 90      2               2.0     0.0        2
DAYS MAX <= 32      3               1.1     1.9        3
DAYS MIN <= 32     30              21.5     8.5       37
DAYS MIN <= 0       1               0.0     1.0        0

PRECIPITATION (INCHES)
RECORD
 MAXIMUM        19.06   1944
 MINIMUM         2.67   1966
TOTALS           6.95             11.46   -4.51    13.04
DAILY AVG.       0.07              0.12   -0.05     0.14
DAYS >= .01        24              28.8    -4.8       26
DAYS >= .10        12              18.2    -6.2       16
DAYS >= .50         5               7.2    -2.2        8
DAYS >= 1.00        3               2.6     0.4        3
GREATEST
 24 HR. TOTAL    1.13   MM

DEGREE_DAYS
HEATING TOTAL    1329              1142     187     1495
COOLING TOTAL     161               112      49      126
.................................................................

WIND (MPH)
AVERAGE WIND SPEED              10.9
HIGHEST WIND SPEED/DIRECTION    40/310    DATE  05/22
HIGHEST GUST SPEED/DIRECTION    51/300    DATE  05/22

SKY COVER
POSSIBLE SUNSHINE (PERCENT)   MM
AVERAGE SKY COVER           0.30
NUMBER OF DAYS FAIR           53
NUMBER OF DAYS PC             25
NUMBER OF DAYS CLOUDY         14

AVERAGE RH (PERCENT)     61

WEATHER CONDITIONS. NUMBER OF DAYS WITH
THUNDERSTORM              0     MIXED PRECIP               0
HEAVY RAIN                9     RAIN                      10
LIGHT RAIN               24     FREEZING RAIN              0
LT FREEZING RAIN          0     HAIL                       0
HEAVY SNOW                0     SNOW                       2
LIGHT SNOW               10     SLEET                      0
FOG                      33     FOG W/VIS <= 1/4 MILE      4
HAZE                     22

-  INDICATES NEGATIVE NUMBERS.
R  INDICATES RECORD WAS SET OR TIED.
MM INDICATES DATA IS MISSING.
T  INDICATES TRACE AMOUNT.

$$
