000
CXUS55 KLKN 020347
CLSTPH


CLIMATE REPORT
NATIONAL WEATHER SERVICE ELKO NV
726 PM PST WED MAR 1 2017

...................................

...THE TONOPAH AIRPORT NV CLIMATE SUMMARY FOR THE SEASON, FROM
12/1/2016 TO 2/28/2017...

CLIMATE NORMAL PERIOD 1981 TO 2010
CLIMATE RECORD PERIOD 1954 TO 2017

WEATHER         OBSERVED          NORMAL  DEPART  LAST YEAR`S
                 VALUE   DATE(S)  VALUE   FROM    VALUE  DATE(S)
                                          NORMAL
................................................................
TEMPERATURE (F)
RECORD
 HIGH              75   02/25/1986
 LOW              -15   01/24/1962
                        01/23/1962
HIGHEST            61   02/15        64      -3       68  02/26
                        02/09
LOWEST             -2   12/26         1      -3       -6  02/03
AVG. MAXIMUM     43.8              46.0    -2.2     45.4
AVG. MINIMUM     22.7              21.2     1.5     21.6
MEAN             33.3              33.6    -0.3     33.5
DAYS MAX >= 90      0               0.0     0.0       MM
DAYS MAX <= 32      7               5.1     1.9       MM
DAYS MIN <= 32     81              84.7    -3.7       MM
DAYS MIN <= 0       1               1.2    -0.2       MM

PRECIPITATION (INCHES)
RECORD
 MAXIMUM         3.27   1968
 MINIMUM         0.14   1964
TOTALS           1.31              1.32   -0.01     1.14
DAILY AVG.       0.01              0.01    0.00     0.01
DAYS >= .01        15              11.8     3.2       MM
DAYS >= .10         5               4.8     0.2       MM
DAYS >= .50         0               0.1    -0.1       MM
DAYS >= 1.00        0               0.0     0.0       MM
GREATEST
 24 HR. TOTAL    0.32   12/23 TO 12/24              0.45

DEGREE_DAYS
HEATING TOTAL    2848              2824      24     2853
 SINCE 7/1       3865              4042    -177     3927
COOLING TOTAL       0                 0       0        0
 SINCE 1/1          0                 0       0        0
.................................................................

WIND (MPH)
AVERAGE WIND SPEED              9.0
HIGHEST WIND SPEED/DIRECTION    39/330    DATE  12/16
HIGHEST GUST SPEED/DIRECTION    48/330    DATE  12/16

AVERAGE RH (PERCENT)     65

WEATHER CONDITIONS. NUMBER OF DAYS WITH
THUNDERSTORM              0     MIXED PRECIP               0
HEAVY RAIN                0     RAIN                       2
LIGHT RAIN               15     FREEZING RAIN              0
LT FREEZING RAIN          0     HAIL                       0
HEAVY SNOW                1     SNOW                       3
LIGHT SNOW               11     SLEET                      0
FOG                      20     FOG W/VIS <= 1/4 MILE      1
HAZE                      1

-  INDICATES NEGATIVE NUMBERS.
R  INDICATES RECORD WAS SET OR TIED.
MM INDICATES DATA IS MISSING.
T  INDICATES TRACE AMOUNT.

$$

DS
