000
CDUS42 KAKQ 010839
CLIECG


CLIMATE REPORT
NATIONAL WEATHER SERVICE WAKEFIELD, VA
338 AM EST SUN FEB 1 2015


...................................

...THE ELIZABETH CITY NC CLIMATE SUMMARY FOR JANUARY 31 2015...

CLIMATE NORMAL PERIOD 1981 TO 2010
CLIMATE RECORD PERIOD 1934 TO 2015


WEATHER ITEM   OBSERVED TIME   RECORD YEAR NORMAL DEPARTURE LAST
                VALUE   (LST)  VALUE       VALUE  FROM      YEAR
                                                  NORMAL
..................................................................
TEMPERATURE (F)
 YESTERDAY
  MAXIMUM         40    431 PM  80    1950  52    -12       45
  MINIMUM         22    712 AM  10    1934  33    -11       26
  AVERAGE         31                        42    -11       36

PRECIPITATION (IN)
  YESTERDAY        0.00          1.42 1957   0.13  -0.13      T
  MONTH TO DATE    4.01                      3.26   0.75     2.17
  SINCE DEC 1      7.15                      5.82   1.33     7.32
  SINCE JAN 1      4.01                      3.26   0.75     2.17

SNOWFALL (IN)
  YESTERDAY        0.0         999.0  2012  MM     MM
  MONTH TO DATE    T                        MM     MM
  SINCE NOV 1      T                        MM     MM
  SINCE JUL 1      T                        MM     MM
  SNOW DEPTH       0

DEGREE DAYS
 HEATING
  YESTERDAY       34                        23     11       29
  MONTH TO DATE  653                       734    -81      852
  SINCE DEC 1   1120                      1372   -252     1408
  SINCE JUL 1   1635                      1887   -252     1971

 COOLING
  YESTERDAY        0                         0      0        0
  MONTH TO DATE    2                         1      1        0
  SINCE DEC 1      2                         3     -1       14
  SINCE JAN 1      2                         1      1        0
..................................................................


WIND (MPH)
  HIGHEST WIND SPEED    24   HIGHEST WIND DIRECTION    NW (320)
  HIGHEST GUST SPEED    30   HIGHEST GUST DIRECTION    NW (310)
  AVERAGE WIND SPEED    10.2


SKY COVER
  POSSIBLE SUNSHINE  MM
  AVERAGE SKY COVER 0.0


WEATHER CONDITIONS
 THE FOLLOWING WEATHER WAS RECORDED YESTERDAY.
  NO SIGNIFICANT WEATHER WAS OBSERVED.


RELATIVE HUMIDITY (PERCENT)
 HIGHEST    69           900 PM
 LOWEST     27           200 PM
 AVERAGE    48

..........................................................


THE ELIZABETH CITY NC CLIMATE NORMALS FOR TODAY
                         NORMAL    RECORD    YEAR
 MAXIMUM TEMPERATURE (F)   52        81      2002
 MINIMUM TEMPERATURE (F)   33         6      1936


SUNRISE AND SUNSET
FEBRUARY  1 2015......SUNRISE   706 AM EST   SUNSET   531 PM EST
FEBRUARY  2 2015......SUNRISE   705 AM EST   SUNSET   532 PM EST


-  INDICATES NEGATIVE NUMBERS.
R  INDICATES RECORD WAS SET OR TIED.
MM INDICATES DATA IS MISSING.
T  INDICATES TRACE AMOUNT.




$$
