000
CDUS42 KAKQ 012127
CLIECG


CLIMATE REPORT
NATIONAL WEATHER SERVICE WAKEFIELD, VA
526 PM EDT WED APR 1 2015


...................................

...THE ELIZABETH CITY NC CLIMATE SUMMARY FOR APRIL 1 2015...
VALID TODAY AS OF 0500 PM LOCAL TIME.

CLIMATE NORMAL PERIOD 1981 TO 2010
CLIMATE RECORD PERIOD 1934 TO 2015


WEATHER ITEM   OBSERVED TIME   RECORD YEAR NORMAL DEPARTURE LAST
                VALUE   (LST)  VALUE       VALUE  FROM      YEAR
                                                  NORMAL
..................................................................
TEMPERATURE (F)
 TODAY
  MAXIMUM         56    326 PM  84    1978  66    -10       67
  MINIMUM         42    651 AM  31    1955  44     -2       36
  AVERAGE         49

PRECIPITATION (IN)
  TODAY            0.00          1.32 1973   0.12  -0.12     0.00
  MONTH TO DATE    0.00                      0.12  -0.12     0.00
  SINCE MAR 1      2.97                      4.10  -1.13     2.41
  SINCE JAN 1      9.77                     10.54  -0.77     6.55

SNOWFALL (IN)
  TODAY            0.0
  MONTH TO DATE    0.0
  SINCE NOV 1      T
  SINCE JUL 1      T
  SNOW DEPTH       0

DEGREE DAYS
 HEATING
  TODAY           16
  MONTH TO DATE   16
  SINCE MAR 1    498
  SINCE JUL 1   3032

 COOLING
  TODAY            0
  MONTH TO DATE    0
  SINCE MAR 1      5
  SINCE JAN 1      7
..................................................................


WIND (MPH)
  RESULTANT WIND SPEED  11   RESULTANT WIND DIRECTION   N (20)
  HIGHEST WIND SPEED    23   HIGHEST WIND DIRECTION     N (10)
  HIGHEST GUST SPEED    31   HIGHEST GUST DIRECTION     N (10)


SKY COVER
  POSSIBLE SUNSHINE  MM
  AVERAGE SKY COVER 0.1


WEATHER CONDITIONS
 THE FOLLOWING WEATHER WAS RECORDED TODAY.
  NO SIGNIFICANT WEATHER WAS OBSERVED.


RELATIVE HUMIDITY (PERCENT)
 HIGHEST    76
 LOWEST     35
 AVERAGE    56

..........................................................


THE ELIZABETH CITY NC CLIMATE NORMALS FOR TOMORROW
                         NORMAL    RECORD    YEAR
 MAXIMUM TEMPERATURE (F)   66        86      2014
                                             1967
 MINIMUM TEMPERATURE (F)   44        30      1964


SUNRISE AND SUNSET
APRIL  1 2015.........SUNRISE   651 AM EDT   SUNSET   727 PM EDT
APRIL  2 2015.........SUNRISE   650 AM EDT   SUNSET   727 PM EDT


-  INDICATES NEGATIVE NUMBERS.
R  INDICATES RECORD WAS SET OR TIED.
MM INDICATES DATA IS MISSING.
T  INDICATES TRACE AMOUNT.




$$
