000
CDUS42 KAKQ 290545
CLIECG


CLIMATE REPORT
NATIONAL WEATHER SERVICE WAKEFIELD, VA
145 AM EDT WED MAR 29 2017


...................................

...THE ELIZABETH CITY NC CLIMATE SUMMARY FOR MARCH 28 2017...

CLIMATE NORMAL PERIOD 1981 TO 2010
CLIMATE RECORD PERIOD 1934 TO 2017


WEATHER ITEM   OBSERVED TIME   RECORD YEAR NORMAL DEPARTURE LAST
                VALUE   (LST)  VALUE       VALUE  FROM      YEAR
                                                  NORMAL
..................................................................
TEMPERATURE (F)
 YESTERDAY
  MAXIMUM         72    424 PM  87    1945  64      8       77
  MINIMUM         56   1156 PM  24    2001  43     13       57
  AVERAGE         64                        54     10       67

PRECIPITATION (IN)
  YESTERDAY        0.02          2.30 1934   0.16  -0.14     0.52
  MONTH TO DATE    2.93                      3.53  -0.60     2.22
  SINCE MAR 1      2.93                      3.53  -0.60     2.22
  SINCE JAN 1      7.54                      9.97  -2.43     9.81

SNOWFALL (IN)
  YESTERDAY        0.0           T    1959  MM     MM
  MONTH TO DATE    T                        MM     MM
  SINCE NOV 1      1.2                      MM     MM
  SINCE JUL 1      1.2                      MM     MM
  SNOW DEPTH       0

DEGREE DAYS
 HEATING
  YESTERDAY        1                        12    -11        0
  MONTH TO DATE  452                       432     20      251
  SINCE MAR 1    452                       432     20      251
  SINCE JUL 1   2547                      2904   -357     2162

 COOLING
  YESTERDAY        0                         0      0        2
  MONTH TO DATE    7                         0      7       26
  SINCE MAR 1      7                         0      7       26
  SINCE JAN 1     10                         2      8       26
..................................................................


WIND (MPH)
  HIGHEST WIND SPEED    20   HIGHEST WIND DIRECTION    SW (210)
  HIGHEST GUST SPEED    24   HIGHEST GUST DIRECTION    SW (210)
  AVERAGE WIND SPEED     8.8


SKY COVER
  POSSIBLE SUNSHINE  MM
  AVERAGE SKY COVER 0.2


WEATHER CONDITIONS
 THE FOLLOWING WEATHER WAS RECORDED YESTERDAY.
  LIGHT RAIN


RELATIVE HUMIDITY (PERCENT)
 HIGHEST    93           400 AM
 LOWEST     68           400 PM
 AVERAGE    81

..........................................................


THE ELIZABETH CITY NC CLIMATE NORMALS FOR TODAY
                         NORMAL    RECORD    YEAR
 MAXIMUM TEMPERATURE (F)   65        90      1985
 MINIMUM TEMPERATURE (F)   43        24      1982


SUNRISE AND SUNSET
MARCH 29 2017.........SUNRISE   655 AM EDT   SUNSET   724 PM EDT
MARCH 30 2017.........SUNRISE   653 AM EDT   SUNSET   725 PM EDT


-  INDICATES NEGATIVE NUMBERS.
R  INDICATES RECORD WAS SET OR TIED.
MM INDICATES DATA IS MISSING.
T  INDICATES TRACE AMOUNT.




$$
