508
CDUS42 KAKQ 240635
CLIECG


CLIMATE REPORT
NATIONAL WEATHER SERVICE WAKEFIELD, VA
134 AM EST TUE JAN 24 2017


...................................

...THE ELIZABETH CITY NC CLIMATE SUMMARY FOR JANUARY 23 2017...

CLIMATE NORMAL PERIOD 1981 TO 2010
CLIMATE RECORD PERIOD 1934 TO 2017


WEATHER ITEM   OBSERVED TIME   RECORD YEAR NORMAL DEPARTURE LAST
                VALUE   (LST)  VALUE       VALUE  FROM      YEAR
                                                  NORMAL
..................................................................
TEMPERATURE (F)
 YESTERDAY
  MAXIMUM         65    404 PM  76    1937  51     14       56
  MINIMUM         47   1159 PM   8    2014  32     15       29
                                      1936
  AVERAGE         56                        42     14       43

PRECIPITATION (IN)
  YESTERDAY        0.38          1.43 1935   0.11   0.27     0.20
  MONTH TO DATE    3.65                      2.32   1.33     2.89
  SINCE DEC 1      6.32                      4.88   1.44     6.90
  SINCE JAN 1      3.65                      2.32   1.33     2.89

SNOWFALL (IN)
  YESTERDAY        0.0           4.0  2003  MM     MM
  MONTH TO DATE    1.2                      MM     MM
  SINCE NOV 1      1.2                      MM     MM
  SINCE JUL 1      1.2                      MM     MM
  SNOW DEPTH       0

DEGREE DAYS
 HEATING
  YESTERDAY        9                        23    -14       22
  MONTH TO DATE  444                       550   -106      553
  SINCE DEC 1   1049                      1190   -141      797
  SINCE JUL 1   1539                      1705   -166     1153

 COOLING
  YESTERDAY        0                         0      0        0
  MONTH TO DATE    0                         0      0        0
  SINCE DEC 1      0                         2     -2       31
  SINCE JAN 1      0                         0      0        0
..................................................................


WIND (MPH)
  HIGHEST WIND SPEED    18   HIGHEST WIND DIRECTION    NW (300)
  HIGHEST GUST SPEED    26   HIGHEST GUST DIRECTION     E (90)
  AVERAGE WIND SPEED    10.8


SKY COVER
  POSSIBLE SUNSHINE  MM
  AVERAGE SKY COVER 0.7


WEATHER CONDITIONS
 THE FOLLOWING WEATHER WAS RECORDED YESTERDAY.
  THUNDERSTORM
  HEAVY RAIN
  RAIN
  LIGHT RAIN
  FOG


RELATIVE HUMIDITY (PERCENT)
 HIGHEST   100           500 AM
 LOWEST     52           400 PM
 AVERAGE    76

..........................................................


THE ELIZABETH CITY NC CLIMATE NORMALS FOR TODAY
                         NORMAL    RECORD    YEAR
 MAXIMUM TEMPERATURE (F)   51        73      2002
 MINIMUM TEMPERATURE (F)   32        12      2003
                                             1936


SUNRISE AND SUNSET
JANUARY 24 2017.......SUNRISE   711 AM EST   SUNSET   523 PM EST
JANUARY 25 2017.......SUNRISE   711 AM EST   SUNSET   524 PM EST


-  INDICATES NEGATIVE NUMBERS.
R  INDICATES RECORD WAS SET OR TIED.
MM INDICATES DATA IS MISSING.
T  INDICATES TRACE AMOUNT.




$$
