000
CDUS42 KAKQ 180630
CLIECG


CLIMATE REPORT
NATIONAL WEATHER SERVICE WAKEFIELD, VA
130 AM EST MON DEC 18 2017


...................................

...THE ELIZABETH CITY NC CLIMATE SUMMARY FOR DECEMBER 17 2017...

CLIMATE NORMAL PERIOD 1981 TO 2010
CLIMATE RECORD PERIOD 1934 TO 2017


WEATHER ITEM   OBSERVED TIME   RECORD YEAR NORMAL DEPARTURE LAST
                VALUE   (LST)  VALUE       VALUE  FROM      YEAR
                                                  NORMAL
..................................................................
TEMPERATURE (F)
 YESTERDAY
  MAXIMUM         53    110 PM  71    2015  54     -1       60
                                      1971
                                      1959
  MINIMUM         27    538 AM  12    1943  34     -7       34
  AVERAGE         40                        44     -4       47

PRECIPITATION (IN)
  YESTERDAY        0.01          1.10 1970   0.09  -0.08     0.09
  MONTH TO DATE    2.74                      1.43   1.31     1.61
  SINCE DEC 1      2.74                      1.43   1.31     1.61
  SINCE JAN 1     44.34                     45.45  -1.11    53.05

SNOWFALL (IN)
  YESTERDAY        0.0           5.0  1973  MM     MM
  MONTH TO DATE    0.0                      MM     MM
  SINCE NOV 1      0.0                      MM     MM
  SINCE JUL 1      0.0                      MM     MM
  SNOW DEPTH       0

DEGREE DAYS
 HEATING
  YESTERDAY       25                        21      4       18
  MONTH TO DATE  336                       323     13      348
  SINCE DEC 1    336                       323     13      348
  SINCE JUL 1    770                       838    -68      838

 COOLING
  YESTERDAY        0                         0      0        0
  MONTH TO DATE    0                         0      0        0
  SINCE DEC 1      0                         0      0        0
  SINCE JAN 1   1961                      1588    373     1954
..................................................................


WIND (MPH)
  HIGHEST WIND SPEED    13   HIGHEST WIND DIRECTION    SW (220)
  HIGHEST GUST SPEED    15   HIGHEST GUST DIRECTION    SW (210)
  AVERAGE WIND SPEED     3.9


SKY COVER
  POSSIBLE SUNSHINE  MM
  AVERAGE SKY COVER 0.3


WEATHER CONDITIONS
 THE FOLLOWING WEATHER WAS RECORDED YESTERDAY.
  LIGHT RAIN


RELATIVE HUMIDITY (PERCENT)
 HIGHEST   100           700 AM
 LOWEST     54           200 PM
 AVERAGE    77

..........................................................


THE ELIZABETH CITY NC CLIMATE NORMALS FOR TODAY
                         NORMAL    RECORD    YEAR
 MAXIMUM TEMPERATURE (F)   53        79      2016
 MINIMUM TEMPERATURE (F)   34        18      1973
                                             1953


SUNRISE AND SUNSET
DECEMBER 18 2017......SUNRISE   711 AM EST   SUNSET   452 PM EST
DECEMBER 19 2017......SUNRISE   711 AM EST   SUNSET   453 PM EST


-  INDICATES NEGATIVE NUMBERS.
R  INDICATES RECORD WAS SET OR TIED.
MM INDICATES DATA IS MISSING.
T  INDICATES TRACE AMOUNT.




$$
