000
CDUS42 KAKQ 300845
CLIECG


CLIMATE REPORT
NATIONAL WEATHER SERVICE WAKEFIELD, VA
445 AM EDT THU OCT 30 2014


...................................

...THE ELIZABETH CITY NC CLIMATE SUMMARY FOR OCTOBER 29 2014...

CLIMATE NORMAL PERIOD 1981 TO 2010
CLIMATE RECORD PERIOD 1934 TO 2014


WEATHER ITEM   OBSERVED TIME   RECORD YEAR NORMAL DEPARTURE LAST
                VALUE   (LST)  VALUE       VALUE  FROM      YEAR
                                                  NORMAL
..................................................................
TEMPERATURE (F)
 YESTERDAY
  MAXIMUM         80   1259 PM  83    1946  69     11       71
  MINIMUM         58   1159 PM  26    1976  47     11       47
  AVERAGE         69                        58     11       59

PRECIPITATION (IN)
  YESTERDAY        0.05          1.55 2003   0.10  -0.05     0.00
  MONTH TO DATE    0.84                      2.86  -2.02     5.73
  SINCE SEP 1      6.84                      6.79   0.05     6.57
  SINCE JAN 1     34.28                     40.75  -6.47    36.60

SNOWFALL (IN)
  YESTERDAY        0.0           0.0  2002  MM     MM
  MONTH TO DATE    0.0                      MM     MM
  SINCE NOV 1     10.2                      MM     MM
  SINCE JUL 1      0.0                      MM     MM
  SNOW DEPTH       0

DEGREE DAYS
 HEATING
  YESTERDAY        0                         8     -8        6
  MONTH TO DATE   68                       124    -56      115
  SINCE SEP 1     69                       136    -67      130
  SINCE JUL 1     69                       136    -67      130

 COOLING
  YESTERDAY        4                         1      3        0
  MONTH TO DATE   74                        55     19       86
  SINCE SEP 1    334                       281     53      277
  SINCE JAN 1   1577                      1577      0     1657
..................................................................


WIND (MPH)
  HIGHEST WIND SPEED    21   HIGHEST WIND DIRECTION    SW (230)
  HIGHEST GUST SPEED    26   HIGHEST GUST DIRECTION    SW (220)
  AVERAGE WIND SPEED    10.0


SKY COVER
  POSSIBLE SUNSHINE  MM
  AVERAGE SKY COVER 0.1


WEATHER CONDITIONS
 THE FOLLOWING WEATHER WAS RECORDED YESTERDAY.
  HEAVY RAIN
  LIGHT RAIN


RELATIVE HUMIDITY (PERCENT)
 HIGHEST    87           500 AM
 LOWEST     51           100 PM
 AVERAGE    69

..........................................................


THE ELIZABETH CITY NC CLIMATE NORMALS FOR TODAY
                         NORMAL    RECORD    YEAR
 MAXIMUM TEMPERATURE (F)   69        85      1996
 MINIMUM TEMPERATURE (F)   47        27      1952


SUNRISE AND SUNSET
OCTOBER 30 2014.......SUNRISE   726 AM EDT   SUNSET   611 PM EDT
OCTOBER 31 2014.......SUNRISE   727 AM EDT   SUNSET   610 PM EDT


-  INDICATES NEGATIVE NUMBERS.
R  INDICATES RECORD WAS SET OR TIED.
MM INDICATES DATA IS MISSING.
T  INDICATES TRACE AMOUNT.




$$
