000
CDUS42 KAKQ 290531
CLIECG


CLIMATE REPORT
NATIONAL WEATHER SERVICE WAKEFIELD, VA
129 AM EDT WED JUN 29 2016


...................................

...THE ELIZABETH CITY NC CLIMATE SUMMARY FOR JUNE 28 2016...

CLIMATE NORMAL PERIOD 1981 TO 2010
CLIMATE RECORD PERIOD 1934 TO 2016


WEATHER ITEM   OBSERVED TIME   RECORD YEAR NORMAL DEPARTURE LAST
                VALUE   (LST)  VALUE       VALUE  FROM      YEAR
                                                  NORMAL
..................................................................
TEMPERATURE (F)
 YESTERDAY
  MAXIMUM         86   1234 PM  97    2010  87     -1       84
                                      2008
                                      1980
  MINIMUM         70   1008 PM  56    1981  69      1       66
  AVERAGE         78                        78      0       75

PRECIPITATION (IN)
  YESTERDAY        0.02          2.31 2000   0.14  -0.12     0.00
  MONTH TO DATE    2.66                      4.19  -1.53     4.87
  SINCE JUN 1      2.66                      4.19  -1.53     4.87
  SINCE JAN 1     20.87                     21.36  -0.49    22.17

SNOWFALL (IN)
  YESTERDAY        0.0           0.0  2002  MM     MM
  MONTH TO DATE    0.0                      MM     MM
  SINCE NOV 1      1.8                      MM     MM
  SINCE JUL 1      1.8                      MM     MM
  SNOW DEPTH       0

DEGREE DAYS
 HEATING
  YESTERDAY        0                         0      0        0
  MONTH TO DATE    0                         0      0        0
  SINCE JUN 1      0                         0      0        0
  SINCE JUL 1   2481                      3229   -748     3235

 COOLING
  YESTERDAY       13                        13      0       10
  MONTH TO DATE  293                       288      5      383
  SINCE JUN 1    293                       288      5      383
  SINCE JAN 1    463                       452     11      588
..................................................................


WIND (MPH)
  HIGHEST WIND SPEED    21   HIGHEST WIND DIRECTION     W (280)
  HIGHEST GUST SPEED    24   HIGHEST GUST DIRECTION     W (280)
  AVERAGE WIND SPEED     8.5


SKY COVER
  POSSIBLE SUNSHINE  MM
  AVERAGE SKY COVER 0.3


WEATHER CONDITIONS
 THE FOLLOWING WEATHER WAS RECORDED YESTERDAY.
  LIGHT RAIN


RELATIVE HUMIDITY (PERCENT)
 HIGHEST    93           100 AM
 LOWEST     61          1200 PM
 AVERAGE    77

..........................................................


THE ELIZABETH CITY NC CLIMATE NORMALS FOR TODAY
                         NORMAL    RECORD    YEAR
 MAXIMUM TEMPERATURE (F)   87        97      2012
                                             2010
                                             1944
 MINIMUM TEMPERATURE (F)   69        55      1979


SUNRISE AND SUNSET
JUNE 29 2016..........SUNRISE   550 AM EDT   SUNSET   826 PM EDT
JUNE 30 2016..........SUNRISE   551 AM EDT   SUNSET   826 PM EDT


-  INDICATES NEGATIVE NUMBERS.
R  INDICATES RECORD WAS SET OR TIED.
MM INDICATES DATA IS MISSING.
T  INDICATES TRACE AMOUNT.




$$
