000
CDUS42 KAKQ 030550
CLIECG


CLIMATE REPORT
NATIONAL WEATHER SERVICE WAKEFIELD, VA
150 AM EDT FRI JUL 3 2015


...................................

...THE ELIZABETH CITY NC CLIMATE SUMMARY FOR JULY 2 2015...

CLIMATE NORMAL PERIOD 1981 TO 2010
CLIMATE RECORD PERIOD 1934 TO 2015


WEATHER ITEM   OBSERVED TIME   RECORD YEAR NORMAL DEPARTURE LAST
                VALUE   (LST)  VALUE       VALUE  FROM      YEAR
                                                  NORMAL
..................................................................
TEMPERATURE (F)
 YESTERDAY
  MAXIMUM         87    521 PM  97    1953  87      0       90
  MINIMUM         72    944 PM  53    1975  69      3       76
  AVERAGE         80                        78      2       83

PRECIPITATION (IN)
  YESTERDAY        0.03          0.99 1945   0.16  -0.13     0.02
  MONTH TO DATE    0.03                      0.32  -0.29     0.02
  SINCE JUN 1      4.90                      4.81   0.09     3.85
  SINCE JAN 1     22.20                     21.98   0.22    18.81

SNOWFALL (IN)
  YESTERDAY        0.0           0.0  2002  MM     MM
  MONTH TO DATE    0.0                      MM     MM
  SINCE NOV 1      T                        MM     MM
  SINCE JUL 1      0.0                      MM     MM
  SNOW DEPTH       0

DEGREE DAYS
 HEATING
  YESTERDAY        0                         0      0        0
  MONTH TO DATE    0                         0      0        0
  SINCE JUN 1      0                         3     -3        5
  SINCE JUL 1      0                         0      0        0

 COOLING
  YESTERDAY       15                        13      2       18
  MONTH TO DATE   29                        26      3       31
  SINCE JUN 1    437                       340     97      342
  SINCE JAN 1    642                       504    138      551
..................................................................


WIND (MPH)
  HIGHEST WIND SPEED    24   HIGHEST WIND DIRECTION    NW (330)
  HIGHEST GUST SPEED    29   HIGHEST GUST DIRECTION    NW (330)
  AVERAGE WIND SPEED     8.5


SKY COVER
  POSSIBLE SUNSHINE  MM
  AVERAGE SKY COVER 0.3


WEATHER CONDITIONS
 THE FOLLOWING WEATHER WAS RECORDED YESTERDAY.
  THUNDERSTORM
  LIGHT RAIN
  FOG
  HAZE


RELATIVE HUMIDITY (PERCENT)
 HIGHEST    93          1100 PM
 LOWEST     50           500 PM
 AVERAGE    72

..........................................................


THE ELIZABETH CITY NC CLIMATE NORMALS FOR TODAY
                         NORMAL    RECORD    YEAR
 MAXIMUM TEMPERATURE (F)   87        98      1954
 MINIMUM TEMPERATURE (F)   69        52      2010


SUNRISE AND SUNSET
JULY  3 2015..........SUNRISE   552 AM EDT   SUNSET   826 PM EDT
JULY  4 2015..........SUNRISE   552 AM EDT   SUNSET   826 PM EDT


-  INDICATES NEGATIVE NUMBERS.
R  INDICATES RECORD WAS SET OR TIED.
MM INDICATES DATA IS MISSING.
T  INDICATES TRACE AMOUNT.




$$
