000
CDUS42 KAKQ 260536
CLIECG


CLIMATE REPORT
NATIONAL WEATHER SERVICE WAKEFIELD, VA
135 AM EDT TUE SEP 26 2017


...................................

...THE ELIZABETH CITY NC CLIMATE SUMMARY FOR SEPTEMBER 25 2017...

CLIMATE NORMAL PERIOD 1981 TO 2010
CLIMATE RECORD PERIOD 1934 TO 2017


WEATHER ITEM   OBSERVED TIME   RECORD YEAR NORMAL DEPARTURE LAST
                VALUE   (LST)  VALUE       VALUE  FROM      YEAR
                                                  NORMAL
..................................................................
TEMPERATURE (F)
 YESTERDAY
  MAXIMUM         79    206 PM  93    1986  79      0       75
  MINIMUM         70   1225 AM  46    1990  60     10       66
                                      1983
                                      1950
  AVERAGE         75                        70      5       71

PRECIPITATION (IN)
  YESTERDAY        0.06          1.69 2008   0.11  -0.05      T
  MONTH TO DATE    2.22                      3.31  -1.09    12.00
  SINCE SEP 1      2.22                      3.31  -1.09    12.00
  SINCE JAN 1     37.36                     37.27   0.09    39.51

SNOWFALL (IN)
  YESTERDAY        0.0           0.0  2002  MM     MM
  MONTH TO DATE    0.0                      MM     MM
  SINCE NOV 1      1.2                      MM     MM
  SINCE JUL 1      0.0                      MM     MM
  SNOW DEPTH       0

DEGREE DAYS
 HEATING
  YESTERDAY        0                         1     -1        0
  MONTH TO DATE    0                         5     -5        0
  SINCE SEP 1      0                         5     -5        0
  SINCE JUL 1      0                         5     -5        0

 COOLING
  YESTERDAY       10                         5      5        6
  MONTH TO DATE  222                       204     18      288
  SINCE SEP 1    222                       204     18      288
  SINCE JAN 1   1768                      1500    268     1795
..................................................................


WIND (MPH)
  HIGHEST WIND SPEED    23   HIGHEST WIND DIRECTION     N (20)
  HIGHEST GUST SPEED    27   HIGHEST GUST DIRECTION    NE (30)
  AVERAGE WIND SPEED    14.9


SKY COVER
  POSSIBLE SUNSHINE  MM
  AVERAGE SKY COVER 0.8


WEATHER CONDITIONS
 THE FOLLOWING WEATHER WAS RECORDED YESTERDAY.
  LIGHT RAIN
  FOG


RELATIVE HUMIDITY (PERCENT)
 HIGHEST   100          1200 AM
 LOWEST     79           200 PM
 AVERAGE    90

..........................................................


THE ELIZABETH CITY NC CLIMATE NORMALS FOR TODAY
                         NORMAL    RECORD    YEAR
 MAXIMUM TEMPERATURE (F)   78        95      1986
 MINIMUM TEMPERATURE (F)   60        44      1943


SUNRISE AND SUNSET
SEPTEMBER 26 2017.....SUNRISE   656 AM EDT   SUNSET   655 PM EDT
SEPTEMBER 27 2017.....SUNRISE   657 AM EDT   SUNSET   654 PM EDT


-  INDICATES NEGATIVE NUMBERS.
R  INDICATES RECORD WAS SET OR TIED.
MM INDICATES DATA IS MISSING.
T  INDICATES TRACE AMOUNT.




$$
