553
CDUS41 KAKQ 280539
CLIORF


CLIMATE REPORT
NATIONAL WEATHER SERVICE WAKEFIELD, VA
139 AM EDT SUN MAY 28 2017


...................................

...THE NORFOLK VA CLIMATE SUMMARY FOR MAY 27 2017...

CLIMATE NORMAL PERIOD 1981 TO 2010
CLIMATE RECORD PERIOD 1871 TO 2017


WEATHER ITEM   OBSERVED TIME   RECORD YEAR NORMAL DEPARTURE LAST
                VALUE   (LST)  VALUE       VALUE  FROM      YEAR
                                                  NORMAL
..................................................................
TEMPERATURE (F)
 YESTERDAY
  MAXIMUM         86    351 PM  98    1880  78      8       87
  MINIMUM         62    533 AM  40    1961  61      1       69
  AVERAGE         74                        70      4       78

PRECIPITATION (IN)
  YESTERDAY        0.01          1.47 1968   0.13  -0.12     0.00
  MONTH TO DATE    6.22                      2.92   3.30     4.32
  SINCE MAR 1     14.41                     10.01   4.40    10.56
  SINCE JAN 1     19.48                     16.53   2.95    21.43

SNOWFALL (IN)
  YESTERDAY        0.0           0.0  2002   0.0    0.0
                                      2001
  MONTH TO DATE    0.0                       0.0    0.0
  SINCE NOV 1      5.4                       5.8   -0.4
  SINCE JUL 1      5.4                       5.8   -0.4
  SNOW DEPTH       0

DEGREE DAYS
 HEATING
  YESTERDAY        0                         1     -1        0
  MONTH TO DATE   47                        67    -20       70
  SINCE MAR 1    613                       798   -185      606
  SINCE JUL 1   2665                      3367   -702     2522

 COOLING
  YESTERDAY        9                         6      3       13
  MONTH TO DATE  123                        97     26       73
  SINCE MAR 1    283                       140    143      121
  SINCE JAN 1    286                       141    145      121
..................................................................


WIND (MPH)
  HIGHEST WIND SPEED    20   HIGHEST WIND DIRECTION    SW (210)
  HIGHEST GUST SPEED    26   HIGHEST GUST DIRECTION    SW (230)
  AVERAGE WIND SPEED     5.4


SKY COVER
  POSSIBLE SUNSHINE  MM
  AVERAGE SKY COVER 0.2


WEATHER CONDITIONS
 THE FOLLOWING WEATHER WAS RECORDED YESTERDAY.
  LIGHT RAIN


RELATIVE HUMIDITY (PERCENT)
 HIGHEST    87           600 AM
 LOWEST     51          1100 AM
 AVERAGE    69

..........................................................


THE NORFOLK VA CLIMATE NORMALS FOR TODAY
                         NORMAL    RECORD    YEAR
 MAXIMUM TEMPERATURE (F)   79        98      1941
 MINIMUM TEMPERATURE (F)   62        39      1961


SUNRISE AND SUNSET
MAY 28 2017...........SUNRISE   549 AM EDT   SUNSET   816 PM EDT
MAY 29 2017...........SUNRISE   548 AM EDT   SUNSET   817 PM EDT


-  INDICATES NEGATIVE NUMBERS.
R  INDICATES RECORD WAS SET OR TIED.
MM INDICATES DATA IS MISSING.
T  INDICATES TRACE AMOUNT.




$$
