000
CDUS41 KAKQ 170645
CLIORF


CLIMATE REPORT
NATIONAL WEATHER SERVICE WAKEFIELD, VA
145 AM EST FRI NOV 17 2017


...................................

...THE NORFOLK VA CLIMATE SUMMARY FOR NOVEMBER 16 2017...

CLIMATE NORMAL PERIOD 1981 TO 2010
CLIMATE RECORD PERIOD 1871 TO 2017


WEATHER ITEM   OBSERVED TIME   RECORD YEAR NORMAL DEPARTURE LAST
                VALUE   (LST)  VALUE       VALUE  FROM      YEAR
                                                  NORMAL
..................................................................
TEMPERATURE (F)
 YESTERDAY
  MAXIMUM         66    239 PM  83    1955  61      5       66
  MINIMUM         47    753 PM  25    1967  45      2       39
  AVERAGE         57                        53      4       53

PRECIPITATION (IN)
  YESTERDAY        0.00          1.91 1994   0.10  -0.10     0.00
  MONTH TO DATE    1.15                      1.71  -0.56     0.81
  SINCE SEP 1      8.20                      9.89  -1.69    23.78
  SINCE JAN 1     46.74                     41.83   4.91    66.15

SNOWFALL (IN)
  YESTERDAY        0.0           0.0  2002   0.0    0.0
  MONTH TO DATE    0.0                       0.0    0.0
  SINCE NOV 1      0.0                       0.0    0.0
  SINCE JUL 1      0.0                       0.0    0.0
  SNOW DEPTH       0

DEGREE DAYS
 HEATING
  YESTERDAY        8                        12     -4       12
  MONTH TO DATE  137                       166    -29      183
  SINCE SEP 1    211                       323   -112      267
  SINCE JUL 1    211                       323   -112      267

 COOLING
  YESTERDAY        0                         0      0        0
  MONTH TO DATE   12                         1     11        6
  SINCE SEP 1    415                       286    129      441
  SINCE JAN 1   2107                      1621    486     1993
..................................................................


WIND (MPH)
  HIGHEST WIND SPEED    21   HIGHEST WIND DIRECTION     N (360)
  HIGHEST GUST SPEED    30   HIGHEST GUST DIRECTION     N (10)
  AVERAGE WIND SPEED     6.5


SKY COVER
  POSSIBLE SUNSHINE  MM
  AVERAGE SKY COVER 0.3


WEATHER CONDITIONS
 THE FOLLOWING WEATHER WAS RECORDED YESTERDAY.
  NO SIGNIFICANT WEATHER WAS OBSERVED.


RELATIVE HUMIDITY (PERCENT)
 HIGHEST    89          1200 AM
 LOWEST     40           200 PM
 AVERAGE    65

..........................................................


THE NORFOLK VA CLIMATE NORMALS FOR TODAY
                         NORMAL    RECORD    YEAR
 MAXIMUM TEMPERATURE (F)   61        77      1993
 MINIMUM TEMPERATURE (F)   44        24      1967


SUNRISE AND SUNSET
NOVEMBER 17 2017......SUNRISE   645 AM EST   SUNSET   454 PM EST
NOVEMBER 18 2017......SUNRISE   646 AM EST   SUNSET   453 PM EST


-  INDICATES NEGATIVE NUMBERS.
R  INDICATES RECORD WAS SET OR TIED.
MM INDICATES DATA IS MISSING.
T  INDICATES TRACE AMOUNT.




$$
