000
CDUS41 KAKQ 030550
CLIORF


CLIMATE REPORT
NATIONAL WEATHER SERVICE WAKEFIELD, VA
150 AM EDT MON AUG 3 2015


...................................

...THE NORFOLK VA CLIMATE SUMMARY FOR AUGUST 2 2015...

CLIMATE NORMAL PERIOD 1981 TO 2010
CLIMATE RECORD PERIOD 1871 TO 2015


WEATHER ITEM   OBSERVED TIME   RECORD YEAR NORMAL DEPARTURE LAST
                VALUE   (LST)  VALUE       VALUE  FROM      YEAR
                                                  NORMAL
..................................................................
TEMPERATURE (F)
 YESTERDAY
  MAXIMUM         86    143 PM 101    2006  87     -1       75
  MINIMUM         74    540 AM  60    1992  72      2       71
  AVERAGE         80                        79      1       73

PRECIPITATION (IN)
  YESTERDAY        0.00          2.37 1944   0.18  -0.18     0.98
  MONTH TO DATE    0.00                      0.37  -0.37     1.40
  SINCE JUN 1     16.27                      9.77   6.50    11.18
  SINCE JAN 1     31.27                     26.79   4.48    30.80

SNOWFALL (IN)
  YESTERDAY        0.0           0.0  2002   0.0    0.0
                                      2001
  MONTH TO DATE    0.0                       0.0    0.0
  SINCE NOV 1     12.7                       5.8    6.9
  SINCE JUL 1      0.0                       0.0    0.0
  SNOW DEPTH       0

DEGREE DAYS
 HEATING
  YESTERDAY        0                         0      0        0
  MONTH TO DATE    0                         0      0        0
  SINCE JUN 1      0                         6     -6        3
  SINCE JUL 1      0                         0      0        0

 COOLING
  YESTERDAY       15                        14      1        8
  MONTH TO DATE   31                        28      3       17
  SINCE JUN 1    935                       797    138      807
  SINCE JAN 1   1171                       963    208     1009
..................................................................


WIND (MPH)
  HIGHEST WIND SPEED    14   HIGHEST WIND DIRECTION    NE (30)
  HIGHEST GUST SPEED    17   HIGHEST GUST DIRECTION     N (10)
  AVERAGE WIND SPEED     6.0


SKY COVER
  POSSIBLE SUNSHINE  MM
  AVERAGE SKY COVER 0.1


WEATHER CONDITIONS
 THE FOLLOWING WEATHER WAS RECORDED YESTERDAY.
  NO SIGNIFICANT WEATHER WAS OBSERVED.


RELATIVE HUMIDITY (PERCENT)
 HIGHEST    94           400 AM
 LOWEST     65           800 AM
 AVERAGE    80

..........................................................


THE NORFOLK VA CLIMATE NORMALS FOR TODAY
                         NORMAL    RECORD    YEAR
 MAXIMUM TEMPERATURE (F)   87       102      2006
 MINIMUM TEMPERATURE (F)   72        56      1959


SUNRISE AND SUNSET
AUGUST  3 2015........SUNRISE   612 AM EDT   SUNSET   810 PM EDT
AUGUST  4 2015........SUNRISE   612 AM EDT   SUNSET   809 PM EDT


-  INDICATES NEGATIVE NUMBERS.
R  INDICATES RECORD WAS SET OR TIED.
MM INDICATES DATA IS MISSING.
T  INDICATES TRACE AMOUNT.




$$
