000
CDUS41 KAKQ 290828
CLIORF


CLIMATE REPORT
NATIONAL WEATHER SERVICE WAKEFIELD, VA
326 AM EST SAT NOV 29 2014


...................................

...THE NORFOLK VA CLIMATE SUMMARY FOR NOVEMBER 28 2014...

CLIMATE NORMAL PERIOD 1981 TO 2010
CLIMATE RECORD PERIOD 1871 TO 2014


WEATHER ITEM   OBSERVED TIME   RECORD YEAR NORMAL DEPARTURE LAST
                VALUE   (LST)  VALUE       VALUE  FROM      YEAR
                                                  NORMAL
..................................................................
TEMPERATURE (F)
 YESTERDAY
  MAXIMUM         44    217 PM  83    1973  57    -13       42
  MINIMUM         29   1056 PM  22    1930  41    -12       31
  AVERAGE         37                        49    -12       37

PRECIPITATION (IN)
  YESTERDAY        0.00          1.40 1988   0.10  -0.10     0.00
  MONTH TO DATE    3.44                      2.93   0.51     2.57
  SINCE SEP 1     14.18                     11.11   3.07     7.63
  SINCE JAN 1     46.59                     43.05   3.54    40.90

SNOWFALL (IN)
  YESTERDAY        0.0           0.6  1950   0.0    0.0
  MONTH TO DATE    0.0                       0.0    0.0
  SINCE NOV 1      0.0                       0.0    0.0
  SINCE JUL 1      0.0                       0.0    0.0
  SNOW DEPTH       0

DEGREE DAYS
 HEATING
  YESTERDAY       28                        16     12       28
  MONTH TO DATE  436                       338     98      361
  SINCE SEP 1    523                       495     28      481
  SINCE JUL 1    523                       495     28      481

 COOLING
  YESTERDAY        0                         0      0        0
  MONTH TO DATE    5                         1      4        9
  SINCE SEP 1    351                       286     65      305
  SINCE JAN 1   1724                      1621    103     1754
..................................................................


WIND (MPH)
  HIGHEST WIND SPEED    21   HIGHEST WIND DIRECTION     N (350)
  HIGHEST GUST SPEED    30   HIGHEST GUST DIRECTION     N (360)
  AVERAGE WIND SPEED     7.1


SKY COVER
  POSSIBLE SUNSHINE  MM
  AVERAGE SKY COVER 0.1


WEATHER CONDITIONS
 THE FOLLOWING WEATHER WAS RECORDED YESTERDAY.
  NO SIGNIFICANT WEATHER WAS OBSERVED.


RELATIVE HUMIDITY (PERCENT)
 HIGHEST    78           900 PM
 LOWEST     39           200 PM
 AVERAGE    59

..........................................................


THE NORFOLK VA CLIMATE NORMALS FOR TODAY
                         NORMAL    RECORD    YEAR
 MAXIMUM TEMPERATURE (F)   57        77      2001
 MINIMUM TEMPERATURE (F)   41        21      1955


SUNRISE AND SUNSET
NOVEMBER 29 2014......SUNRISE   657 AM EST   SUNSET   449 PM EST
NOVEMBER 30 2014......SUNRISE   658 AM EST   SUNSET   449 PM EST


-  INDICATES NEGATIVE NUMBERS.
R  INDICATES RECORD WAS SET OR TIED.
MM INDICATES DATA IS MISSING.
T  INDICATES TRACE AMOUNT.




$$
