000
CDUS41 KAKQ 212125
CLIORF


CLIMATE REPORT
NATIONAL WEATHER SERVICE WAKEFIELD, VA
525 PM EDT THU SEP 21 2017


...................................

...THE NORFOLK VA CLIMATE SUMMARY FOR SEPTEMBER 21 2017...
VALID TODAY AS OF 0500 PM LOCAL TIME.

CLIMATE NORMAL PERIOD 1981 TO 2010
CLIMATE RECORD PERIOD 1871 TO 2017


WEATHER ITEM   OBSERVED TIME   RECORD YEAR NORMAL DEPARTURE LAST
                VALUE   (LST)  VALUE       VALUE  FROM      YEAR
                                                  NORMAL
..................................................................
TEMPERATURE (F)
 TODAY
  MAXIMUM         85    238 PM  99    1895  78      7       75
  MINIMUM         67    417 AM  48    1918  64      3       70
  AVERAGE         76

PRECIPITATION (IN)
  TODAY            0.00          3.93 2016   0.16  -0.16     3.93
  MONTH TO DATE    1.85                      3.48  -1.63    12.59
  SINCE SEP 1      1.85                      3.48  -1.63    12.59
  SINCE JAN 1     40.39                     35.42   4.97    54.96

SNOWFALL (IN)
  TODAY            0.0
  MONTH TO DATE    0.0
  SINCE NOV 1      5.4
  SINCE JUL 1      0.0
  SNOW DEPTH       0

DEGREE DAYS
 HEATING
  TODAY            0                         0      0        0
  MONTH TO DATE    0                         0      0        0
  SINCE SEP 1      0                         0      0        0
  SINCE JUL 1      0                         0      0        0

 COOLING
  TODAY           11                         6      5        8
  MONTH TO DATE  187                       185      2      258
  SINCE SEP 1    187                       185      2      258
  SINCE JAN 1   1879                      1520    359     1810
..................................................................


WIND (MPH)
  RESULTANT WIND SPEED   1   RESULTANT WIND DIRECTION  NE (40)
  HIGHEST WIND SPEED    12   HIGHEST WIND DIRECTION     N (360)
  HIGHEST GUST SPEED    14   HIGHEST GUST DIRECTION     N (360)


SKY COVER
  POSSIBLE SUNSHINE  MM
  AVERAGE SKY COVER 0.0


WEATHER CONDITIONS
 THE FOLLOWING WEATHER WAS RECORDED TODAY.
  NO SIGNIFICANT WEATHER WAS OBSERVED.


RELATIVE HUMIDITY (PERCENT)
 HIGHEST    93
 LOWEST     63
 AVERAGE    78

..........................................................


THE NORFOLK VA CLIMATE NORMALS FOR TOMORROW
                         NORMAL    RECORD    YEAR
 MAXIMUM TEMPERATURE (F)   78        97      1980
                                             1895
 MINIMUM TEMPERATURE (F)   63        46      1889


SUNRISE AND SUNSET
SEPTEMBER 21 2017.....SUNRISE   652 AM EDT   SUNSET   703 PM EDT
SEPTEMBER 22 2017.....SUNRISE   653 AM EDT   SUNSET   701 PM EDT


-  INDICATES NEGATIVE NUMBERS.
R  INDICATES RECORD WAS SET OR TIED.
MM INDICATES DATA IS MISSING.
T  INDICATES TRACE AMOUNT.




$$
