000
CDUS41 KAKQ 010830
CLIORF


CLIMATE REPORT
NATIONAL WEATHER SERVICE WAKEFIELD, VA
429 AM EDT MON SEP 1 2014


...................................

...THE NORFOLK VA CLIMATE SUMMARY FOR AUGUST 31 2014...

CLIMATE NORMAL PERIOD 1981 TO 2010
CLIMATE RECORD PERIOD 1871 TO 2014


WEATHER ITEM   OBSERVED TIME   RECORD YEAR NORMAL DEPARTURE LAST
                VALUE   (LST)  VALUE       VALUE  FROM      YEAR
                                                  NORMAL
..................................................................
TEMPERATURE (F)
 YESTERDAY
  MAXIMUM         93    238 PM 100    1932  83     10       90
  MINIMUM         74    601 AM  56    1976  69      5       69
                                      1965
  AVERAGE         84                        76      8       80

PRECIPITATION (IN)
  YESTERDAY        0.00          7.41 1964   0.15  -0.15     0.00
  MONTH TO DATE    3.01                      5.52  -2.51     5.04
  SINCE JUN 1     12.79                     14.92  -2.13    15.85
  SINCE JAN 1     32.41                     31.94   0.47    33.27

SNOWFALL (IN)
  YESTERDAY        0.0           0.0  2002   0.0    0.0
                                      2001
  MONTH TO DATE    0.0                       0.0    0.0
  SINCE NOV 1     15.5                       5.8    9.7
  SINCE JUL 1      0.0                       0.0    0.0
  SNOW DEPTH       0

DEGREE DAYS
 HEATING
  YESTERDAY        0                         0      0        0
  MONTH TO DATE    0                         0      0        0
  SINCE JUN 1      3                         6     -3        0
  SINCE JUL 1      0                         0      0        0

 COOLING
  YESTERDAY       19                        11      8       15
  MONTH TO DATE  381                       400    -19      367
  SINCE JUN 1   1171                      1169      2     1228
  SINCE JAN 1   1373                      1335     38     1449
..................................................................


WIND (MPH)
  HIGHEST WIND SPEED    20   HIGHEST WIND DIRECTION     S (200)
  HIGHEST GUST SPEED    23   HIGHEST GUST DIRECTION     S (200)
  AVERAGE WIND SPEED    10.5


SKY COVER
  POSSIBLE SUNSHINE  MM
  AVERAGE SKY COVER 0.1


WEATHER CONDITIONS
 THE FOLLOWING WEATHER WAS RECORDED YESTERDAY.
  NO SIGNIFICANT WEATHER WAS OBSERVED.


RELATIVE HUMIDITY (PERCENT)
 HIGHEST    93           600 AM
 LOWEST     41           200 PM
 AVERAGE    67

..........................................................


THE NORFOLK VA CLIMATE NORMALS FOR TODAY
                         NORMAL    RECORD    YEAR
 MAXIMUM TEMPERATURE (F)   83        97      1993
                                             1980
 MINIMUM TEMPERATURE (F)   69        53      1946


SUNRISE AND SUNSET
SEPTEMBER  1 2014.....SUNRISE   636 AM EDT   SUNSET   733 PM EDT
SEPTEMBER  2 2014.....SUNRISE   636 AM EDT   SUNSET   732 PM EDT


-  INDICATES NEGATIVE NUMBERS.
R  INDICATES RECORD WAS SET OR TIED.
MM INDICATES DATA IS MISSING.
T  INDICATES TRACE AMOUNT.




$$
