000
CDUS41 KAKQ 212227
CLIORF


CLIMATE REPORT
NATIONAL WEATHER SERVICE WAKEFIELD, VA
527 PM EST SUN JAN 21 2018


...................................

...THE NORFOLK VA CLIMATE SUMMARY FOR JANUARY 21 2018...
VALID TODAY AS OF 0500 PM LOCAL TIME.

CLIMATE NORMAL PERIOD 1981 TO 2010
CLIMATE RECORD PERIOD 1871 TO 2018


WEATHER ITEM   OBSERVED TIME   RECORD YEAR NORMAL DEPARTURE LAST
                VALUE   (LST)  VALUE       VALUE  FROM      YEAR
                                                  NORMAL
..................................................................
TEMPERATURE (F)
 TODAY
  MAXIMUM         64    355 PM  74    1935  48     16       55
  MINIMUM         32    735 AM  -3    1985  33     -1       46
  AVERAGE         48

PRECIPITATION (IN)
  TODAY            0.00          1.25 1979   0.11  -0.11     0.44
  MONTH TO DATE    1.82                      2.31  -0.49     3.87
  SINCE DEC 1      4.22                      5.57  -1.35     6.41
  SINCE JAN 1      1.82                      2.31  -0.49     3.87

SNOWFALL (IN)
  TODAY            0.0
  MONTH TO DATE   12.8
  SINCE NOV 1     12.8
  SINCE JUL 1     12.8
  SNOW DEPTH       0

DEGREE DAYS
 HEATING
  TODAY           17                        25     -8       14
  MONTH TO DATE  658                       520    138      432
  SINCE DEC 1   1332                      1169    163     1039
  SINCE JUL 1   1758                      1699     59     1502

 COOLING
  TODAY            0                         0      0        0
  MONTH TO DATE    1                         0      1        0
  SINCE DEC 1      1                         1      0        0
  SINCE JAN 1      1                         0      1        0
..................................................................


WIND (MPH)
  RESULTANT WIND SPEED   3   RESULTANT WIND DIRECTION  SW (210)
  HIGHEST WIND SPEED    10   HIGHEST WIND DIRECTION    SW (230)
  HIGHEST GUST SPEED    12   HIGHEST GUST DIRECTION     S (190)


SKY COVER
  POSSIBLE SUNSHINE  MM
  AVERAGE SKY COVER 0.0


WEATHER CONDITIONS
 THE FOLLOWING WEATHER WAS RECORDED TODAY.
  NO SIGNIFICANT WEATHER WAS OBSERVED.


RELATIVE HUMIDITY (PERCENT)
 HIGHEST    89
 LOWEST     40
 AVERAGE    65

..........................................................


THE NORFOLK VA CLIMATE NORMALS FOR TOMORROW
                         NORMAL    RECORD    YEAR
 MAXIMUM TEMPERATURE (F)   48        77      1937
 MINIMUM TEMPERATURE (F)   33        12      1893


SUNRISE AND SUNSET
JANUARY 21 2018.......SUNRISE   714 AM EST   SUNSET   518 PM EST
JANUARY 22 2018.......SUNRISE   714 AM EST   SUNSET   519 PM EST


-  INDICATES NEGATIVE NUMBERS.
R  INDICATES RECORD WAS SET OR TIED.
MM INDICATES DATA IS MISSING.
T  INDICATES TRACE AMOUNT.




$$
