000
CDUS41 KAKQ 250545
CLIORF


CLIMATE REPORT
NATIONAL WEATHER SERVICE WAKEFIELD, VA
144 AM EDT WED MAY 25 2016


...................................

...THE NORFOLK VA CLIMATE SUMMARY FOR MAY 24 2016...

CLIMATE NORMAL PERIOD 1981 TO 2010
CLIMATE RECORD PERIOD 1871 TO 2016


WEATHER ITEM   OBSERVED TIME   RECORD YEAR NORMAL DEPARTURE LAST
                VALUE   (LST)  VALUE       VALUE  FROM      YEAR
                                                  NORMAL
..................................................................
TEMPERATURE (F)
 YESTERDAY
  MAXIMUM         83    434 PM  92    2011  77      6       81
                                      1964
                                      1962
  MINIMUM         54    444 AM  46    1931  60     -6       55
  AVERAGE         69                        69      0       68

PRECIPITATION (IN)
  YESTERDAY        0.00          3.41 1980   0.12  -0.12     0.00
  MONTH TO DATE    4.32                      2.55   1.77     1.25
  SINCE MAR 1     10.56                      9.64   0.92     8.56
  SINCE JAN 1     21.43                     16.16   5.27    14.74

SNOWFALL (IN)
  YESTERDAY        0.0           0.0  2002   0.0    0.0
                                      2001
  MONTH TO DATE    0.0                       0.0    0.0
  SINCE NOV 1      5.0                       5.8   -0.8
  SINCE JUL 1      5.0                       5.8   -0.8
  SNOW DEPTH       0

DEGREE DAYS
 HEATING
  YESTERDAY        0                         1     -1        0
  MONTH TO DATE   70                        64      6       30
  SINCE MAR 1    606                       795   -189      763
  SINCE JUL 1   2522                      3364   -842     3599

 COOLING
  YESTERDAY        4                         5     -1        3
  MONTH TO DATE   37                        80    -43      124
  SINCE MAR 1     85                       123    -38      149
  SINCE JAN 1     85                       124    -39      149
..................................................................


WIND (MPH)
  HIGHEST WIND SPEED    13   HIGHEST WIND DIRECTION     W (250)
  HIGHEST GUST SPEED    18   HIGHEST GUST DIRECTION    SW (240)
  AVERAGE WIND SPEED     6.2


SKY COVER
  POSSIBLE SUNSHINE  MM
  AVERAGE SKY COVER 0.1


WEATHER CONDITIONS
 THE FOLLOWING WEATHER WAS RECORDED YESTERDAY.
  FOG


RELATIVE HUMIDITY (PERCENT)
 HIGHEST    93           400 AM
 LOWEST     33           500 PM
 AVERAGE    63

..........................................................


THE NORFOLK VA CLIMATE NORMALS FOR TODAY
                         NORMAL    RECORD    YEAR
 MAXIMUM TEMPERATURE (F)   78        95      1880
 MINIMUM TEMPERATURE (F)   61        44      1956


SUNRISE AND SUNSET
MAY 25 2016...........SUNRISE   550 AM EDT   SUNSET   814 PM EDT
MAY 26 2016...........SUNRISE   549 AM EDT   SUNSET   815 PM EDT


-  INDICATES NEGATIVE NUMBERS.
R  INDICATES RECORD WAS SET OR TIED.
MM INDICATES DATA IS MISSING.
T  INDICATES TRACE AMOUNT.




$$
