380
CDUS41 KAKQ 290531
CLIORF


CLIMATE REPORT
NATIONAL WEATHER SERVICE WAKEFIELD, VA
129 AM EDT WED JUN 29 2016


...................................

...THE NORFOLK VA CLIMATE SUMMARY FOR JUNE 28 2016...

CLIMATE NORMAL PERIOD 1981 TO 2010
CLIMATE RECORD PERIOD 1871 TO 2016


WEATHER ITEM   OBSERVED TIME   RECORD YEAR NORMAL DEPARTURE LAST
                VALUE   (LST)  VALUE       VALUE  FROM      YEAR
                                                  NORMAL
..................................................................
TEMPERATURE (F)
 YESTERDAY
  MAXIMUM         83   1017 AM 101    1880  86     -3       82
  MINIMUM         70   1159 PM  58    1985  70      0       72
  AVERAGE         77                        78     -1       77

PRECIPITATION (IN)
  YESTERDAY        0.55          2.37 1998   0.14   0.41     0.00
  MONTH TO DATE    5.05                      3.97   1.08     8.34
  SINCE JUN 1      5.05                      3.97   1.08     8.34
  SINCE JAN 1     27.28                     20.99   6.29    23.34

SNOWFALL (IN)
  YESTERDAY        0.0           0.0  2002   0.0    0.0
                                      2001
  MONTH TO DATE    0.0                       0.0    0.0
  SINCE NOV 1      5.0                       5.8   -0.8
  SINCE JUL 1      5.0                       5.8   -0.8
  SNOW DEPTH       0

DEGREE DAYS
 HEATING
  YESTERDAY        0                         0      0        0
  MONTH TO DATE    0                         4     -4        0
  SINCE JUN 1      0                         4     -4        0
  SINCE JUL 1   2522                      3375   -853     3599

 COOLING
  YESTERDAY       12                        13     -1       12
  MONTH TO DATE  299                       286     13      391
  SINCE JUN 1    299                       286     13      391
  SINCE JAN 1    456                       452      4      627
..................................................................


WIND (MPH)
  HIGHEST WIND SPEED    23   HIGHEST WIND DIRECTION    SW (220)
  HIGHEST GUST SPEED    31   HIGHEST GUST DIRECTION    SW (220)
  AVERAGE WIND SPEED     9.0


SKY COVER
  POSSIBLE SUNSHINE  MM
  AVERAGE SKY COVER 0.5


WEATHER CONDITIONS
 THE FOLLOWING WEATHER WAS RECORDED YESTERDAY.
  HEAVY RAIN
  RAIN
  LIGHT RAIN
  FOG


RELATIVE HUMIDITY (PERCENT)
 HIGHEST    93          1000 PM
 LOWEST     69          1000 AM
 AVERAGE    81

..........................................................


THE NORFOLK VA CLIMATE NORMALS FOR TODAY
                         NORMAL    RECORD    YEAR
 MAXIMUM TEMPERATURE (F)   87       100      2012
                                             1980
                                             1880
 MINIMUM TEMPERATURE (F)   71        58      1919


SUNRISE AND SUNSET
JUNE 29 2016..........SUNRISE   549 AM EDT   SUNSET   828 PM EDT
JUNE 30 2016..........SUNRISE   549 AM EDT   SUNSET   828 PM EDT


-  INDICATES NEGATIVE NUMBERS.
R  INDICATES RECORD WAS SET OR TIED.
MM INDICATES DATA IS MISSING.
T  INDICATES TRACE AMOUNT.




$$
