000
CDUS41 KAKQ 162127
CLIRIC


CLIMATE REPORT
NATIONAL WEATHER SERVICE WAKEFIELD, VA
526 PM EDT WED APR 16 2014


...................................

...THE RICHMOND VA CLIMATE SUMMARY FOR APRIL 16 2014...
VALID TODAY AS OF 0500 PM LOCAL TIME.

CLIMATE NORMAL PERIOD 1981 TO 2010
CLIMATE RECORD PERIOD 1871 TO 2014


WEATHER ITEM   OBSERVED TIME   RECORD YEAR NORMAL DEPARTURE LAST
                VALUE   (LST)  VALUE       VALUE  FROM      YEAR
                                                  NORMAL
..................................................................
TEMPERATURE (F)
 TODAY
  MAXIMUM         53    359 PM  93    1976  71    -18       76
  MINIMUM         33    611 AM  27    1943  46    -13       58
  AVERAGE         43

PRECIPITATION (IN)
  TODAY            0.00          2.76 1987   0.10  -0.10     0.00
  MONTH TO DATE    1.54                      1.79  -0.25     1.13
  SINCE MAR 1      4.78                      5.83  -1.05     6.70
  SINCE JAN 1     11.09                     11.63  -0.54    14.63

SNOWFALL (IN)
  TODAY            0.0
  MONTH TO DATE    0.0
  SINCE NOV 1     14.5
  SINCE JUL 1     14.5
  SNOW DEPTH       0

DEGREE DAYS
 HEATING
  TODAY           22                         8     14        0
  MONTH TO DATE   94                       155    -61      122
  SINCE MAR 1    707                       671     36      786
  SINCE JUL 1   3660                      3607     53     3514

 COOLING
  TODAY            0                         1     -1        2
  MONTH TO DATE   19                        15      4       45
  SINCE MAR 1     21                        21      0       45
  SINCE JAN 1     21                        21      0       46
..................................................................


WIND (MPH)
  RESULTANT WIND SPEED  13   RESULTANT WIND DIRECTION   N (360)
  HIGHEST WIND SPEED    29   HIGHEST WIND DIRECTION     N (340)
  HIGHEST GUST SPEED    36   HIGHEST GUST DIRECTION    NW (330)


SKY COVER
  POSSIBLE SUNSHINE  MM
  AVERAGE SKY COVER 0.1


WEATHER CONDITIONS
 THE FOLLOWING WEATHER WAS RECORDED TODAY.
  NO SIGNIFICANT WEATHER WAS OBSERVED.


RELATIVE HUMIDITY (PERCENT)
 HIGHEST    64
 LOWEST     24
 AVERAGE    44

..........................................................


THE RICHMOND VA CLIMATE NORMALS FOR TOMORROW
                         NORMAL    RECORD    YEAR
 MAXIMUM TEMPERATURE (F)   71        96      1976
 MINIMUM TEMPERATURE (F)   47        31      1949
                                             1928


SUNRISE AND SUNSET
APRIL 16 2014.........SUNRISE   633 AM EDT   SUNSET   746 PM EDT
APRIL 17 2014.........SUNRISE   632 AM EDT   SUNSET   747 PM EDT


-  INDICATES NEGATIVE NUMBERS.
R  INDICATES RECORD WAS SET OR TIED.
MM INDICATES DATA IS MISSING.
T  INDICATES TRACE AMOUNT.




$$
