317
CDUS41 KAKQ 070645
CLIRIC


CLIMATE REPORT
NATIONAL WEATHER SERVICE WAKEFIELD, VA
145 AM EST WED DEC 7 2016


...................................

...THE RICHMOND VA CLIMATE SUMMARY FOR DECEMBER 6 2016...

CLIMATE NORMAL PERIOD 1981 TO 2010
CLIMATE RECORD PERIOD 1871 TO 2016


WEATHER ITEM   OBSERVED TIME   RECORD YEAR NORMAL DEPARTURE LAST
                VALUE   (LST)  VALUE       VALUE  FROM      YEAR
                                                  NORMAL
..................................................................
TEMPERATURE (F)
 YESTERDAY
  MAXIMUM         46        MM  81    1998  54     -8       55
  MINIMUM         41        MM  18    1969  34      7       28
                                      1935
  AVERAGE         44                        44      0       42

PRECIPITATION (IN)
  YESTERDAY        1.22R         1.17 1930   0.11   1.11     0.00
  MONTH TO DATE    1.71                      0.68   1.03     0.51
  SINCE DEC 1      1.71                      0.68   1.03     0.51
  SINCE JAN 1     51.66                     41.02  10.64    43.64

SNOWFALL (IN)
  YESTERDAY       MM             1.8  1954   0.1   MM
  MONTH TO DATE    0.0                       0.3   -0.3
  SINCE NOV 1      0.0                       0.5   -0.5
  SINCE JUL 1      0.0                       0.5   -0.5
  SNOW DEPTH       0

DEGREE DAYS
 HEATING
  YESTERDAY       21                        22     -1       23
  MONTH TO DATE  121                       125     -4      111
  SINCE DEC 1    121                       125     -4      111
  SINCE JUL 1    711                       801    -90      703

 COOLING
  YESTERDAY        0                         0      0        0
  MONTH TO DATE    0                         0      0        0
  SINCE DEC 1      0                         0      0        0
  SINCE JAN 1   1699                      1548    151     1817
..................................................................


WIND (MPH)
  HIGHEST WIND SPEED    21   HIGHEST WIND DIRECTION     N (350)
  HIGHEST GUST SPEED    28   HIGHEST GUST DIRECTION     N (350)
  AVERAGE WIND SPEED     8.3


SKY COVER
  POSSIBLE SUNSHINE  MM
  AVERAGE SKY COVER 1.0


WEATHER CONDITIONS
 THE FOLLOWING WEATHER WAS RECORDED YESTERDAY.
  HEAVY RAIN
  RAIN
  LIGHT RAIN
  FOG


RELATIVE HUMIDITY (PERCENT)
 HIGHEST   100          1200 PM
 LOWEST     82           700 AM
 AVERAGE    91

..........................................................


THE RICHMOND VA CLIMATE NORMALS FOR TODAY
                         NORMAL    RECORD    YEAR
 MAXIMUM TEMPERATURE (F)   53        81      1998
 MINIMUM TEMPERATURE (F)   33        15      1954


SUNRISE AND SUNSET
DECEMBER  7 2016......SUNRISE   711 AM EST   SUNSET   451 PM EST
DECEMBER  8 2016......SUNRISE   712 AM EST   SUNSET   451 PM EST


-  INDICATES NEGATIVE NUMBERS.
R  INDICATES RECORD WAS SET OR TIED.
MM INDICATES DATA IS MISSING.
T  INDICATES TRACE AMOUNT.




$$
