609
CDUS41 KAKQ 100627
CLIRIC


CLIMATE REPORT
NATIONAL WEATHER SERVICE WAKEFIELD, VA
126 AM EST WED FEB 10 2016


...................................

...THE RICHMOND VA CLIMATE SUMMARY FOR FEBRUARY 9 2016...

CLIMATE NORMAL PERIOD 1981 TO 2010
CLIMATE RECORD PERIOD 1871 TO 2016


WEATHER ITEM   OBSERVED TIME   RECORD YEAR NORMAL DEPARTURE LAST
                VALUE   (LST)  VALUE       VALUE  FROM      YEAR
                                                  NORMAL
..................................................................
TEMPERATURE (F)
 YESTERDAY
  MAXIMUM         46    144 PM  72    1990  50     -4       59
  MINIMUM         32   1159 PM  -1    1934  30      2       35
  AVERAGE         39                        40     -1       47

PRECIPITATION (IN)
  YESTERDAY        0.04          0.98 1921   0.09  -0.05     0.19
  MONTH TO DATE    1.38                      0.88   0.50     0.66
  SINCE DEC 1     10.62                      7.18   3.44     7.29
  SINCE JAN 1      4.68                      3.92   0.76     4.15

SNOWFALL (IN)
  YESTERDAY        T             4.6  1967   0.2   -0.2
  MONTH TO DATE    T                         1.3   -1.3
  SINCE NOV 1     12.1                       7.5    4.6
  SINCE JUL 1     12.1                       7.5    4.6
  SNOW DEPTH       0

DEGREE DAYS
 HEATING
  YESTERDAY       26                        25      1       18
  MONTH TO DATE  186                       232    -46      226
  SINCE DEC 1   1490                      1817   -327     1723
  SINCE JUL 1   2082                      2493   -411     2393

 COOLING
  YESTERDAY        0                         0      0        0
  MONTH TO DATE    0                         0      0        0
  SINCE DEC 1      8                         1      7        0
  SINCE JAN 1      0                         0      0        0
..................................................................


WIND (MPH)
  HIGHEST WIND SPEED    22   HIGHEST WIND DIRECTION     W (280)
  HIGHEST GUST SPEED    27   HIGHEST GUST DIRECTION     W (270)
  AVERAGE WIND SPEED     8.6


SKY COVER
  POSSIBLE SUNSHINE  MM
  AVERAGE SKY COVER 0.8


WEATHER CONDITIONS
 THE FOLLOWING WEATHER WAS RECORDED YESTERDAY.
  LIGHT RAIN
  SLEET
  FOG


RELATIVE HUMIDITY (PERCENT)
 HIGHEST   100           100 AM
 LOWEST     47           800 PM
 AVERAGE    74

..........................................................


THE RICHMOND VA CLIMATE NORMALS FOR TODAY
                         NORMAL    RECORD    YEAR
 MAXIMUM TEMPERATURE (F)   50        73      1959
 MINIMUM TEMPERATURE (F)   30        -8      1979


SUNRISE AND SUNSET
FEBRUARY 10 2016......SUNRISE   705 AM EST   SUNSET   543 PM EST
FEBRUARY 11 2016......SUNRISE   704 AM EST   SUNSET   544 PM EST


-  INDICATES NEGATIVE NUMBERS.
R  INDICATES RECORD WAS SET OR TIED.
MM INDICATES DATA IS MISSING.
T  INDICATES TRACE AMOUNT.




$$
