000
CDUS41 KAKQ 210845
CLIRIC


CLIMATE REPORT
NATIONAL WEATHER SERVICE WAKEFIELD, VA
345 AM EST SUN DEC 21 2014


...................................

...THE RICHMOND VA CLIMATE SUMMARY FOR DECEMBER 20 2014...

CLIMATE NORMAL PERIOD 1981 TO 2010
CLIMATE RECORD PERIOD 1871 TO 2014


WEATHER ITEM   OBSERVED TIME   RECORD YEAR NORMAL DEPARTURE LAST
                VALUE   (LST)  VALUE       VALUE  FROM      YEAR
                                                  NORMAL
..................................................................
TEMPERATURE (F)
 YESTERDAY
  MAXIMUM         39    415 PM  74    1931  49    -10       66
  MINIMUM         29    439 AM   2    1942  30     -1       41
  AVERAGE         34                        40     -6       54

PRECIPITATION (IN)
  YESTERDAY        0.00          2.10 1957   0.10  -0.10     0.00
  MONTH TO DATE    1.03                      2.16  -1.13     3.49
  SINCE DEC 1      1.03                      2.16  -1.13     3.49
  SINCE JAN 1     33.63                     42.50  -8.87    51.06

SNOWFALL (IN)
  YESTERDAY        0.0           4.5  1942   0.0    0.0
  MONTH TO DATE    0.0                       1.2   -1.2
  SINCE NOV 1      T                         1.4   -1.4
  SINCE JUL 1      T                         1.4   -1.4
  SNOW DEPTH       0

DEGREE DAYS
 HEATING
  YESTERDAY       31                        25      6       11
  MONTH TO DATE  423                       456    -33      441
  SINCE DEC 1    423                       456    -33      441
  SINCE JUL 1   1093                      1132    -39     1081

 COOLING
  YESTERDAY        0                         0      0        0
  MONTH TO DATE    0                         0      0        0
  SINCE DEC 1      0                         0      0        0
  SINCE JAN 1   1679                      1548    131     1678
..................................................................


WIND (MPH)
  HIGHEST WIND SPEED    10   HIGHEST WIND DIRECTION    NE (40)
  HIGHEST GUST SPEED    12   HIGHEST GUST DIRECTION     N (20)
  AVERAGE WIND SPEED     2.2


SKY COVER
  POSSIBLE SUNSHINE  MM
  AVERAGE SKY COVER 0.8


WEATHER CONDITIONS
 THE FOLLOWING WEATHER WAS RECORDED YESTERDAY.
  NO SIGNIFICANT WEATHER WAS OBSERVED.


RELATIVE HUMIDITY (PERCENT)
 HIGHEST    69          1200 AM
 LOWEST     44           200 PM
 AVERAGE    57

..........................................................


THE RICHMOND VA CLIMATE NORMALS FOR TODAY
                         NORMAL    RECORD    YEAR
 MAXIMUM TEMPERATURE (F)   49        73      1956
 MINIMUM TEMPERATURE (F)   30        -1      1942


SUNRISE AND SUNSET
DECEMBER 21 2014......SUNRISE   720 AM EST   SUNSET   455 PM EST
DECEMBER 22 2014......SUNRISE   721 AM EST   SUNSET   455 PM EST


-  INDICATES NEGATIVE NUMBERS.
R  INDICATES RECORD WAS SET OR TIED.
MM INDICATES DATA IS MISSING.
T  INDICATES TRACE AMOUNT.




$$
