000
CDUS41 KAKQ 300526
CLIRIC


CLIMATE REPORT
NATIONAL WEATHER SERVICE WAKEFIELD, VA
126 AM EDT THU JUN 30 2016


...................................

...THE RICHMOND VA CLIMATE SUMMARY FOR JUNE 29 2016...

CLIMATE NORMAL PERIOD 1981 TO 2010
CLIMATE RECORD PERIOD 1871 TO 2016


WEATHER ITEM   OBSERVED TIME   RECORD YEAR NORMAL DEPARTURE LAST
                VALUE   (LST)  VALUE       VALUE  FROM      YEAR
                                                  NORMAL
..................................................................
TEMPERATURE (F)
 YESTERDAY
  MAXIMUM         86    356 PM 103    2012  89     -3       84
  MINIMUM         67    203 AM  53    1970  68     -1       59
  AVERAGE         77                        78     -1       72

PRECIPITATION (IN)
  YESTERDAY        0.52          2.60 1888   0.14   0.38     0.00
  MONTH TO DATE    7.81                      3.80   4.01     5.69
  SINCE JUN 1      7.81                      3.80   4.01     5.69
  SINCE JAN 1     28.44                     20.69   7.75    23.67

SNOWFALL (IN)
  YESTERDAY        0.0           0.0  2002   0.0    0.0
                                      2001
  MONTH TO DATE    0.0                       0.0    0.0
  SINCE NOV 1     15.1                      10.3    4.8
  SINCE JUL 1     15.1                      10.3    4.8
  SNOW DEPTH       0

DEGREE DAYS
 HEATING
  YESTERDAY        0                         0      0        0
  MONTH TO DATE    0                         5     -5        6
  SINCE JUN 1      0                         5     -5        6
  SINCE JUL 1   3325                      3771   -446     3852

 COOLING
  YESTERDAY       12                        14     -2        7
  MONTH TO DATE  286                       302    -16      386
  SINCE JUN 1    286                       302    -16      386
  SINCE JAN 1    395                       463    -68      648
..................................................................


WIND (MPH)
  HIGHEST WIND SPEED    13   HIGHEST WIND DIRECTION     N (350)
  HIGHEST GUST SPEED    18   HIGHEST GUST DIRECTION    NW (330)
  AVERAGE WIND SPEED     5.2


SKY COVER
  POSSIBLE SUNSHINE  MM
  AVERAGE SKY COVER 0.5


WEATHER CONDITIONS
 THE FOLLOWING WEATHER WAS RECORDED YESTERDAY.
  HEAVY RAIN
  RAIN
  LIGHT RAIN
  FOG


RELATIVE HUMIDITY (PERCENT)
 HIGHEST    93           300 AM
 LOWEST     42           400 PM
 AVERAGE    68

..........................................................


THE RICHMOND VA CLIMATE NORMALS FOR TODAY
                         NORMAL    RECORD    YEAR
 MAXIMUM TEMPERATURE (F)   89       103      1936
 MINIMUM TEMPERATURE (F)   68        50      1919


SUNRISE AND SUNSET
JUNE 30 2016..........SUNRISE   552 AM EDT   SUNSET   834 PM EDT
JULY  1 2016..........SUNRISE   552 AM EDT   SUNSET   834 PM EDT


-  INDICATES NEGATIVE NUMBERS.
R  INDICATES RECORD WAS SET OR TIED.
MM INDICATES DATA IS MISSING.
T  INDICATES TRACE AMOUNT.




$$
