000
CDUS41 KAKQ 270538
CLIRIC


CLIMATE REPORT
NATIONAL WEATHER SERVICE WAKEFIELD, VA
137 AM EDT MON APR 27 2015


...................................

...THE RICHMOND VA CLIMATE SUMMARY FOR APRIL 26 2015...

CLIMATE NORMAL PERIOD 1981 TO 2010
CLIMATE RECORD PERIOD 1871 TO 2015


WEATHER ITEM   OBSERVED TIME   RECORD YEAR NORMAL DEPARTURE LAST
                VALUE   (LST)  VALUE       VALUE  FROM      YEAR
                                                  NORMAL
..................................................................
TEMPERATURE (F)
 YESTERDAY
  MAXIMUM         63    318 PM  96    1960  73    -10       80
  MINIMUM         44    607 AM  32    1934  49     -5       52
                                      1919
  AVERAGE         54                        61     -7       66

PRECIPITATION (IN)
  YESTERDAY        0.27          2.60 1978   0.11   0.16     0.00
  MONTH TO DATE    5.33                      2.84   2.49     2.99
  SINCE MAR 1      9.11                      6.88   2.23     6.23
  SINCE JAN 1     16.37                     12.68   3.69    12.54

SNOWFALL (IN)
  YESTERDAY        0.0           0.0  2002   0.0    0.0
  MONTH TO DATE    0.0                       0.1   -0.1
  SINCE NOV 1     12.8                      10.3    2.5
  SINCE JUL 1     12.8                      10.3    2.5
  SNOW DEPTH       0

DEGREE DAYS
 HEATING
  YESTERDAY       11                         5      6        0
  MONTH TO DATE  155                       220    -65      177
  SINCE MAR 1    690                       736    -46      790
  SINCE JUL 1   3792                      3672    120     3743

 COOLING
  YESTERDAY        0                         2     -2        1
  MONTH TO DATE   25                        30     -5       22
  SINCE MAR 1     25                        36    -11       24
  SINCE JAN 1     25                        36    -11       24
..................................................................


WIND (MPH)
  HIGHEST WIND SPEED    14   HIGHEST WIND DIRECTION    NE (50)
  HIGHEST GUST SPEED    15   HIGHEST GUST DIRECTION    NE (40)
  AVERAGE WIND SPEED     6.5


SKY COVER
  POSSIBLE SUNSHINE  MM
  AVERAGE SKY COVER 0.7


WEATHER CONDITIONS
 THE FOLLOWING WEATHER WAS RECORDED YESTERDAY.
  RAIN
  LIGHT RAIN
  FOG


RELATIVE HUMIDITY (PERCENT)
 HIGHEST    92           100 AM
 LOWEST     42           400 PM
 AVERAGE    67

..........................................................


THE RICHMOND VA CLIMATE NORMALS FOR TODAY
                         NORMAL    RECORD    YEAR
 MAXIMUM TEMPERATURE (F)   74        96      1990
                                             1915
 MINIMUM TEMPERATURE (F)   49        31      1976


SUNRISE AND SUNSET
APRIL 27 2015.........SUNRISE   619 AM EDT   SUNSET   755 PM EDT
APRIL 28 2015.........SUNRISE   618 AM EDT   SUNSET   756 PM EDT


-  INDICATES NEGATIVE NUMBERS.
R  INDICATES RECORD WAS SET OR TIED.
MM INDICATES DATA IS MISSING.
T  INDICATES TRACE AMOUNT.




$$
