000
CDUS41 KAKQ 010830
CLIRIC


CLIMATE REPORT
NATIONAL WEATHER SERVICE WAKEFIELD, VA
429 AM EDT MON SEP 1 2014


...................................

...THE RICHMOND VA CLIMATE SUMMARY FOR AUGUST 31 2014...

CLIMATE NORMAL PERIOD 1981 TO 2010
CLIMATE RECORD PERIOD 1871 TO 2014


WEATHER ITEM   OBSERVED TIME   RECORD YEAR NORMAL DEPARTURE LAST
                VALUE   (LST)  VALUE       VALUE  FROM      YEAR
                                                  NORMAL
..................................................................
TEMPERATURE (F)
 YESTERDAY
  MAXIMUM         94    324 PM 102    1953  86      8       90
  MINIMUM         74    626 AM  46    1934  65      9       71
  AVERAGE         84                        76      8       81

PRECIPITATION (IN)
  YESTERDAY        0.00          1.88 1964   0.13  -0.13      T
  MONTH TO DATE    3.61                      4.66  -1.05     7.61
  SINCE JUN 1      9.63                     13.10  -3.47    19.99
  SINCE JAN 1     25.67                     29.99  -4.32    38.87

SNOWFALL (IN)
  YESTERDAY        0.0           0.0  2002   0.0    0.0
                                      2001
  MONTH TO DATE    0.0                       0.0    0.0
  SINCE NOV 1     14.5                      10.3    4.2
  SINCE JUL 1      0.0                       0.0    0.0
  SNOW DEPTH       0

DEGREE DAYS
 HEATING
  YESTERDAY        0                         0      0        0
  MONTH TO DATE    0                         0      0        0
  SINCE JUN 1      0                         8     -8        0
  SINCE JUL 1      0                         1     -1        0

 COOLING
  YESTERDAY       19                        11      8       16
  MONTH TO DATE  358                       388    -30      344
  SINCE JUN 1   1172                      1146     26     1192
  SINCE JAN 1   1380                      1307     73     1405
..................................................................


WIND (MPH)
  HIGHEST WIND SPEED    18   HIGHEST WIND DIRECTION     S (200)
  HIGHEST GUST SPEED    28   HIGHEST GUST DIRECTION     S (200)
  AVERAGE WIND SPEED     8.8


SKY COVER
  POSSIBLE SUNSHINE  MM
  AVERAGE SKY COVER 0.6


WEATHER CONDITIONS
 THE FOLLOWING WEATHER WAS RECORDED YESTERDAY.
  FOG


RELATIVE HUMIDITY (PERCENT)
 HIGHEST    93           400 AM
 LOWEST     46           400 PM
 AVERAGE    70

..........................................................


THE RICHMOND VA CLIMATE NORMALS FOR TODAY
                         NORMAL    RECORD    YEAR
 MAXIMUM TEMPERATURE (F)   86       102      1953
 MINIMUM TEMPERATURE (F)   65        49      1946


SUNRISE AND SUNSET
SEPTEMBER  1 2014.....SUNRISE   640 AM EDT   SUNSET   738 PM EDT
SEPTEMBER  2 2014.....SUNRISE   640 AM EDT   SUNSET   737 PM EDT


-  INDICATES NEGATIVE NUMBERS.
R  INDICATES RECORD WAS SET OR TIED.
MM INDICATES DATA IS MISSING.
T  INDICATES TRACE AMOUNT.




$$
