000
CDUS41 KAKQ 260526
CLIRIC


CLIMATE REPORT
NATIONAL WEATHER SERVICE WAKEFIELD, VA
126 AM EDT MON SEP 26 2016


...................................

...THE RICHMOND VA CLIMATE SUMMARY FOR SEPTEMBER 25 2016...

CLIMATE NORMAL PERIOD 1981 TO 2010
CLIMATE RECORD PERIOD 1871 TO 2016


WEATHER ITEM   OBSERVED TIME   RECORD YEAR NORMAL DEPARTURE LAST
                VALUE   (LST)  VALUE       VALUE  FROM      YEAR
                                                  NORMAL
..................................................................
TEMPERATURE (F)
 YESTERDAY
  MAXIMUM         74    118 PM  95    1930  78     -4       75
  MINIMUM         63   1006 PM  37    1963  56      7       64
  AVERAGE         69                        67      2       70

PRECIPITATION (IN)
  YESTERDAY        0.00          1.66 1947   0.13  -0.13     0.18
  MONTH TO DATE    3.96                      3.51   0.45     2.19
  SINCE SEP 1      3.96                      3.51   0.45     2.19
  SINCE JAN 1     37.40                     33.50   3.90    34.74

SNOWFALL (IN)
  YESTERDAY        0.0           0.0  2002   0.0    0.0
                                      2001
  MONTH TO DATE    0.0                       0.0    0.0
  SINCE NOV 1     15.1                      10.3    4.8
  SINCE JUL 1      0.0                       0.0    0.0
  SNOW DEPTH       0

DEGREE DAYS
 HEATING
  YESTERDAY        0                         2     -2        0
  MONTH TO DATE    0                        14    -14        0
  SINCE SEP 1      0                        14    -14        0
  SINCE JUL 1      0                        15    -15        0

 COOLING
  YESTERDAY        4                         4      0        5
  MONTH TO DATE  255                       180     75      251
  SINCE SEP 1    255                       180     75      251
  SINCE JAN 1   1609                      1487    122     1758
..................................................................


WIND (MPH)
  HIGHEST WIND SPEED    12   HIGHEST WIND DIRECTION    NE (50)
  HIGHEST GUST SPEED    15   HIGHEST GUST DIRECTION    NE (60)
  AVERAGE WIND SPEED     4.9


SKY COVER
  POSSIBLE SUNSHINE  MM
  AVERAGE SKY COVER 0.9


WEATHER CONDITIONS
 THE FOLLOWING WEATHER WAS RECORDED YESTERDAY.
  NO SIGNIFICANT WEATHER WAS OBSERVED.


RELATIVE HUMIDITY (PERCENT)
 HIGHEST    93           600 AM
 LOWEST     61          1200 PM
 AVERAGE    77

..........................................................


THE RICHMOND VA CLIMATE NORMALS FOR TODAY
                         NORMAL    RECORD    YEAR
 MAXIMUM TEMPERATURE (F)   78        96      1930
 MINIMUM TEMPERATURE (F)   56        40      1967


SUNRISE AND SUNSET
SEPTEMBER 26 2016.....SUNRISE   701 AM EDT   SUNSET   659 PM EDT
SEPTEMBER 27 2016.....SUNRISE   702 AM EDT   SUNSET   658 PM EDT


-  INDICATES NEGATIVE NUMBERS.
R  INDICATES RECORD WAS SET OR TIED.
MM INDICATES DATA IS MISSING.
T  INDICATES TRACE AMOUNT.




$$
