000
CDUS41 KAKQ 260637
CLIRIC


CLIMATE REPORT
NATIONAL WEATHER SERVICE WAKEFIELD, VA
136 AM EST SUN FEB 26 2017


...................................

...THE RICHMOND VA CLIMATE SUMMARY FOR FEBRUARY 25 2017...

CLIMATE NORMAL PERIOD 1981 TO 2010
CLIMATE RECORD PERIOD 1871 TO 2017


WEATHER ITEM   OBSERVED TIME   RECORD YEAR NORMAL DEPARTURE LAST
                VALUE   (LST)  VALUE       VALUE  FROM      YEAR
                                                  NORMAL
..................................................................
TEMPERATURE (F)
 YESTERDAY
  MAXIMUM         78    151 PM  83    1930  54     24       57
  MINIMUM         49   1159 PM   8    1914  32     17       42
  AVERAGE         64                        43     21       50

PRECIPITATION (IN)
  YESTERDAY        0.09          1.57 1934   0.11  -0.02      T
  MONTH TO DATE    0.63                      2.46  -1.83     4.35
  SINCE DEC 1      7.72                      8.76  -1.04    13.59
  SINCE JAN 1      4.92                      5.50  -0.58     7.65

SNOWFALL (IN)
  YESTERDAY        0.0           8.0  1934   0.1   -0.1
                                      2003
  MONTH TO DATE    0.0                       3.2   -3.2
  SINCE NOV 1      7.1                       9.4   -2.3
  SINCE JUL 1      7.1                       9.4   -2.3
  SNOW DEPTH       0

DEGREE DAYS
 HEATING
  YESTERDAY        1                        22    -21       15
  MONTH TO DATE  393                       610   -217      610
  SINCE DEC 1   1845                      2195   -350     1914
  SINCE JUL 1   2435                      2871   -436     2506

 COOLING
  YESTERDAY        0                         0      0        0
  MONTH TO DATE    0                         0      0        0
  SINCE DEC 1      0                         1     -1        8
  SINCE JAN 1      0                         0      0        0
..................................................................


WIND (MPH)
  HIGHEST WIND SPEED    29   HIGHEST WIND DIRECTION     S (190)
  HIGHEST GUST SPEED    36   HIGHEST GUST DIRECTION     S (190)
  AVERAGE WIND SPEED    14.5


SKY COVER
  POSSIBLE SUNSHINE  MM
  AVERAGE SKY COVER 0.5


WEATHER CONDITIONS
 THE FOLLOWING WEATHER WAS RECORDED YESTERDAY.
  THUNDERSTORM
  HEAVY RAIN
  RAIN
  LIGHT RAIN


RELATIVE HUMIDITY (PERCENT)
 HIGHEST   100           200 AM
 LOWEST     30          1000 PM
 AVERAGE    65

..........................................................


THE RICHMOND VA CLIMATE NORMALS FOR TODAY
                         NORMAL    RECORD    YEAR
 MAXIMUM TEMPERATURE (F)   54        77      1977
 MINIMUM TEMPERATURE (F)   32        11      1970


SUNRISE AND SUNSET
FEBRUARY 26 2017......SUNRISE   644 AM EST   SUNSET   600 PM EST
FEBRUARY 27 2017......SUNRISE   643 AM EST   SUNSET   601 PM EST


-  INDICATES NEGATIVE NUMBERS.
R  INDICATES RECORD WAS SET OR TIED.
MM INDICATES DATA IS MISSING.
T  INDICATES TRACE AMOUNT.




$$
