000
CDUS41 KAKQ 160645
CLIRIC


CLIMATE REPORT
NATIONAL WEATHER SERVICE WAKEFIELD, VA
145 AM EST MON JAN 16 2017


...................................

...THE RICHMOND VA CLIMATE SUMMARY FOR JANUARY 15 2017...

CLIMATE NORMAL PERIOD 1981 TO 2010
CLIMATE RECORD PERIOD 1871 TO 2017


WEATHER ITEM   OBSERVED TIME   RECORD YEAR NORMAL DEPARTURE LAST
                VALUE   (LST)  VALUE       VALUE  FROM      YEAR
                                                  NORMAL
..................................................................
TEMPERATURE (F)
 YESTERDAY
  MAXIMUM         50    308 PM  75    1952  47      3       53
                                      1928
  MINIMUM         38    741 AM   0    1964  28     10       32
  AVERAGE         44                        38      6       43

PRECIPITATION (IN)
  YESTERDAY        T             1.27 1936   0.10  -0.10     0.60
  MONTH TO DATE    2.29                      1.47   0.82     1.28
  SINCE DEC 1      5.09                      4.73   0.36     7.22
  SINCE JAN 1      2.29                      1.47   0.82     1.28

SNOWFALL (IN)
  YESTERDAY       MM             3.6  1966   0.1   MM
  MONTH TO DATE    7.1                       1.6    5.5
  SINCE NOV 1      7.1                       3.9    3.2
  SINCE JUL 1      7.1                       3.9    3.2
  SNOW DEPTH       0

DEGREE DAYS
 HEATING
  YESTERDAY       21                        27     -6       22
  MONTH TO DATE  404                       405     -1      395
  SINCE DEC 1   1138                      1148    -10      798
  SINCE JUL 1   1728                      1824    -96     1390

 COOLING
  YESTERDAY        0                         0      0        0
  MONTH TO DATE    0                         0      0        0
  SINCE DEC 1      0                         1     -1        8
  SINCE JAN 1      0                         0      0        0
..................................................................


WIND (MPH)
  HIGHEST WIND SPEED    13   HIGHEST WIND DIRECTION     N (360)
  HIGHEST GUST SPEED    18   HIGHEST GUST DIRECTION    NE (40)
  AVERAGE WIND SPEED     5.7


SKY COVER
  POSSIBLE SUNSHINE  MM
  AVERAGE SKY COVER 0.9


WEATHER CONDITIONS
 THE FOLLOWING WEATHER WAS RECORDED YESTERDAY.
  LIGHT RAIN
  FOG


RELATIVE HUMIDITY (PERCENT)
 HIGHEST   100           100 AM
 LOWEST     42           200 PM
 AVERAGE    71

..........................................................


THE RICHMOND VA CLIMATE NORMALS FOR TODAY
                         NORMAL    RECORD    YEAR
 MAXIMUM TEMPERATURE (F)   47        73      1953
 MINIMUM TEMPERATURE (F)   28         3      1977
                                             1972


SUNRISE AND SUNSET
JANUARY 16 2017.......SUNRISE   722 AM EST   SUNSET   516 PM EST
JANUARY 17 2017.......SUNRISE   722 AM EST   SUNSET   517 PM EST


-  INDICATES NEGATIVE NUMBERS.
R  INDICATES RECORD WAS SET OR TIED.
MM INDICATES DATA IS MISSING.
T  INDICATES TRACE AMOUNT.




$$
