000
CDUS41 KAKQ 270531
CLIRIC


CLIMATE REPORT
NATIONAL WEATHER SERVICE WAKEFIELD, VA
130 AM EDT WED MAY 27 2015


...................................

...THE RICHMOND VA CLIMATE SUMMARY FOR MAY 26 2015...

CLIMATE NORMAL PERIOD 1981 TO 2010
CLIMATE RECORD PERIOD 1871 TO 2015


WEATHER ITEM   OBSERVED TIME   RECORD YEAR NORMAL DEPARTURE LAST
                VALUE   (LST)  VALUE       VALUE  FROM      YEAR
                                                  NORMAL
..................................................................
TEMPERATURE (F)
 YESTERDAY
  MAXIMUM         87    357 PM  94    1991  80      7       88
                                      1984
                                      1953
  MINIMUM         63    411 AM  42    1925  58      5       59
  AVERAGE         75                        69      6       74

PRECIPITATION (IN)
  YESTERDAY        0.00          1.93 1945   0.13  -0.13     0.00
  MONTH TO DATE    1.61                      3.13  -1.52     2.09
  SINCE MAR 1     10.72                     10.44   0.28     9.38
  SINCE JAN 1     17.98                     16.24   1.74    15.69

SNOWFALL (IN)
  YESTERDAY        0.0           0.0  2002   0.0    0.0
                                      2001
  MONTH TO DATE    0.0                       0.0    0.0
  SINCE NOV 1     12.8                      10.3    2.5
  SINCE JUL 1     12.8                      10.3    2.5
  SNOW DEPTH       0

DEGREE DAYS
 HEATING
  YESTERDAY        0                         1     -1        0
  MONTH TO DATE   28                        69    -41       19
  SINCE MAR 1    744                       825    -81      826
  SINCE JUL 1   3846                      3761     85     3779

 COOLING
  YESTERDAY       10                         5      5        9
  MONTH TO DATE  165                        86     79      144
  SINCE MAR 1    190                       128     62      173
  SINCE JAN 1    190                       128     62      173
..................................................................


WIND (MPH)
  HIGHEST WIND SPEED    17   HIGHEST WIND DIRECTION     S (200)
  HIGHEST GUST SPEED    25   HIGHEST GUST DIRECTION     S (200)
  AVERAGE WIND SPEED    10.3


SKY COVER
  POSSIBLE SUNSHINE  MM
  AVERAGE SKY COVER 0.5


WEATHER CONDITIONS
 THE FOLLOWING WEATHER WAS RECORDED YESTERDAY.
  NO SIGNIFICANT WEATHER WAS OBSERVED.


RELATIVE HUMIDITY (PERCENT)
 HIGHEST    87           500 AM
 LOWEST     48           300 PM
 AVERAGE    68

..........................................................


THE RICHMOND VA CLIMATE NORMALS FOR TODAY
                         NORMAL    RECORD    YEAR
 MAXIMUM TEMPERATURE (F)   81        97      1941
 MINIMUM TEMPERATURE (F)   59        41      1961


SUNRISE AND SUNSET
MAY 27 2015...........SUNRISE   552 AM EDT   SUNSET   821 PM EDT
MAY 28 2015...........SUNRISE   552 AM EDT   SUNSET   822 PM EDT


-  INDICATES NEGATIVE NUMBERS.
R  INDICATES RECORD WAS SET OR TIED.
MM INDICATES DATA IS MISSING.
T  INDICATES TRACE AMOUNT.




$$
