000
CDUS41 KAKQ 220845
CLIRIC


CLIMATE REPORT
NATIONAL WEATHER SERVICE WAKEFIELD, VA
345 AM EST SAT NOV 22 2014


...................................

...THE RICHMOND VA CLIMATE SUMMARY FOR NOVEMBER 21 2014...

CLIMATE NORMAL PERIOD 1981 TO 2010
CLIMATE RECORD PERIOD 1871 TO 2014


WEATHER ITEM   OBSERVED TIME   RECORD YEAR NORMAL DEPARTURE LAST
                VALUE   (LST)  VALUE       VALUE  FROM      YEAR
                                                  NORMAL
..................................................................
TEMPERATURE (F)
 YESTERDAY
  MAXIMUM         43    316 PM  78    1931  59    -16       59
                                      1900
  MINIMUM         26   1141 PM  18    1951  38    -12       40
  AVERAGE         35                        49    -14       50

PRECIPITATION (IN)
  YESTERDAY        0.00          2.62 1952   0.11  -0.11     0.00
  MONTH TO DATE    1.24                      2.26  -1.02     0.48
  SINCE SEP 1      5.22                      9.37  -4.15     6.12
  SINCE JAN 1     30.89                     39.36  -8.47    44.99

SNOWFALL (IN)
  YESTERDAY        0.0           T    1926   0.0    0.0
  MONTH TO DATE    0.0                       0.1   -0.1
  SINCE NOV 1      0.0                       0.1   -0.1
  SINCE JUL 1      0.0                       0.1   -0.1
  SNOW DEPTH       0

DEGREE DAYS
 HEATING
  YESTERDAY       30                        16     14       15
  MONTH TO DATE  373                       279     94      281
  SINCE SEP 1    508                       511     -3      431
  SINCE JUL 1    508                       512     -4      431

 COOLING
  YESTERDAY        0                         0      0        0
  MONTH TO DATE    0                         0      0        8
  SINCE SEP 1    296                       236     60      273
  SINCE JAN 1   1676                      1543    133     1678
..................................................................


WIND (MPH)
  HIGHEST WIND SPEED    18   HIGHEST WIND DIRECTION    NW (330)
  HIGHEST GUST SPEED    23   HIGHEST GUST DIRECTION    NW (330)
  AVERAGE WIND SPEED     5.2


SKY COVER
  POSSIBLE SUNSHINE  MM
  AVERAGE SKY COVER 0.1


WEATHER CONDITIONS
 THE FOLLOWING WEATHER WAS RECORDED YESTERDAY.
  NO SIGNIFICANT WEATHER WAS OBSERVED.


RELATIVE HUMIDITY (PERCENT)
 HIGHEST    69          1200 AM
 LOWEST     22           100 PM
 AVERAGE    46

..........................................................


THE RICHMOND VA CLIMATE NORMALS FOR TODAY
                         NORMAL    RECORD    YEAR
 MAXIMUM TEMPERATURE (F)   59        77      1931
 MINIMUM TEMPERATURE (F)   38        17      2000


SUNRISE AND SUNSET
NOVEMBER 22 2014......SUNRISE   656 AM EST   SUNSET   454 PM EST
NOVEMBER 23 2014......SUNRISE   657 AM EST   SUNSET   454 PM EST


-  INDICATES NEGATIVE NUMBERS.
R  INDICATES RECORD WAS SET OR TIED.
MM INDICATES DATA IS MISSING.
T  INDICATES TRACE AMOUNT.




$$
