858
CDUS41 KAKQ 120627
CLISBY


CLIMATE REPORT
NATIONAL WEATHER SERVICE WAKEFIELD, VA
127 AM EST FRI FEB 12 2016


...................................

...THE SALISBURY MD CLIMATE SUMMARY FOR FEBRUARY 11 2016...

CLIMATE NORMAL PERIOD 1981 TO 2010
CLIMATE RECORD PERIOD 1900 TO 2016


WEATHER ITEM   OBSERVED TIME   RECORD YEAR NORMAL DEPARTURE LAST
                VALUE   (LST)  VALUE       VALUE  FROM      YEAR
                                                  NORMAL
..................................................................
TEMPERATURE (F)
 YESTERDAY
  MAXIMUM         30    238 PM  74    1932  46    -16       42
  MINIMUM         21   1125 PM   1    1979  28     -7       29
  AVERAGE         26                        37    -11       36

PRECIPITATION (IN)
  YESTERDAY        T             2.48 1994   0.12  -0.12     0.00
  MONTH TO DATE    1.53                      1.31   0.22     0.93
  SINCE DEC 1      9.23                      8.63   0.60     9.52
  SINCE JAN 1      4.74                      4.92  -0.18     5.49

SNOWFALL (IN)
  YESTERDAY        T             5.3  1983   0.1   -0.1
  MONTH TO DATE    2.3                       1.5    0.8
  SINCE NOV 1      9.0                       6.5    2.5
  SINCE JUL 1      9.0                       6.5    2.5
  SNOW DEPTH       0

DEGREE DAYS
 HEATING
  YESTERDAY       39                        28     11       29
  MONTH TO DATE  266                       315    -49      316
  SINCE DEC 1   1577                      2038   -461     1848
  SINCE JUL 1   2224                      2856   -632     2520

 COOLING
  YESTERDAY        0                         0      0        0
  MONTH TO DATE    0                         0      0        0
  SINCE DEC 1      9                         0      9        0
  SINCE JAN 1      0                         0      0        0
..................................................................


WIND (MPH)
  HIGHEST WIND SPEED    25   HIGHEST WIND DIRECTION    NW (320)
  HIGHEST GUST SPEED    35   HIGHEST GUST DIRECTION     W (290)
  AVERAGE WIND SPEED    13.7


SKY COVER
  POSSIBLE SUNSHINE  MM
  AVERAGE SKY COVER 0.2


WEATHER CONDITIONS
 THE FOLLOWING WEATHER WAS RECORDED YESTERDAY.
  LIGHT SNOW


RELATIVE HUMIDITY (PERCENT)
 HIGHEST    68          1200 AM
 LOWEST     34           100 PM
 AVERAGE    51

..........................................................


THE SALISBURY MD CLIMATE NORMALS FOR TODAY
                         NORMAL    RECORD    YEAR
 MAXIMUM TEMPERATURE (F)   46        72      1932
 MINIMUM TEMPERATURE (F)   28         1      1979


SUNRISE AND SUNSET
FEBRUARY 12 2016......SUNRISE   657 AM EST   SUNSET   536 PM EST
FEBRUARY 13 2016......SUNRISE   655 AM EST   SUNSET   538 PM EST


-  INDICATES NEGATIVE NUMBERS.
R  INDICATES RECORD WAS SET OR TIED.
MM INDICATES DATA IS MISSING.
T  INDICATES TRACE AMOUNT.




$$
