000
CDUS41 KAKQ 230545
CLISBY


CLIMATE REPORT
NATIONAL WEATHER SERVICE WAKEFIELD, VA
145 AM EDT THU MAR 23 2017


...................................

...THE SALISBURY MD CLIMATE SUMMARY FOR MARCH 22 2017...

CLIMATE NORMAL PERIOD 1981 TO 2010
CLIMATE RECORD PERIOD 1900 TO 2017


WEATHER ITEM   OBSERVED TIME   RECORD YEAR NORMAL DEPARTURE LAST
                VALUE   (LST)  VALUE       VALUE  FROM      YEAR
                                                  NORMAL
..................................................................
TEMPERATURE (F)
 YESTERDAY
  MAXIMUM         52    551 AM  85    1948  57     -5       58
  MINIMUM         29   1151 PM  16    1988  36     -7       28
  AVERAGE         41                        46     -5       43

PRECIPITATION (IN)
  YESTERDAY        T             1.40 1945   0.15  -0.15     0.00
  MONTH TO DATE    3.61                      3.09   0.52     1.47
  SINCE MAR 1      3.61                      3.09   0.52     1.47
  SINCE JAN 1      8.41                     10.05  -1.64     8.32

SNOWFALL (IN)
  YESTERDAY       MM             3.5  1943   0.0   MM
  MONTH TO DATE    T                         0.7   -0.7
  SINCE NOV 1      9.6                       9.0    0.6
  SINCE JUL 1      9.6                       9.0    0.6
  SNOW DEPTH       0

DEGREE DAYS
 HEATING
  YESTERDAY       24                        19      5       22
  MONTH TO DATE  510                       477     33      368
  SINCE MAR 1    510                       477     33      368
  SINCE JUL 1   3261                      3782   -521     3039

 COOLING
  YESTERDAY        0                         0      0        0
  MONTH TO DATE    2                         0      2        3
  SINCE MAR 1      2                         0      2        3
  SINCE JAN 1      2                         0      2        3
..................................................................


WIND (MPH)
  HIGHEST WIND SPEED    32   HIGHEST WIND DIRECTION     N (340)
  HIGHEST GUST SPEED    39   HIGHEST GUST DIRECTION     N (340)
  AVERAGE WIND SPEED    12.3


SKY COVER
  POSSIBLE SUNSHINE  MM
  AVERAGE SKY COVER 0.3


WEATHER CONDITIONS
 THE FOLLOWING WEATHER WAS RECORDED YESTERDAY.
  LIGHT RAIN


RELATIVE HUMIDITY (PERCENT)
 HIGHEST    92          1200 AM
 LOWEST     21           300 PM
 AVERAGE    57

..........................................................


THE SALISBURY MD CLIMATE NORMALS FOR TODAY
                         NORMAL    RECORD    YEAR
 MAXIMUM TEMPERATURE (F)   57        89      1907
 MINIMUM TEMPERATURE (F)   36        13      1914


SUNRISE AND SUNSET
MARCH 23 2017.........SUNRISE   700 AM EDT   SUNSET   717 PM EDT
MARCH 24 2017.........SUNRISE   659 AM EDT   SUNSET   718 PM EDT


-  INDICATES NEGATIVE NUMBERS.
R  INDICATES RECORD WAS SET OR TIED.
MM INDICATES DATA IS MISSING.
T  INDICATES TRACE AMOUNT.




$$
