141
CDUS41 KAKQ 280545
CLISBY


CLIMATE REPORT
NATIONAL WEATHER SERVICE WAKEFIELD, VA
145 AM EDT FRI APR 28 2017


...................................

...THE SALISBURY MD CLIMATE SUMMARY FOR APRIL 27 2017...

CLIMATE NORMAL PERIOD 1981 TO 2010
CLIMATE RECORD PERIOD 1900 TO 2017


WEATHER ITEM   OBSERVED TIME   RECORD YEAR NORMAL DEPARTURE LAST
                VALUE   (LST)  VALUE       VALUE  FROM      YEAR
                                                  NORMAL
..................................................................
TEMPERATURE (F)
 YESTERDAY
  MAXIMUM         83    334 PM  96    1915  68     15       62
  MINIMUM         53    316 AM  31    1933  46      7       49
  AVERAGE         68                        57     11       56

PRECIPITATION (IN)
  YESTERDAY        0.00          2.24 1980   0.11  -0.11     0.07
  MONTH TO DATE    2.02                      3.25  -1.23     3.38
  SINCE MAR 1      6.65                      7.67  -1.02     5.16
  SINCE JAN 1     11.45                     14.63  -3.18    12.01

SNOWFALL (IN)
  YESTERDAY        0.0           0.0  2002   0.0    0.0
                                      2001
  MONTH TO DATE    0.0                       0.2   -0.2
  SINCE NOV 1      9.6                       9.3    0.3
  SINCE JUL 1      9.6                       9.3    0.3
  SNOW DEPTH       0

DEGREE DAYS
 HEATING
  YESTERDAY        0                         8     -8        9
  MONTH TO DATE  180                       322   -142      324
  SINCE MAR 1    804                       952   -148      768
  SINCE JUL 1   3555                      4257   -702     3439

 COOLING
  YESTERDAY        3                         1      2        0
  MONTH TO DATE   31                        14     17       21
  SINCE MAR 1     33                        16     17       24
  SINCE JAN 1     33                        16     17       24
..................................................................


WIND (MPH)
  HIGHEST WIND SPEED    20   HIGHEST WIND DIRECTION     S (200)
  HIGHEST GUST SPEED    25   HIGHEST GUST DIRECTION     S (200)
  AVERAGE WIND SPEED     7.9


SKY COVER
  POSSIBLE SUNSHINE  MM
  AVERAGE SKY COVER 0.4


WEATHER CONDITIONS
 THE FOLLOWING WEATHER WAS RECORDED YESTERDAY.
  FOG
  FOG W/VISIBILITY <= 1/4 MILE


RELATIVE HUMIDITY (PERCENT)
 HIGHEST   100          1200 AM
 LOWEST     46           300 PM
 AVERAGE    73

..........................................................


THE SALISBURY MD CLIMATE NORMALS FOR TODAY
                         NORMAL    RECORD    YEAR
 MAXIMUM TEMPERATURE (F)   69        91      1957
 MINIMUM TEMPERATURE (F)   47        29      1940


SUNRISE AND SUNSET
APRIL 28 2017.........SUNRISE   609 AM EDT   SUNSET   751 PM EDT
APRIL 29 2017.........SUNRISE   607 AM EDT   SUNSET   752 PM EDT


-  INDICATES NEGATIVE NUMBERS.
R  INDICATES RECORD WAS SET OR TIED.
MM INDICATES DATA IS MISSING.
T  INDICATES TRACE AMOUNT.




$$
