000
CDUS41 KAKQ 300539
CLISBY


CLIMATE REPORT
NATIONAL WEATHER SERVICE WAKEFIELD, VA
139 AM EDT SUN AUG 30 2015


...................................

...THE SALISBURY MD CLIMATE SUMMARY FOR AUGUST 29 2015...

CLIMATE NORMAL PERIOD 1981 TO 2010
CLIMATE RECORD PERIOD 1900 TO 2015


WEATHER ITEM   OBSERVED TIME   RECORD YEAR NORMAL DEPARTURE LAST
                VALUE   (LST)  VALUE       VALUE  FROM      YEAR
                                                  NORMAL
..................................................................
TEMPERATURE (F)
 YESTERDAY
  MAXIMUM         85    240 PM  99    1948  83      2       83
  MINIMUM         56    603 AM  45    1986  64     -8       58
  AVERAGE         71                        73     -2       71

PRECIPITATION (IN)
  YESTERDAY        0.00          1.90 1923   0.11  -0.11     0.00
  MONTH TO DATE    5.66                      4.20   1.46     5.53
  SINCE JUN 1     20.18                     12.29   7.89    11.89
  SINCE JAN 1     37.39                     30.84   6.55    31.60

SNOWFALL (IN)
  YESTERDAY        0.0           0.0  2002   0.0    0.0
                                      2001
  MONTH TO DATE    0.0                       0.0    0.0
  SINCE NOV 1     15.7                       9.3    6.4
  SINCE JUL 1      0.0                       0.0    0.0
  SNOW DEPTH       0

DEGREE DAYS
 HEATING
  YESTERDAY        0                         0      0        0
  MONTH TO DATE    0                         0      0        0
  SINCE JUN 1     15                        20     -5        5
  SINCE JUL 1      0                         1     -1        0

 COOLING
  YESTERDAY        6                         8     -2        6
  MONTH TO DATE  283                       292     -9      278
  SINCE JUN 1    928                       883     45      961
  SINCE JAN 1   1084                       967    117     1096
..................................................................


WIND (MPH)
  HIGHEST WIND SPEED    14   HIGHEST WIND DIRECTION    SE (150)
  HIGHEST GUST SPEED    16   HIGHEST GUST DIRECTION    SE (140)
  AVERAGE WIND SPEED     3.2


SKY COVER
  POSSIBLE SUNSHINE  MM
  AVERAGE SKY COVER 0.1


WEATHER CONDITIONS
 THE FOLLOWING WEATHER WAS RECORDED YESTERDAY.
  NO SIGNIFICANT WEATHER WAS OBSERVED.


RELATIVE HUMIDITY (PERCENT)
 HIGHEST    93           200 AM
 LOWEST     46          1200 PM
 AVERAGE    70

..........................................................


THE SALISBURY MD CLIMATE NORMALS FOR TODAY
                         NORMAL    RECORD    YEAR
 MAXIMUM TEMPERATURE (F)   83        98      1953
 MINIMUM TEMPERATURE (F)   63        45      1986


SUNRISE AND SUNSET
AUGUST 30 2015........SUNRISE   630 AM EDT   SUNSET   735 PM EDT
AUGUST 31 2015........SUNRISE   630 AM EDT   SUNSET   734 PM EDT


-  INDICATES NEGATIVE NUMBERS.
R  INDICATES RECORD WAS SET OR TIED.
MM INDICATES DATA IS MISSING.
T  INDICATES TRACE AMOUNT.




$$
