000
CDUS41 KAKQ 280534
CLISBY


CLIMATE REPORT
NATIONAL WEATHER SERVICE WAKEFIELD, VA
133 AM EDT TUE APR 28 2015


...................................

...THE SALISBURY MD CLIMATE SUMMARY FOR APRIL 27 2015...

CLIMATE NORMAL PERIOD 1981 TO 2010
CLIMATE RECORD PERIOD 1900 TO 2015


WEATHER ITEM   OBSERVED TIME   RECORD YEAR NORMAL DEPARTURE LAST
                VALUE   (LST)  VALUE       VALUE  FROM      YEAR
                                                  NORMAL
..................................................................
TEMPERATURE (F)
 YESTERDAY
  MAXIMUM         61    243 PM  96    1915  68     -7       68
  MINIMUM         35    449 AM  31    1933  46    -11       44
  AVERAGE         48                        57     -9       56

PRECIPITATION (IN)
  YESTERDAY        0.00          2.24 1980   0.11  -0.11     0.10
  MONTH TO DATE    3.62                      3.25   0.37     3.59
  SINCE MAR 1      7.69                      7.67   0.02     8.19
  SINCE JAN 1     15.41                     14.63   0.78    15.41

SNOWFALL (IN)
  YESTERDAY        0.0           0.0  2002   0.0    0.0
                                      2001
  MONTH TO DATE    0.0                       0.2   -0.2
  SINCE NOV 1     15.7                       9.3    6.4
  SINCE JUL 1     15.7                       9.3    6.4
  SNOW DEPTH       0

DEGREE DAYS
 HEATING
  YESTERDAY       17                         8      9        9
  MONTH TO DATE  296                       322    -26      265
  SINCE MAR 1    965                       952     13      954
  SINCE JUL 1   4178                      4257    -79     4094

 COOLING
  YESTERDAY        0                         1     -1        0
  MONTH TO DATE    7                        14     -7       14
  SINCE MAR 1      7                        16     -9       14
  SINCE JAN 1      7                        16     -9       14
..................................................................


WIND (MPH)
  HIGHEST WIND SPEED    20   HIGHEST WIND DIRECTION    NW (320)
  HIGHEST GUST SPEED    26   HIGHEST GUST DIRECTION    NW (320)
  AVERAGE WIND SPEED     7.4


SKY COVER
  POSSIBLE SUNSHINE  MM
  AVERAGE SKY COVER 0.5


WEATHER CONDITIONS
 THE FOLLOWING WEATHER WAS RECORDED YESTERDAY.
  NO SIGNIFICANT WEATHER WAS OBSERVED.


RELATIVE HUMIDITY (PERCENT)
 HIGHEST   100           600 AM
 LOWEST     36          1100 AM
 AVERAGE    68

..........................................................


THE SALISBURY MD CLIMATE NORMALS FOR TODAY
                         NORMAL    RECORD    YEAR
 MAXIMUM TEMPERATURE (F)   69        91      1957
 MINIMUM TEMPERATURE (F)   47        29      1940


SUNRISE AND SUNSET
APRIL 28 2015.........SUNRISE   609 AM EDT   SUNSET   750 PM EDT
APRIL 29 2015.........SUNRISE   608 AM EDT   SUNSET   751 PM EDT


-  INDICATES NEGATIVE NUMBERS.
R  INDICATES RECORD WAS SET OR TIED.
MM INDICATES DATA IS MISSING.
T  INDICATES TRACE AMOUNT.




$$
