000
CDUS41 KAKQ 010528
CLISBY


CLIMATE REPORT
NATIONAL WEATHER SERVICE WAKEFIELD, VA
127 AM EDT FRI JUL 1 2016


...................................

...THE SALISBURY MD CLIMATE SUMMARY FOR JUNE 30 2016...

CLIMATE NORMAL PERIOD 1981 TO 2010
CLIMATE RECORD PERIOD 1900 TO 2016


WEATHER ITEM   OBSERVED TIME   RECORD YEAR NORMAL DEPARTURE LAST
                VALUE   (LST)  VALUE       VALUE  FROM      YEAR
                                                  NORMAL
..................................................................
TEMPERATURE (F)
 YESTERDAY
  MAXIMUM         84    353 PM  99    1934  86     -2       86
  MINIMUM         61    456 AM  46    1919  66     -5       63
  AVERAGE         73                        76     -3       75

PRECIPITATION (IN)
  YESTERDAY        0.00          2.22 1984   0.12  -0.12     0.00
  MONTH TO DATE    6.33                      3.71   2.62     8.26
  SINCE JUN 1      6.33                      3.71   2.62     8.26
  SINCE JAN 1     25.06                     22.26   2.80    25.47

SNOWFALL (IN)
  YESTERDAY        0.0           0.0  2002   0.0    0.0
                                      2001
  MONTH TO DATE    0.0                       0.0    0.0
  SINCE NOV 1     19.8                       9.3   10.5
  SINCE JUL 1     19.8                       9.3   10.5
  SNOW DEPTH       0

DEGREE DAYS
 HEATING
  YESTERDAY        0                         0      0        0
  MONTH TO DATE    1                        18    -17       15
  SINCE JUN 1      1                        19    -18       15
  SINCE JUL 1   3637                      4441   -804     4287

 COOLING
  YESTERDAY        8                        11     -3       10
  MONTH TO DATE  213                       227    -14      285
  SINCE JUN 1    213                       227    -14      285
  SINCE JAN 1    298                       311    -13      441
..................................................................


WIND (MPH)
  HIGHEST WIND SPEED    13   HIGHEST WIND DIRECTION     S (160)
  HIGHEST GUST SPEED    17   HIGHEST GUST DIRECTION     S (170)
  AVERAGE WIND SPEED     3.6


SKY COVER
  POSSIBLE SUNSHINE  MM
  AVERAGE SKY COVER 0.3


WEATHER CONDITIONS
 THE FOLLOWING WEATHER WAS RECORDED YESTERDAY.
  NO SIGNIFICANT WEATHER WAS OBSERVED.


RELATIVE HUMIDITY (PERCENT)
 HIGHEST    97           500 AM
 LOWEST     46          1200 PM
 AVERAGE    72

..........................................................


THE SALISBURY MD CLIMATE NORMALS FOR TODAY
                         NORMAL    RECORD    YEAR
 MAXIMUM TEMPERATURE (F)   86        98      2012
                                             1968
 MINIMUM TEMPERATURE (F)   66        45      1919


SUNRISE AND SUNSET
JULY  1 2016..........SUNRISE   542 AM EDT   SUNSET   829 PM EDT
JULY  2 2016..........SUNRISE   543 AM EDT   SUNSET   829 PM EDT


-  INDICATES NEGATIVE NUMBERS.
R  INDICATES RECORD WAS SET OR TIED.
MM INDICATES DATA IS MISSING.
T  INDICATES TRACE AMOUNT.




$$
