000
CDUS41 KAKQ 260545
CLISBY


CLIMATE REPORT
NATIONAL WEATHER SERVICE WAKEFIELD, VA
145 AM EDT WED JUL 26 2017


...................................

...THE SALISBURY MD CLIMATE SUMMARY FOR JULY 25 2017...

CLIMATE NORMAL PERIOD 1981 TO 2010
CLIMATE RECORD PERIOD 1900 TO 2017


WEATHER ITEM   OBSERVED TIME   RECORD YEAR NORMAL DEPARTURE LAST
                VALUE   (LST)  VALUE       VALUE  FROM      YEAR
                                                  NORMAL
..................................................................
TEMPERATURE (F)
 YESTERDAY
  MAXIMUM         82    426 PM 100    2010  86     -4       95
  MINIMUM         67   1159 PM  55    1947  67      0       77
                                      1909
  AVERAGE         75                        77     -2       86

PRECIPITATION (IN)
  YESTERDAY        0.18          2.03 1975   0.16   0.02     0.00
  MONTH TO DATE    5.55                      3.37   2.18     3.21
  SINCE JUN 1      7.54                      7.08   0.46     9.54
  SINCE JAN 1     24.07                     25.63  -1.56    28.27

SNOWFALL (IN)
  YESTERDAY        0.0           0.0  2002   0.0    0.0
                                      2001
  MONTH TO DATE    0.0                       0.0    0.0
  SINCE NOV 1      9.6                       9.3    0.3
  SINCE JUL 1      0.0                       0.0    0.0
  SNOW DEPTH       0

DEGREE DAYS
 HEATING
  YESTERDAY        0                         0      0        0
  MONTH TO DATE    0                         0      0        0
  SINCE JUN 1     15                        19     -4        1
  SINCE JUL 1      0                         0      0        0

 COOLING
  YESTERDAY       10                        12     -2       21
  MONTH TO DATE  397                       295    102      357
  SINCE JUN 1    675                       522    153      570
  SINCE JAN 1    813                       606    207      655
..................................................................


WIND (MPH)
  HIGHEST WIND SPEED    23   HIGHEST WIND DIRECTION     N (350)
  HIGHEST GUST SPEED    32   HIGHEST GUST DIRECTION     N (350)
  AVERAGE WIND SPEED     6.6


SKY COVER
  POSSIBLE SUNSHINE  MM
  AVERAGE SKY COVER 0.5


WEATHER CONDITIONS
 THE FOLLOWING WEATHER WAS RECORDED YESTERDAY.
  FOG


RELATIVE HUMIDITY (PERCENT)
 HIGHEST   100           500 AM
 LOWEST     54           100 PM
 AVERAGE    77

..........................................................


THE SALISBURY MD CLIMATE NORMALS FOR TODAY
                         NORMAL    RECORD    YEAR
 MAXIMUM TEMPERATURE (F)   86        98      2012
                                             1930
 MINIMUM TEMPERATURE (F)   67        53      1920


SUNRISE AND SUNSET
JULY 26 2017..........SUNRISE   559 AM EDT   SUNSET   817 PM EDT
JULY 27 2017..........SUNRISE   600 AM EDT   SUNSET   816 PM EDT


-  INDICATES NEGATIVE NUMBERS.
R  INDICATES RECORD WAS SET OR TIED.
MM INDICATES DATA IS MISSING.
T  INDICATES TRACE AMOUNT.




$$
