000
CDUS41 KAKQ 270546
CLISBY


CLIMATE REPORT
NATIONAL WEATHER SERVICE WAKEFIELD, VA
145 AM EDT TUE SEP 27 2016


...................................

...THE SALISBURY MD CLIMATE SUMMARY FOR SEPTEMBER 26 2016...

CLIMATE NORMAL PERIOD 1981 TO 2010
CLIMATE RECORD PERIOD 1900 TO 2016


WEATHER ITEM   OBSERVED TIME   RECORD YEAR NORMAL DEPARTURE LAST
                VALUE   (LST)  VALUE       VALUE  FROM      YEAR
                                                  NORMAL
..................................................................
TEMPERATURE (F)
 YESTERDAY
  MAXIMUM         75    148 PM  95    1930  75      0       71
  MINIMUM         50    606 AM  38    1950  54     -4       65
  AVERAGE         63                        64     -1       68

PRECIPITATION (IN)
  YESTERDAY        0.02          2.41 1985   0.13  -0.11     0.01
  MONTH TO DATE    3.40                      3.44  -0.04     1.38
  SINCE SEP 1      3.40                      3.44  -0.04     1.38
  SINCE JAN 1     37.46                     34.51   2.95    38.77

SNOWFALL (IN)
  YESTERDAY        0.0           0.0  2002   0.0    0.0
                                      2001
  MONTH TO DATE    0.0                       0.0    0.0
  SINCE NOV 1     19.8                       9.3   10.5
  SINCE JUL 1      0.0                       0.0    0.0
  SNOW DEPTH       0

DEGREE DAYS
 HEATING
  YESTERDAY        2                         3     -1        0
  MONTH TO DATE    4                        30    -26        3
  SINCE SEP 1      4                        30    -26        3
  SINCE JUL 1      4                        32    -28        3

 COOLING
  YESTERDAY        0                         2     -2        3
  MONTH TO DATE  212                       134     78      185
  SINCE SEP 1    212                       134     78      185
  SINCE JAN 1   1401                      1117    284     1291
..................................................................


WIND (MPH)
  HIGHEST WIND SPEED    16   HIGHEST WIND DIRECTION    SE (120)
  HIGHEST GUST SPEED    20   HIGHEST GUST DIRECTION     E (110)
  AVERAGE WIND SPEED     4.3


SKY COVER
  POSSIBLE SUNSHINE  MM
  AVERAGE SKY COVER 0.4


WEATHER CONDITIONS
 THE FOLLOWING WEATHER WAS RECORDED YESTERDAY.
  LIGHT RAIN
  FOG


RELATIVE HUMIDITY (PERCENT)
 HIGHEST   100          1200 AM
 LOWEST     46          1200 PM
 AVERAGE    73

..........................................................


THE SALISBURY MD CLIMATE NORMALS FOR TODAY
                         NORMAL    RECORD    YEAR
 MAXIMUM TEMPERATURE (F)   75        94      1998
 MINIMUM TEMPERATURE (F)   53        38      2001
                                             1957


SUNRISE AND SUNSET
SEPTEMBER 27 2016.....SUNRISE   655 AM EDT   SUNSET   650 PM EDT
SEPTEMBER 28 2016.....SUNRISE   655 AM EDT   SUNSET   649 PM EDT


-  INDICATES NEGATIVE NUMBERS.
R  INDICATES RECORD WAS SET OR TIED.
MM INDICATES DATA IS MISSING.
T  INDICATES TRACE AMOUNT.




$$
