000
CDUS41 KAKQ 200825
CLISBY


CLIMATE REPORT
NATIONAL WEATHER SERVICE WAKEFIELD, VA
425 AM EDT SUN APR 20 2014


...................................

...THE SALISBURY MD CLIMATE SUMMARY FOR APRIL 19 2014...

CLIMATE NORMAL PERIOD 1981 TO 2010
CLIMATE RECORD PERIOD 1900 TO 2014


WEATHER ITEM   OBSERVED TIME   RECORD YEAR NORMAL DEPARTURE LAST
                VALUE   (LST)  VALUE       VALUE  FROM      YEAR
                                                  NORMAL
..................................................................
TEMPERATURE (F)
 YESTERDAY
  MAXIMUM         67    132 PM  90    1985  66      1       83
  MINIMUM         42    545 AM  29    2001  44     -2       62
  AVERAGE         55                        55      0       73

PRECIPITATION (IN)
  YESTERDAY        0.00          1.63 1943   0.11  -0.11     0.30
  MONTH TO DATE    1.93                      2.39  -0.46     1.84
  SINCE MAR 1      4.50                      6.81  -2.31     6.69
  SINCE JAN 1      8.48                     13.77  -5.29    13.39

SNOWFALL (IN)
  YESTERDAY        0.0           0.0    MM   0.0    0.0
  MONTH TO DATE    0.0                       0.2   -0.2
  SINCE NOV 1     22.5                       9.3   13.2
  SINCE JUL 1     22.5                       9.3   13.2
  SNOW DEPTH       0

DEGREE DAYS
 HEATING
  YESTERDAY       10                        11     -1        0
  MONTH TO DATE  193                       247    -54      155
  SINCE MAR 1    882                       877      5      852
  SINCE JUL 1   4022                      4182   -160     3630

 COOLING
  YESTERDAY        0                         1     -1        8
  MONTH TO DATE   14                         6      8       46
  SINCE MAR 1     14                         8      6       46
  SINCE JAN 1     14                         8      6       46
..................................................................


WIND (MPH)
  HIGHEST WIND SPEED    15   HIGHEST WIND DIRECTION    NE (60)
  HIGHEST GUST SPEED    18   HIGHEST GUST DIRECTION    NE (50)
  AVERAGE WIND SPEED     4.4


SKY COVER
  POSSIBLE SUNSHINE  MM
  AVERAGE SKY COVER 0.0


WEATHER CONDITIONS
 THE FOLLOWING WEATHER WAS RECORDED YESTERDAY.
  NO SIGNIFICANT WEATHER WAS OBSERVED.


RELATIVE HUMIDITY (PERCENT)
 HIGHEST    89           600 AM
 LOWEST     32           500 PM
 AVERAGE    61

..........................................................


THE SALISBURY MD CLIMATE NORMALS FOR TODAY
                         NORMAL    RECORD    YEAR
 MAXIMUM TEMPERATURE (F)   66        92      1985
 MINIMUM TEMPERATURE (F)   44        28      1926


SUNRISE AND SUNSET
APRIL 20 2014.........SUNRISE   619 AM EDT   SUNSET   743 PM EDT
APRIL 21 2014.........SUNRISE   618 AM EDT   SUNSET   744 PM EDT


-  INDICATES NEGATIVE NUMBERS.
R  INDICATES RECORD WAS SET OR TIED.
MM INDICATES DATA IS MISSING.
T  INDICATES TRACE AMOUNT.




$$
