000
CDUS41 KAKQ 261654
CLISBY


CLIMATE REPORT
NATIONAL WEATHER SERVICE WAKEFIELD, VA
1152 AM EST WED NOV 26 2014


...................................

...THE SALISBURY MD CLIMATE SUMMARY FOR NOVEMBER 25 2014...

CLIMATE NORMAL PERIOD 1981 TO 2010
CLIMATE RECORD PERIOD 1900 TO 2014


WEATHER ITEM   OBSERVED TIME   RECORD YEAR NORMAL DEPARTURE LAST
                VALUE   (LST)  VALUE       VALUE  FROM      YEAR
                                                  NORMAL
..................................................................
TEMPERATURE (F)
 YESTERDAY
  MAXIMUM         68    400 AM  75    1973  55     13       40
  MINIMUM         49   1110 PM  17    1970  35     14       23
  AVERAGE         59                        45     14       32

PRECIPITATION (IN)
  YESTERDAY        T             2.15 1950   0.12  -0.12     0.00
  MONTH TO DATE    0.97                      2.82  -1.85     0.43
  SINCE SEP 1      7.07                     10.29  -3.22     4.88
  SINCE JAN 1     27.35                     41.36 -14.01    44.56

SNOWFALL (IN)
  YESTERDAY       MM             3.0  1938   0.0   MM
  MONTH TO DATE    0.0                       0.1   -0.1
  SINCE NOV 1      0.0                       0.1   -0.1
  SINCE JUL 1      0.0                       0.1   -0.1
  SNOW DEPTH       0

DEGREE DAYS
 HEATING
  YESTERDAY        6                        20    -14       33
  MONTH TO DATE  420                       401     19      401
  SINCE SEP 1    553                       712   -159      589
  SINCE JUL 1    553                       714   -161      589

 COOLING
  YESTERDAY        0                         0      0        0
  MONTH TO DATE    4                         0      4        8
  SINCE SEP 1    257                       167     90      265
  SINCE JAN 1   1379                      1150    229     1628
..................................................................


WIND (MPH)
  HIGHEST WIND SPEED    18   HIGHEST WIND DIRECTION     S (200)
  HIGHEST GUST SPEED    23   HIGHEST GUST DIRECTION    SW (210)
  AVERAGE WIND SPEED     7.1


SKY COVER
  POSSIBLE SUNSHINE  MM
  AVERAGE SKY COVER 0.5


WEATHER CONDITIONS
 THE FOLLOWING WEATHER WAS RECORDED YESTERDAY.
  LIGHT RAIN


RELATIVE HUMIDITY (PERCENT)
 HIGHEST    84           700 AM
 LOWEST     42          1200 PM
 AVERAGE    63

..........................................................


THE SALISBURY MD CLIMATE NORMALS FOR TODAY
                         NORMAL    RECORD    YEAR
 MAXIMUM TEMPERATURE (F)   55        74      1946
 MINIMUM TEMPERATURE (F)   35        15      1938


SUNRISE AND SUNSET
NOVEMBER 26 2014......SUNRISE   655 AM EST   SUNSET   443 PM EST
NOVEMBER 27 2014......SUNRISE   656 AM EST   SUNSET   443 PM EST


-  INDICATES NEGATIVE NUMBERS.
R  INDICATES RECORD WAS SET OR TIED.
MM INDICATES DATA IS MISSING.
T  INDICATES TRACE AMOUNT.




$$
