000
CDUS41 KAKQ 270538
CLIWAL


CLIMATE REPORT
NATIONAL WEATHER SERVICE WAKEFIELD, VA
137 AM EDT MON APR 27 2015


...................................

...THE WALLOPS ISLAND VA CLIMATE SUMMARY FOR APRIL 26 2015...

CLIMATE NORMAL PERIOD 1981 TO 2010
CLIMATE RECORD PERIOD 1963 TO 2015


WEATHER ITEM   OBSERVED TIME   RECORD YEAR NORMAL DEPARTURE
                VALUE   (LST)  VALUE       VALUE  FROM
                                                  NORMAL
...............................................................
TEMPERATURE (F)
 YESTERDAY
  MAXIMUM         59    145 PM  93    1990  66     -7
  MINIMUM         42   1043 PM  38    2001  48     -6
  AVERAGE         51                        57     -6

PRECIPITATION (IN)
  YESTERDAY        0.01          2.13        0.09  -0.08
  MONTH TO DATE    3.60                      2.72   0.88
  SINCE MAR 1      6.98                      6.72   0.26
  SINCE JAN 1     14.77                     12.52   2.25

SNOWFALL (IN)
  YESTERDAY        0.0           0.0    MM   0.0    0.0
  MONTH TO DATE    0.0                       0.1   -0.1
  SINCE NOV 1     11.3                       7.9    3.4
  SINCE JUL 1     11.3                       7.9    3.4

DEGREE DAYS
 HEATING
  YESTERDAY       14                                5
  MONTH TO DATE  275                              -37
  SINCE MAR 1    976                               45
  SINCE JUL 1   4306                              295

 COOLING
  YESTERDAY        0                               -1
  MONTH TO DATE    0                               -4
  SINCE MAR 1      0                               -5
  SINCE JAN 1      0                               -5
...............................................................


WIND (MPH)
  HIGHEST WIND SPEED    13   HIGHEST WIND DIRECTION     E (70)
  HIGHEST GUST SPEED    17   HIGHEST GUST DIRECTION    NE (60)
  AVERAGE WIND SPEED     6.5




RELATIVE HUMIDITY (PERCENT)
 HIGHEST    92
 LOWEST     40
 AVERAGE    66

..........................................................


THE WALLOPS ISLAND VA CLIMATE NORMALS FOR TODAY
                         NORMAL    RECORD    YEAR
 MAXIMUM TEMPERATURE (F)   66        89      2009
 MINIMUM TEMPERATURE (F)   48        37      2001


SUNRISE AND SUNSET
APRIL 27 2015.........SUNRISE   611 AM EDT   SUNSET   749 PM EDT
APRIL 28 2015.........SUNRISE   610 AM EDT   SUNSET   750 PM EDT


-  INDICATES NEGATIVE NUMBERS.
R  INDICATES RECORD WAS SET OR TIED.
MM INDICATES DATA IS MISSING.
T  INDICATES TRACE AMOUNT.




$$
