000
CDUS41 KAKQ 240829
CLIWAL


CLIMATE REPORT
NATIONAL WEATHER SERVICE WAKEFIELD, VA
428 AM EDT FRI OCT 24 2014


...................................

...THE WALLOPS ISLAND VA CLIMATE SUMMARY FOR OCTOBER 23 2014...

CLIMATE NORMAL PERIOD 1981 TO 2010
CLIMATE RECORD PERIOD 1963 TO 2014


WEATHER ITEM   OBSERVED TIME   RECORD YEAR NORMAL DEPARTURE
                VALUE   (LST)  VALUE       VALUE  FROM
                                                  NORMAL
...............................................................
TEMPERATURE (F)
 YESTERDAY
  MAXIMUM         62    251 PM  79    2007  66     -4
  MINIMUM         52    432 AM  33    2003  48      4
                                      1997
                                      1976
  AVERAGE         57                        57      0

PRECIPITATION (IN)
  YESTERDAY        T             1.70        0.10  -0.10
  MONTH TO DATE    1.11                      2.32  -1.21
  SINCE SEP 1      5.84                      6.30  -0.46
  SINCE JAN 1     31.43                     33.69  -2.26

SNOWFALL (IN)
  YESTERDAY        0.0           0.0    MM   0.0    0.0
  MONTH TO DATE    0.0                       0.0    0.0
  SINCE NOV 1     13.1                       7.9    5.2
  SINCE JUL 1      0.0                       0.0    0.0

DEGREE DAYS
 HEATING
  YESTERDAY        8                               -1
  MONTH TO DATE   67                              -67
  SINCE SEP 1     72                              -92
  SINCE JUL 1     72                              -93

 COOLING
  YESTERDAY        0                                0
  MONTH TO DATE   36                                8
  SINCE SEP 1    251                               59
  SINCE JAN 1   1348                              156
...............................................................


WIND (MPH)
  HIGHEST WIND SPEED    24   HIGHEST WIND DIRECTION     N (350)
  HIGHEST GUST SPEED    34   HIGHEST GUST DIRECTION     N (350)
  AVERAGE WIND SPEED    13.5




RELATIVE HUMIDITY (PERCENT)
 HIGHEST    89
 LOWEST     60
 AVERAGE    75

..........................................................


THE WALLOPS ISLAND VA CLIMATE NORMALS FOR TODAY
                         NORMAL    RECORD    YEAR
 MAXIMUM TEMPERATURE (F)   66        81      2007
 MINIMUM TEMPERATURE (F)   47        30      1969


SUNRISE AND SUNSET
OCTOBER 24 2014.......SUNRISE   719 AM EDT   SUNSET   612 PM EDT
OCTOBER 25 2014.......SUNRISE   720 AM EDT   SUNSET   611 PM EDT


-  INDICATES NEGATIVE NUMBERS.
R  INDICATES RECORD WAS SET OR TIED.
MM INDICATES DATA IS MISSING.
T  INDICATES TRACE AMOUNT.




$$
