000
CDUS41 KAKQ 200645
CLIWAL


CLIMATE REPORT
NATIONAL WEATHER SERVICE WAKEFIELD, VA
145 AM EST MON FEB 20 2017


...................................

...THE WALLOPS ISLAND VA CLIMATE SUMMARY FOR FEBRUARY 19 2017...

CLIMATE NORMAL PERIOD 1981 TO 2010
CLIMATE RECORD PERIOD 1963 TO 2017


WEATHER ITEM   OBSERVED TIME   RECORD YEAR NORMAL DEPARTURE
                VALUE   (LST)  VALUE       VALUE  FROM
                                                  NORMAL
...............................................................
TEMPERATURE (F)
 YESTERDAY
  MAXIMUM         68    254 PM  69    2014  48     20
  MINIMUM         49    925 PM  10    2015  31     18
  AVERAGE         59                        39     20

PRECIPITATION (IN)
  YESTERDAY        0.00          1.12        0.10  -0.10
  MONTH TO DATE    1.19                      1.81  -0.62
  SINCE DEC 1      9.95                      8.28   1.67
  SINCE JAN 1      5.98                      4.85   1.13

SNOWFALL (IN)
  YESTERDAY        0.0           6.5  1979   0.1   -0.1
  MONTH TO DATE    T                         2.4   -2.4
  SINCE NOV 1     10.1                       6.4    3.7
  SINCE JUL 1     10.1                       6.4    3.7

DEGREE DAYS
 HEATING
  YESTERDAY        6                              -20
  MONTH TO DATE  424                              -90
  SINCE DEC 1   1867                             -287
  SINCE JUL 1   2453                             -405

 COOLING
  YESTERDAY        0                                0
  MONTH TO DATE    0                                0
  SINCE DEC 1      0                                0
  SINCE JAN 1      0                                0
...............................................................


WIND (MPH)
  HIGHEST WIND SPEED    15   HIGHEST WIND DIRECTION    NW (310)
  HIGHEST GUST SPEED    21   HIGHEST GUST DIRECTION    SW (230)
  AVERAGE WIND SPEED     7.5




RELATIVE HUMIDITY (PERCENT)
 HIGHEST    83
 LOWEST     34
 AVERAGE    59

..........................................................


THE WALLOPS ISLAND VA CLIMATE NORMALS FOR TODAY
                         NORMAL    RECORD    YEAR
 MAXIMUM TEMPERATURE (F)   48        69      1991
 MINIMUM TEMPERATURE (F)   31        -1      2015


SUNRISE AND SUNSET
FEBRUARY 20 2017......SUNRISE   645 AM EST   SUNSET   546 PM EST
FEBRUARY 21 2017......SUNRISE   644 AM EST   SUNSET   547 PM EST


-  INDICATES NEGATIVE NUMBERS.
R  INDICATES RECORD WAS SET OR TIED.
MM INDICATES DATA IS MISSING.
T  INDICATES TRACE AMOUNT.




$$
