000
CDUS41 KAKQ 180645
CLIWAL


CLIMATE REPORT
NATIONAL WEATHER SERVICE WAKEFIELD, VA
145 AM EST WED JAN 18 2017


...................................

...THE WALLOPS ISLAND VA CLIMATE SUMMARY FOR JANUARY 17 2017...

CLIMATE NORMAL PERIOD 1981 TO 2010
CLIMATE RECORD PERIOD 1963 TO 2017


WEATHER ITEM   OBSERVED TIME   RECORD YEAR NORMAL DEPARTURE
                VALUE   (LST)  VALUE       VALUE  FROM
                                                  NORMAL
...............................................................
TEMPERATURE (F)
 YESTERDAY
  MAXIMUM         60   1159 PM  64    2012  45     15
  MINIMUM         40    153 AM   0    1982  28     12
  AVERAGE         50                        36     14

PRECIPITATION (IN)
  YESTERDAY        0.01          1.23        0.09  -0.08
  MONTH TO DATE    2.17                      1.68   0.49
  SINCE DEC 1      6.14                      5.11   1.03
  SINCE JAN 1      2.17                      1.68   0.49

SNOWFALL (IN)
  YESTERDAY       MM             5.0  2003   0.0   MM
  MONTH TO DATE   10.1                       0.9    9.2
  SINCE NOV 1     10.1                       2.9    7.2
  SINCE JUL 1     10.1                       2.9    7.2

DEGREE DAYS
 HEATING
  YESTERDAY       15                              -14
  MONTH TO DATE  433                              -51
  SINCE DEC 1   1152                              -90
  SINCE JUL 1   1738                             -208

 COOLING
  YESTERDAY        0                                0
  MONTH TO DATE    0                                0
  SINCE DEC 1      0                                0
  SINCE JAN 1      0                                0
...............................................................


WIND (MPH)
  HIGHEST WIND SPEED    23   HIGHEST WIND DIRECTION    SW (230)
  HIGHEST GUST SPEED    32   HIGHEST GUST DIRECTION    SW (240)
  AVERAGE WIND SPEED     7.9




RELATIVE HUMIDITY (PERCENT)
 HIGHEST   100
 LOWEST     82
 AVERAGE    91

..........................................................


THE WALLOPS ISLAND VA CLIMATE NORMALS FOR TODAY
                         NORMAL    RECORD    YEAR
 MAXIMUM TEMPERATURE (F)   45        68      1990
 MINIMUM TEMPERATURE (F)   28         3      2003


SUNRISE AND SUNSET
JANUARY 18 2017.......SUNRISE   715 AM EST   SUNSET   510 PM EST
JANUARY 19 2017.......SUNRISE   715 AM EST   SUNSET   511 PM EST


-  INDICATES NEGATIVE NUMBERS.
R  INDICATES RECORD WAS SET OR TIED.
MM INDICATES DATA IS MISSING.
T  INDICATES TRACE AMOUNT.




$$
