000
CDUS41 KAKQ 160833
CLIWAL


CLIMATE REPORT
NATIONAL WEATHER SERVICE WAKEFIELD, VA
432 AM EDT WED APR 16 2014


...................................

...THE WALLOPS ISLAND VA CLIMATE SUMMARY FOR APRIL 15 2014...

CLIMATE NORMAL PERIOD 1981 TO 2010
CLIMATE RECORD PERIOD 1963 TO 2014


WEATHER ITEM   OBSERVED TIME   RECORD YEAR NORMAL DEPARTURE
                VALUE   (LST)  VALUE       VALUE  FROM
                                                  NORMAL
...............................................................
TEMPERATURE (F)
 YESTERDAY
  MAXIMUM         64   1132 AM  84    1967  63      1
  MINIMUM         38   1159 PM  34    2008  45     -7
                                      1973
                                      1971
  AVERAGE         51                        54     -3

PRECIPITATION (IN)
  YESTERDAY        0.94          2.44        0.10   0.84
  MONTH TO DATE    2.16                      1.68   0.48
  SINCE MAR 1      5.31                      5.68  -0.37
  SINCE JAN 1     10.88                     11.48  -0.60

SNOWFALL (IN)
  YESTERDAY        0.0           0.0    MM   0.0    0.0
  MONTH TO DATE    0.0                       0.0    0.0
  SINCE NOV 1     13.1                       7.8    5.3
  SINCE JUL 1     13.1                       7.8    5.3

DEGREE DAYS
 HEATING
  YESTERDAY       14                                2
  MONTH TO DATE  138                              -65
  SINCE MAR 1    808                              -14
  SINCE JUL 1   3801                             -101

 COOLING
  YESTERDAY        0                                0
  MONTH TO DATE    0                                0
  SINCE MAR 1      0                               -1
  SINCE JAN 1      0                               -1
...............................................................


WIND (MPH)
  HIGHEST WIND SPEED    30   HIGHEST WIND DIRECTION     N (340)
  HIGHEST GUST SPEED    40   HIGHEST GUST DIRECTION    NW (330)
  AVERAGE WIND SPEED    17.8




RELATIVE HUMIDITY (PERCENT)
 HIGHEST   100
 LOWEST     83
 AVERAGE    92

..........................................................


THE WALLOPS ISLAND VA CLIMATE NORMALS FOR TODAY
                         NORMAL    RECORD    YEAR
 MAXIMUM TEMPERATURE (F)   63        89      1976
 MINIMUM TEMPERATURE (F)   45        32      2008


SUNRISE AND SUNSET
APRIL 16 2014.........SUNRISE   625 AM EDT   SUNSET   739 PM EDT
APRIL 17 2014.........SUNRISE   624 AM EDT   SUNSET   740 PM EDT


-  INDICATES NEGATIVE NUMBERS.
R  INDICATES RECORD WAS SET OR TIED.
MM INDICATES DATA IS MISSING.
T  INDICATES TRACE AMOUNT.




$$
